CREATE TABLE `initiative` (
  `id` int(11) NOT NULL,
  `baseline_id` int(11) NOT NULL,
  `value_lever_id` int(11) NOT NULL,
  `method_id` int(11) NOT NULL,
  `ambiental_impact_id` int(11) NOT NULL,
  `client_id` int(11) NOT NULL,
  `user_id` int(11) NOT NULL,
  `title` varchar(255) COLLATE utf8mb4_unicode_ci NOT NULL,
  `description` varchar(255) COLLATE utf8mb4_unicode_ci DEFAULT NULL,
  `method_description` varchar(255) COLLATE utf8mb4_unicode_ci DEFAULT NULL,
  `replaced_material` varchar(255) COLLATE utf8mb4_unicode_ci DEFAULT NULL,
  `price_increase` varchar(255) COLLATE utf8mb4_unicode_ci DEFAULT NULL,
  `status` varchar(255) COLLATE utf8mb4_unicode_ci NOT NULL,
  `created_at` datetime NOT NULL,
  `updated_at` datetime DEFAULT NULL
) ENGINE=InnoDB DEFAULT CHARSET=utf8mb4 COLLATE=utf8mb4_unicode_ci;

--
-- Despejando dados para a tabela `initiative`
--

INSERT INTO `initiative` (`id`, `baseline_id`, `value_lever_id`, `method_id`, `ambiental_impact_id`, `client_id`, `user_id`, `title`, `description`, `method_description`, `replaced_material`, `price_increase`, `status`, `created_at`, `updated_at`) VALUES
(1, 1, 6, 2, 7, 20, 9, 'RCC - Embalagens de papelão 11 SKUs', 'Desenvolver novo fornecedor de embalagens de papelão com menor preço e menor lead time', 'Identificar no mercado empresa fabricante de caixas de papelão com capacidade de entrega em menor prazo e menor preço', 'Não', 'Sim', 'Completa', '2021-04-28 11:22:21', '2021-07-30 14:42:05'),
(3, 2, 6, 2, 7, 20, 9, 'RCC - Fabricação modelos Bombas Valmet', 'Desenvolver fornecedor dos modelos com viabilidade de desenvolvimento', 'Realizar a negociação através da fundição das peças', 'Sim', 'Não', 'Completa', '2021-04-30 19:12:10', '2021-12-16 19:54:41'),
(4, 1, 2, 1, 7, 20, 9, 'RCC - Placa de Encosto T30 Bronze', 'Identificar outra opção de fornecimento da placa de encosto da T30', 'Reduzir o custo do item, através da compra do item fundido e usinagem', 'Não', 'Sim', 'Ativa', '2021-05-03 14:31:49', '2021-05-03 14:55:31'),
(6, 1, 1, 2, 7, 20, 9, 'RCC - Redução de custos Bombas T30', 'Desenvolver fornecedor de fundição das peças das bombas T30', 'Identificar novas opções de fornecedores de fundição com capacidade para atendimento da demanda da Tylco e atender a oportunidade de negócios da Piracicaba', 'Não', 'Sim', 'Completa', '2021-05-04 18:53:50', '2021-10-26 11:36:05'),
(7, 1, 1, 2, 7, 20, 9, 'RCC - Juntas de papelão hidraulico', 'Reduzir o custo de aquisição e melhorar a confiabilidade de entrega', 'Identificar no mercado opções de fornecedores de juntas de papelão hidraulico', 'Não', 'Sim', 'Completa', '2021-05-05 01:20:40', '2021-07-28 19:51:04'),
(8, 1, 1, 2, 7, 20, 9, 'RCC - Carcaça e Tampa Bombas Valmet', 'Desenvolver fornecedor de fundido das peças para bombas Valmet', 'Identificar fornecedor de fundição com capacidade de atendimento e valor', 'Não', 'Sim', 'Completa', '2021-05-07 18:25:28', '2021-12-16 19:52:41'),
(10, 1, 1, 1, 7, 20, 9, 'RCC - Rolamentos Bombas e Tomadas ISB', 'Desenvolver opção de fabricante de rolamentos 1ª linha opcional', 'Identificar outros fabricantes de rolamentos de 1ª linha', 'Não', 'Sim', 'Completa', '2021-05-10 19:54:43', '2021-07-30 14:44:57'),
(12, 3, 3, 3, 7, 21, 8, 'Projeto 47', 'Aumento em 15% da produção horaria de blocos EM e EMX2', 'Analise critica das ferramentas aplicadas / Visita ao mercado para novas soluções técnicas / Foco no resultado', 'Não', 'Não', 'Rascunho', '2021-05-11 11:27:13', '2021-05-11 11:27:13'),
(13, 3, 3, 1, 7, 21, 8, 'Projeto 50', 'Aumento da capacidade produtiva horaria dos blocos QTN para 50 peças por hora', 'Analise critica das ferramentas e processos / Utilização de novas tecnologias', 'Não', 'Não', 'Rascunho', '2021-05-11 11:32:14', '2021-05-11 11:32:14'),
(14, 1, 1, 3, 3, 21, 8, 'Eliminar a despesa com papelão', 'Devido ausência de caixas corretas para envio de produtos a NIDEC. No inicio de 2020 a Durmetal começou a utilizar folhas de papelão como intercaladores nas caixas de blocos, adquiridos por conta própria', 'Transferir a responsabilidade (custo) para a NIDEC atraves do pagamento a maior (sobrepreço) nos blocos até o envio regular de papelões pela Nidec como sacaria.', 'Não', 'Não', 'Completa', '2021-05-11 11:46:01', '2021-06-17 17:02:39'),
(18, 2, 6, 2, 7, 20, 9, 'RCC - Evitar reajuste Linha Tomada Smart', 'Identificar opção de fundição, visando evitar o reajuste de preços da Fundimax', 'Identificar no mercado fundição com custo acessivel e capacidade de atendimento', 'Não', 'Sim', 'Ativa', '2021-05-24 19:23:04', '2021-05-24 19:37:43'),
(19, 3, 2, 3, 1, 20, 7, 'Redução de tempo de usinagem carcaça T30', 'Através de substituição de ferramentas e ajustes nas velocidades de corte reduzir o tempo de usinagem da carcaça T30 que está em 18 min para 10,25 min', 'Análise do processo de fixação, ferramentas usadas e potenciais de alterações com ferramentas com melhor desempenho. nosso pessoal de processo com suporte do nosso fornecedor .', 'Sim', 'Não', 'Completa', '2021-05-25 10:13:19', '2021-06-17 19:03:23'),
(20, 1, 2, 3, 1, 20, 7, 'Redução do tempo de usinagem 62205085001', 'Baixar tempo de usinagem do item 62205085001 em 75%', 'Através da modificação de ferramentas, alteração de programa e aumento dos dados de corte reduzir o tempo de usinagem de 23,21 minutos para 10,09 minutos', 'Não', 'Não', 'Completa', '2021-05-29 13:00:45', '2021-06-17 19:06:22'),
(21, 3, 2, 3, 1, 20, 7, 'Redução tempo de usinagem carcaça T11', 'Com alteração de máquina, Heller MCP 250 para Mazak F510, alteração das ferramentas e incremento nos dados de corte reduzir o tempo de usinagem médio de 12 minutos para 2:15 minutos ( para maior carcaça T11-33 - 92,64 mm de comprimento).', 'Bechmarking, fornecedor de ferramentas, fabricante da máquina e expertise do processista . Busca de melhores práticas.', 'Não', 'Não', 'Completa', '2021-05-29 14:23:01', '2021-06-17 19:02:55'),
(22, 1, 1, 2, 7, 20, 9, 'RCC - Substituição modelo TF 49', 'Processo de cotação para confecção de novo modelo para flange TF49, devido a sucateamento modelo atual', 'Identificar fundição de alumínio com disponibilidade de fabricação de flange', 'Não', 'Sim', 'Completa', '2021-06-07 19:20:53', '2021-08-13 19:52:39'),
(24, 5, 4, 1, 7, 20, 3, 'Padronização MP', 'Analisar viabilidade de padronizar tarugos de aço para mais de um produto.', 'Avaliar o beneficio de agrupar medidas de tarugos, que atualmente têm diferenças de 1mm, são vários itens de compra que poderiam ser otimizados e assim evitar desperdícios maiores ou compras desnecessárias.', 'Não', 'Não', 'Rascunho', '2021-06-07 21:41:42', '2021-06-07 21:41:42'),
(25, 3, 3, 3, 7, 20, 3, 'Estudo de lote mínimo e múltiplo.', 'Parametrizar lotes de produção, evitando avarias, excesso de setups e estoque.', 'Efetuar um estudo para padronização dos lotes de produção, melhorando a armazenagem, movimentação e apresentação do material.  Evitar setups e produtos em excesso no armazém.', 'Não', 'Não', 'Rascunho', '2021-06-07 21:55:22', '2021-06-07 21:55:22'),
(26, 3, 2, 3, 6, 21, 6, 'Realocar Furadeiras de 4mm', 'Retirar furadeiras de 4mm da operação 20 da linha do eixo e criar novo posto utilizando a mão de obra existente para revezamento. O objetivo é reduzir a fadiga operacional no posto gargalo (proteger a operação gargalo), aumentando em 10% a efic. ciclo.', 'Teoria das restrições (passo 3 e 4), análise detalhada do OEE, histórico de produção.', 'Não', 'Não', 'Completa', '2021-06-09 14:41:19', '2021-08-02 18:58:21'),
(27, 1, 2, 1, 7, 20, 9, 'RCC - Itens em alumínio Alutec', 'Avaliar substituição da liga de aluminio 323 por opção 305 ou 309', 'Avaliado junto com fornecedor atual das peças as opções de ligas de aluminio, visando identificar opção com menor custo e impacto de reajuste', 'Não', 'Sim', 'Completa', '2021-06-15 20:09:05', '2021-08-13 19:56:10'),
(29, 3, 2, 3, 1, 20, 7, 'Redução do tempo de usi carcaça 28000', 'Redução do tempo de usinagem pela reformulação do programa e alteração de ferramentas com maior desempenho.\r\nde : 5 peças por hora pra 11 peças por hora. ( usando somente 1 dispositivo)', 'Alterado sequencia de usinagem e revisão dos dados de corte com alteração das ferramentas:\r\nbarra de desbaste de 2 facas para 5 facas\r\nmandrilhamento - usinado pr romicron e passou para barra de mandrilhar especial\r\nfresa em T de aço rápido para intercamb', 'Sim', 'Sim', 'Ativa', '2021-06-17 11:27:34', '2021-06-17 19:07:21'),
(30, 3, 2, 3, 1, 20, 7, 'Fazer nitretação-redução de camada dura', 'Substituir cementação por nitretação, diminuindo sobremetal para 0,05. Com o processo de nitretação diminuir as diferenças dimensionais e consequentemente diminuir a retirada de sobremetal por meio de retífica.', 'Através da substituição do tratamento térmico conseguir diminuir os tempos de retífica', 'Sim', 'Sim', 'Rascunho', '2021-07-06 12:17:50', '2021-07-06 12:17:50'),
(37, 3, 2, 5, 6, 21, 6, 'Automação Dispositivo Furo de 4mm Eixo', 'Automatizar a a fixação e expulsão do eixo no dispositivo do furo inclinado de 4mm, incorporar esta operação com Operação 20. Necessário implantar sistema de sucção do cavaco, conceito de venturi.', 'Será aplicado cilindro para fixação do eixo durante a furação e expulsão após furação. Será necessário sistema de roldana com mola para garantir que não caia a peça durante o abastecimento manual.', 'Não', 'Não', 'Ativa', '2021-08-02 21:16:19', '2021-08-02 21:16:19'),
(38, 1, 2, 3, 1, 20, 7, 'Melhoria processo de usinagem T30', 'Verificar melhorias no processo de usinagem da Carcaça, Flange, Corpo intermediário e tampa bem como dos processos de usinagem das engrenagens e eixos', 'Análise detalhada das ferramentas e dispositivos', 'Sim', 'Não', 'Rascunho', '2021-08-23 14:30:05', '2021-08-23 14:30:05'),
(39, 3, 3, 3, 1, 17, 4, 'Melhoria Usinagem de Fundidos Bomba P30', '(1) Adequar recursos e processos produtivos para aumentar a eficiência e reduzir lead-time de de produção; (2) Balancear tempos de ciclo e recursos produtivis das carcaças, flanges e tampas a fim de eliminar esperas. (ESPELHO)', '(1) Definir curva ABC e volumes; (2) Análisar críticamente o processo atual; (3) Implantar melhorias no processo de usinagem para reduzir tempo de ciclo; (4) Balancear recursos produtivos para eliminar espera e aumentar nível de serviço.', 'Não', 'Não', 'Rascunho', '2021-08-23 17:16:43', '2021-08-23 17:16:43'),
(40, 1, 4, 1, 7, 20, 9, 'RCC - Desenvolvimento Rolamentos T30', 'Desenvolver opção de fabricante de rolamento para Bomba T30 ROLAMENTO ROLETE F45397.2 INA T30', 'Especificar requisitos de uso do rolamento e definir especificação', 'Sim', 'Sim', 'Completa', '2021-12-07 17:24:39', '2022-02-21 21:18:14'),
(41, 1, 1, 2, 7, 20, 9, 'RCC - Furadeiras Eixo QTN', 'Desenvolver fornecedor e negociar terceirização da  usinagem referente as 4 furadeiras para Eixo QTN', 'Prospectar e identificar empresas de usinagem com disponibilidade de equipamentos e horas para terceirização', 'Sim', 'Não', 'Completa', '2021-12-14 21:04:34', '2022-02-21 21:24:29'),
(42, 2, 1, 2, 7, 20, 9, 'RCC - Usinagem Dispositivos Furadeiras', 'Identificar, desenvolver e negociar a terceirização da usinagem dos dispositivos da Furadeiras Eixo QTN', 'Efetuar a cotação via portal com empresas de usinagem para analise de viabilidade da terceirização', 'Sim', 'Não', 'Completa', '2021-12-14 21:11:20', '2022-03-15 18:25:36'),
(43, 2, 1, 2, 7, 20, 9, 'RCC - Terceirização serviço de retifica', 'Desenvolver opções de fornecedores do serviço de retifica plana', 'Identificar no mercado empresas com serviço de retifica plana', 'Sim', 'Não', 'Completa', '2021-12-20 12:32:56', '2022-02-21 21:05:14'),
(44, 3, 2, 3, 1, 20, 7, 'Melhoria processo usinagem Valmet', '1. Analisar processo atual - ver possibilidade de dividir usinagem torno para Centro de usinagem\r\n2. Verificar melhoria nas ferramentas visando redução de tempo de usinagem\r\n3. peças a serem analisadas  - 1999005002, 1999004002, 1999007001 e 1999004001', 'Por processo dividir as operações e simular a viabilidade.', 'Não', 'Não', 'Rascunho', '2021-12-20 18:51:39', '2021-12-20 18:57:13'),
(45, 1, 2, 1, 1, 17, 4, 'Embalagem de Papelão Produto A [modelo]', 'Reduzir o tamanho da caixa para melhorar aproveitamento de área e redução de material', 'Fazer protótipo de nova caixa de papelão, revisar embalagem interna e fazer teste de armazenamento e transporte para validar solução.', 'Não', 'Sim', 'Rascunho', '2022-01-18 01:20:50', '2022-01-25 01:26:25'),
(46, 1, 6, 2, 7, 17, 38, 'Redução Custos Rolamentos', 'Desenvolver novo fornecedor', 'Pesquisa de mercado', 'Não', 'Não', 'Ativa', '2022-01-25 02:01:29', '2022-02-02 02:25:13'),
(47, 4, 3, 6, 1, 17, 42, 'Redução Consumo Óleo Hidráulico', 'Implantar plano de manutenção periódica e contratar lubrificador', 'Mapear conjunto de maquinas com maior despesa, elaborar plano corretivo e auditorias diárias', 'Sim', 'Não', 'Ativa', '2022-01-25 10:42:59', '2022-01-25 10:48:21'),
(48, 5, 4, 1, 1, 17, 43, 'Nova carcaça fundida X4', 'Desenvolver novo design para carcaça do produto X4. Mais leve e atendendo diversos produtos.', 'Desenhar nova carcaça, teste no sistema de elementos finitos', 'Não', 'Não', 'Completa', '2022-01-25 10:51:28', '2022-01-25 10:58:10'),
(49, 2, 3, 2, 4, 21, 31, 'Custo Evitado - Drive Mitsubishi', 'Viabilizar a recuperação do acionamento Mitsubishi da torre do torno Mazak, após varias tentativas de recuperação por parte do fabricante e de seu declineo do projeto, o mesmo apresentou a cotação de R$15300 para substituição, enviado a outro fornecedor q', 'Melhorar o metodo de avaliação e testes do acionamento através da giga de teste, onde foi possível consertar o drive.', 'Não', 'Não', 'Completa', '2022-01-31 21:30:35', '2022-03-07 18:55:39'),
(50, 5, 4, 1, 1, 19, 10, 'VRG - Alterações de engenharia', 'Redimensionamento de produto e embalagem', 'Análise crítica do produto e embalagem', 'Não', 'Não', 'Rascunho', '2022-02-25 18:31:00', '2022-08-17 18:55:18'),
(51, 4, 2, 3, 7, 21, 8, 'Inclusão da assinatura nas requisições', 'Atualização do formulário e inclusão da requisição do hierárquico do requisitante. Perímetro EPIS/Luvas', 'Atualização da metodologia de requisições', 'Não', 'Não', 'Ativa', '2022-03-02 18:53:31', '2022-03-02 18:53:31'),
(52, 1, 1, 1, 7, 20, 9, 'RCC - Terc. retifica Centerless TF', 'Avaliar oportunidade de terceirizar o serviço de retifica Centerless eliminando o processo de retifica das peças em torno', 'Avaliar oportunidade de terceirizar o serviço de retifica Centerless eliminando o processo de retifica das peças em torno\r\nPreço terceirização: R$ 3,50/pç\r\nPreço processo de retifica em torno: R$ 10,00/pç', 'Não', 'Não', 'Completa', '2022-03-07 20:34:04', '2022-07-21 20:43:22'),
(53, 1, 2, 3, 7, 21, 8, 'Alteraçao de inserto do eixo', 'Alteração do inserto Walter VCMT para Korloy, mais indicado para ferro fundido cinzento - IS1.00.202. Vamos fazer um de para manter o mesmo codigo.', 'Teste pratico com base em recomendações de fornecedores', 'Sim', 'Não', 'Rascunho', '2022-04-04 20:28:22', '2022-04-04 20:33:50'),
(55, 5, 4, 1, 1, 19, 58, 'CRS 355 T', 'Alteração na geometria do produto', 'Análise crítica da construção do produto, eliminado algumas peças e reduzindo o comprimento total do produto, consequentemente, reduzindo material.', 'Não', 'Não', 'Rascunho', '2022-08-30 11:10:59', '2022-08-30 11:10:59'),
(58, 1, 6, 2, 1, 19, 53, 'Embalagem Proteção Maxx', 'Nacionalização da embalagem de proteção interna do Maxx 250 e Maxx 315', 'Envolver a rede local de fornecedores na busca de uma melhor solução.', 'Sim', 'Não', 'Completa', '2022-10-06 17:59:50', '2022-10-07 00:29:52'),
(59, 5, 4, 1, 1, 19, 58, 'Eixos e mancais/rolamentos', 'Redução do diâmetro de eixos e mancais/rolamentos linha Titan LD/LS', 'Análise crítica em relação aos diâmetros dos eixos utilizados. Estudo e cálculos para redução dos diâmetros.', 'Sim', 'Não', 'Completa', '2022-12-06 13:15:40', '2022-12-06 13:15:40'),
(60, 5, 2, 1, 1, 19, 10, 'Revisar Hélice de Resfriamento - LSC/LCF', 'Alterar o a geometria da hélice de resfriamento a fim de eliminar a solda, balanceamento, redução do tempo de fabricação e de montagem.', 'Projetar, fabricar e restar um novo formato de hélice de resfriamento.', 'Sim', 'Não', 'Ativa', '2022-12-12 21:02:48', '2023-01-11 17:15:44');

-- --------------------------------------------------------

--
-- Estrutura para tabela `messenger_messages`
--

CREATE TABLE `messenger_messages` (
  `id` bigint(20) NOT NULL,
  `body` longtext COLLATE utf8mb4_unicode_ci NOT NULL,
  `headers` longtext COLLATE utf8mb4_unicode_ci NOT NULL,
  `queue_name` varchar(190) COLLATE utf8mb4_unicode_ci NOT NULL,
  `created_at` datetime NOT NULL,
  `available_at` datetime NOT NULL,
  `delivered_at` datetime DEFAULT NULL
) ENGINE=InnoDB DEFAULT CHARSET=utf8mb4 COLLATE=utf8mb4_unicode_ci;

-- --------------------------------------------------------

--
-- Estrutura para tabela `method`
--

CREATE TABLE `method` (
  `id` int(11) NOT NULL,
  `name` varchar(255) COLLATE utf8mb4_unicode_ci NOT NULL
) ENGINE=InnoDB DEFAULT CHARSET=utf8mb4 COLLATE=utf8mb4_unicode_ci;

--
-- Despejando dados para a tabela `method`
--

INSERT INTO `method` (`id`, `name`) VALUES
(1, '1. Análise crítica da engenharia do produto (especificação)'),
(2, '2. Análise crítica de fornecedores'),
(3, '3. Análise crítica do processo de fabricação e/ou montagem'),
(4, '4. Pesquisa de mercado'),
(5, '5. Desenvolvimento de nova tecnologia'),
(6, '6. Kaizen (+ eficiência) ');

-- --------------------------------------------------------

--
-- Estrutura para tabela `migration_versions`
--

CREATE TABLE `migration_versions` (
  `version` varchar(14) COLLATE utf8mb4_unicode_ci NOT NULL,
  `executed_at` datetime NOT NULL COMMENT '(DC2Type:datetime_immutable)'
) ENGINE=InnoDB DEFAULT CHARSET=utf8mb4 COLLATE=utf8mb4_unicode_ci;

--
-- Despejando dados para a tabela `migration_versions`
--

INSERT INTO `migration_versions` (`version`, `executed_at`) VALUES
('20210408114438', '2021-04-09 18:26:55'),
('20220204140814', '2022-02-17 20:19:43'),
('20220204141923', '2022-02-17 20:19:51'),
('20220204143251', '2022-02-17 20:19:57'),
('20220204200936', '2022-02-17 20:20:03'),
('20220204204225', '2022-02-17 20:20:08'),
('20220207223446', '2022-02-17 20:20:13'),
('20220208132850', '2022-02-17 20:20:18'),
('20220209112439', '2022-02-17 20:20:22'),
('20220209184858', '2022-02-17 20:20:34'),
('20220210005232', '2022-02-17 20:20:37'),
('20220221111721', '2022-02-21 18:37:13'),
('20220321173230', '2022-03-21 18:06:09');

-- --------------------------------------------------------

--
-- Estrutura para tabela `mokpi`
--

CREATE TABLE `mokpi` (
  `id` int(11) NOT NULL,
  `responsible_id` int(11) NOT NULL,
  `category` varchar(255) COLLATE utf8mb4_unicode_ci NOT NULL,
  `name` varchar(255) COLLATE utf8mb4_unicode_ci NOT NULL,
  `formula` varchar(255) COLLATE utf8mb4_unicode_ci NOT NULL,
  `source` varchar(255) COLLATE utf8mb4_unicode_ci NOT NULL,
  `period` varchar(255) COLLATE utf8mb4_unicode_ci NOT NULL,
  `mensuration` varchar(255) COLLATE utf8mb4_unicode_ci NOT NULL,
  `obj_id` int(11) NOT NULL,
  `created_at` int(11) NOT NULL,
  `status` tinyint(1) NOT NULL,
  `group_key` varchar(255) COLLATE utf8mb4_unicode_ci NOT NULL
) ENGINE=InnoDB DEFAULT CHARSET=utf8mb4 COLLATE=utf8mb4_unicode_ci;

--
-- Despejando dados para a tabela `mokpi`
--

INSERT INTO `mokpi` (`id`, `responsible_id`, `category`, `name`, `formula`, `source`, `period`, `mensuration`, `obj_id`, `created_at`, `status`, `group_key`) VALUES
(2, 8, 'entrega', 'Nível Serviço Logístico', 'NSL= (valor de pedidos expedido do período)/ (valor total de pedidos do período)', 'ERP - Totvs', 'mensal', 'percentual', 3, 2021, 1, '2'),
(3, 21, 'ssma', 'Segurança Industrial', 'SI=(8,8horas*total dias de afastamento/Total de funcionários)', 'RH/Segurança', 'mensal', 'percentual', 5, 2021, 1, '3'),
(4, 44, 'qualidade', 'Scrap', 'Scrap: (R$ valor peças rejeitadas/R$ valor de peças produzidas)', 'ERP/ Estrutura Produto', 'mensal', 'percentual', 4, 2021, 1, '4'),
(5, 6, 'eficiência', 'OEE', '=(horas produzidas *tempo padrão/total de horas disponíveis)', 'Prodwin', 'mensal', 'percentual', 4, 2021, 1, '5'),
(6, 19, 'qualidade', 'Satisfação cliente - Nidec', 'Quality Score Nidec', 'Portal fornecedor Nidec', 'mensal', 'percentual', 2, 2021, 1, '6'),
(7, 19, 'qualidade', 'Satisfação cliente - Bosch', 'PPM= (peças não conformes/peças entregues)*1000000', 'Plataforma Bosch', 'mensal', 'inteiro', 2, 2021, 1, '7'),
(8, 4, 'qualidade', 'Scrap/Rejeito', '%Scrap= [total de rejeito R$/total produzido R$]*100', 'ERP - Programa MATR681', 'mensal', 'percentual', 19, 2022, 1, '8'),
(9, 19, 'qualidade', 'Supplier PPM', 'PPM: (Peças rejeitadas por clientes) / (Peças expedidas) * 1.000.000', 'ERP - Totvs', 'mensal', 'inteiro', 4, 2021, 0, '9'),
(10, 20, 'entrega', 'Absenteísmo', 'Absenteísmo de funcionários diretos: Total de horas faltas) / (Total de horas programadas no mês)', 'RH', 'mensal', 'percentual', 5, 2021, 0, '10'),
(11, 31, 'entrega', 'Máquina parada manutenção', 'Horas de máquina parada (Manutenção Elétrica + Manutenção Mecânica)', 'Prodwin', 'mensal', 'inteiro', 4, 2021, 0, '11'),
(12, 31, 'eficiência', 'Despesas Manutenção', 'DM = (R$ despesa do mês / R$ faturado liquido)', 'ERP - Totvs', 'mensal', 'percentual', 4, 2021, 0, '12'),
(13, 8, 'eficiência', 'Despesas Quebra de Ferramenta', 'DM = (R$ despesa do consumo de ferramenta / R$ Despesa de quebra)', 'ERP - Totvs', 'mensal', 'percentual', 4, 2021, 0, '13'),
(15, 40, 'entrega', 'Nivel Serviço Logistico', 'NSL = Valor de pedidos expedido do período)/ valor total de pedidos do período)', 'ERP - Totvs', 'mensal', 'percentual', 8, 2021, 0, '15'),
(16, 25, 'qualidade', 'Cliente PPM', 'PPM: (Peças rejeitadas por clientes) / (Peças expedidas) * 1.000.000', 'ERP - Totvs', 'mensal', 'inteiro', 9, 2021, 1, '16'),
(17, 45, 'qualidade', 'Scrap', 'Scrap: (R$ peças rejeitadas) / (R$ valor peças produzidas) * 100', 'ERP - Totvs', 'mensal', 'percentual', 9, 2021, 0, '17'),
(18, 40, 'eficiência', 'Giro de Estoque', 'Giro de estoque anual: (Mês corrente, volume de venda CPV*12) / (Média do valor em estoque 3 meses)', 'ERP - Totvs', 'mensal', 'inteiro', 10, 2021, 1, '18'),
(19, 7, 'eficiência', 'OEE', 'OEE: (Horas produzidas * tempo padrão / total de horas disponiveis)', 'Planilha de controle produção', 'mensal', 'percentual', 10, 2021, 1, '19'),
(20, 32, 'entrega', 'Máquina parada manutenção', 'Horas de máquina parada (Manutenção Elétrica + Manutenção Mecânica)', 'Prodwin', 'mensal', 'inteiro', 8, 2021, 0, '20'),
(21, 32, 'eficiência', 'Despesas Manutenção', 'DM = (R$ despesa do mês / R$ faturado liquido)', 'ERP - Totvs', 'mensal', 'percentual', 10, 2021, 0, '21'),
(22, 7, 'eficiência', 'Despesas Quebra de Ferramenta', 'DM = (R$ despesa do consumo de ferramenta / R$ Despesa de quebra)', 'ERP - Totvs', 'mensal', 'percentual', 10, 2021, 0, '22'),
(23, 26, 'ssma', 'Absenteísmo', 'Absenteísmo de funcionários diretos: (Total de horas faltas) / (Total de horas programadas no mês)', 'RH', 'mensal', 'percentual', 11, 2021, 0, '23'),
(24, 27, 'ssma', 'Segurança Industrial', 'Número de dias afastamento por acidente / Total de funcionários * 100', 'RH', 'mensal', 'percentual', 11, 2021, 0, '24'),
(25, 4, 'qualidade', 'Número de clientes ativos', '[Número]', 'Cadastro TQMwork', 'mensal', 'inteiro', 13, 2022, 1, '25'),
(26, 4, 'entrega', 'Número de Ferramentas TQM', '[Número de módulos]', 'TQM toolbox', 'mensal', 'inteiro', 7, 2022, 1, '26'),
(27, 8, 'entrega', 'Nível Serviço Logístico', 'NSL = Valor de pedidos expedido do período)/ valor total de pedidos do período)', 'ERP - Totvs', 'mensal', 'percentual', 3, 2020, 0, '2'),
(28, 8, 'eficiência', 'Faturamento', 'SOP Planejado x SOP alcançado', 'SOP - Protheus', 'mensal', 'moeda', 6, 2021, 1, '28'),
(29, 20, 'ssma', 'Funcionários Diretos', 'Funcionários Diretos', 'RH', 'mensal', 'inteiro', 5, 2021, 0, '29'),
(30, 20, 'ssma', 'Funcionários Indiretos', 'Funcionários Indiretos', 'RH', 'mensal', 'inteiro', 5, 2021, 0, '30'),
(31, 21, 'ssma', 'Número de Acidentes', '[Registro de acidade do período]', 'RH/ Segurança', 'mensal', 'inteiro', 5, 2021, 0, '31'),
(35, 19, 'qualidade', 'Satisfação de clientes Nidec', 'Percentual de satisfação', 'Portal fornecedor Nidec', 'mensal', 'percentual', 2, 2020, 1, '6'),
(36, 19, 'qualidade', 'Satisfação de clientes Bosch', 'PPM: (Peças rejeitadas por clientes) / (Peças expedidas) * 1.000.000', 'Plataforma Bosch', 'mensal', 'inteiro', 2, 2020, 1, '7'),
(37, 44, 'qualidade', 'Scrap', 'Scrap: (R$ peças rejeitadas) / (R$ valor peças produzidas) * 100', 'ERP - Totvs', 'mensal', 'percentual', 4, 2020, 0, '4'),
(38, 19, 'qualidade', 'Supplier PPM', 'PPM: (Peças rejeitadas por clientes) / (Peças expedidas) * 1.000.000', 'Relatorios', 'mensal', 'percentual', 4, 2020, 0, '9'),
(40, 6, 'entrega', 'OEE', '= (Horas produzidas * tempo padrão / total de horas disponiveis)', 'Prodwin', 'mensal', 'percentual', 3, 2020, 0, '5'),
(41, 31, 'eficiência', 'Máquina parada manutenção', 'Horas de máquina parada (Manutenção Elétrica + Manutenção Mecânica)', 'Prodwin', 'mensal', 'inteiro', 3, 2020, 0, '11'),
(42, 31, 'eficiência', 'Despesas Manutenção', 'DM = (R$ despesa do mês / R$ faturado liquido)', 'ERP - Totvs', 'mensal', 'inteiro', 6, 2020, 0, '12'),
(43, 8, 'eficiência', 'Despesas Quebra de Ferramenta', 'DM = (R$ despesa do consumo de ferramenta / R$ Despesa de quebra)', 'ERP - Totvs', 'mensal', 'inteiro', 6, 2020, 0, '13'),
(44, 20, 'eficiência', 'Absenteísmo', 'Absenteísmo de funcionários diretos: (Total de horas faltas) / (Total de horas programadas no mês)', 'RH', 'mensal', 'percentual', 3, 2020, 0, '10'),
(45, 21, 'ssma', 'Segurança Industrial', 'SI=(8,8horas*total dias de afastamento/Total de funcionários)', 'RH/Segurança', 'mensal', 'percentual', 6, 2020, 0, '3'),
(46, 8, 'entrega', 'Nível Serviço Logístico', 'NSL= (valor de pedidos expedido do período)/ (valor total de pedidos do período)', 'ERP - Totvs', 'mensal', 'percentual', 3, 2022, 1, '2'),
(47, 14, 'entrega', 'Faturamento R$', 'Faturamento Líquido em R$', 'Totvs - Faturamento por Vendedor', 'mensal', 'moeda', 8, 2021, 1, '12ab'),
(48, 9, 'entrega', 'Faturamento Tylco', 'Faturamento Líquido em R$', 'Totvs - Faturamento por Vendedor', 'mensal', 'moeda', 8, 2022, 1, '12ab'),
(49, 14, 'entrega', 'Vendas R$', 'Valor líquido de vendas R$', 'Totvs - Pedidos de vendas', 'mensal', 'moeda', 8, 2021, 1, '21ab'),
(50, 14, 'entrega', 'Vendas Tylco', 'Valor líquido de vendas R$', 'Totvs - Pedidos de vendas', 'mensal', 'moeda', 8, 2022, 1, '21ab'),
(51, 21, 'ssma', 'Segurança Industrial', 'SI=(8,8horas*total dias de afastamento/Total de funcionários)', 'RH/Segurança', 'mensal', 'percentual', 5, 2022, 1, '3'),
(52, 44, 'qualidade', 'Scrap', 'Scrap: (Total de peças refugadas no intervalo, dividido pelo total de peças produzida no intervalo (total de peças com qualidade + total de refugos) ) x 100%', 'ERP/ Estrutura Produto', 'mensal', 'percentual', 4, 2022, 1, '4'),
(53, 19, 'qualidade', 'Satisfação cliente - Nidec', 'Quality Score Nidec', 'Portal fornecedor Nidec', 'mensal', 'percentual', 2, 2022, 1, '6'),
(54, 6, 'eficiência', 'OEE', '=(horas produzidas *tempo padrão/total de horas disponíveis)', 'Prodwin', 'mensal', 'percentual', 4, 2022, 1, '5'),
(55, 19, 'qualidade', 'Satisfação cliente - Bosch', 'PPM= (peças não conformes/peças entregues)*1000000', 'Plataforma Bosch', 'mensal', 'inteiro', 2, 2022, 1, '7'),
(56, 19, 'qualidade', 'Supplier PPM', 'PPM: (Peças rejeitadas por clientes) / (Peças expedidas) * 1.000.000', 'ERP - Totvs', 'mensal', 'inteiro', 4, 2022, 0, '9'),
(57, 20, 'entrega', 'Absenteísmo', 'Absenteísmo de funcionários diretos: Total de horas faltas) / (Total de horas programadas no mês)', 'RH', 'mensal', 'percentual', 5, 2022, 0, '10'),
(59, 31, 'eficiência', 'Despesas Manutenção', 'DM = (R$ despesa do mês / R$ faturado liquido)', 'ERP - Totvs', 'mensal', 'percentual', 4, 2022, 0, '12'),
(60, 8, 'eficiência', 'Despesas Quebra de Ferramenta', 'DM = (R$ despesa do consumo de ferramenta / R$ Despesa de quebra)', 'ERP - Totvs', 'mensal', 'percentual', 4, 2022, 0, '13'),
(61, 8, 'eficiência', 'Faturamento ROL', 'SOP Planejado x SOP alcançado', 'SOP - Protheus', 'mensal', 'moeda', 6, 2022, 1, '28'),
(62, 20, 'ssma', 'Funcionários Diretos', 'Funcionários Diretos', 'RH', 'mensal', 'inteiro', 5, 2022, 0, '29'),
(63, 20, 'ssma', 'Funcionários Indiretos', 'Funcionários Indiretos', 'RH', 'mensal', 'inteiro', 5, 2022, 0, '30'),
(64, 21, 'ssma', 'Número de Acidentes', '[Registro de acidade do período]', 'RH/ Segurança', 'mensal', 'inteiro', 5, 2022, 0, '31'),
(65, 38, 'entrega', 'Nível de Serviço Logistico', 'NSL= [pedidos entregues do período]/[total de pedidos a ser entregue no período]', 'ERP Totvs - Programa MATR681', 'mensal', 'percentual', 20, 2022, 1, '121212'),
(66, 38, 'qualidade', 'Nível de Serviço de Entregas', 'NSE= [Entregas realizadas/entregas planejadas]*100', 'ERP - Programa 123', 'mensal', 'percentual', 20, 2022, 1, '0001'),
(68, 53, 'entrega', 'OTD', '[entrega planejada/entrega realizada]*100', 'ERP - KAP Mentor', 'mensal', 'percentual', 18, 2022, 1, '20220225'),
(69, 55, 'ssma', 'Nível de segurança de trabalho', 'numero de dias de acidentes de trabalho', 'Acidentes com afastamento', 'mensal', 'inteiro', 17, 2022, 0, '622113da36410'),
(70, 51, 'eficiência', 'Faturamento', 'Valor planejado x valor realizado', 'Menthor', 'mensal', 'moeda', 16, 2022, 0, '622114821ff29'),
(71, 51, 'eficiência', 'DRE Lucratividade', 'Margem de lucro de 15%', 'DRE', 'mensal', 'percentual', 16, 2022, 0, '6221156c897ff'),
(72, 40, 'entrega', 'Nivel Serviço Logistico', 'NSL = Valor de pedidos expedido do período)/ valor total de pedidos do período)', 'ERP - Totvs', 'mensal', 'percentual', 8, 2022, 0, '15'),
(75, 25, 'qualidade', 'Cliente PPM', 'PPM: (Peças rejeitadas por clientes) / (Peças expedidas) * 1.000.000', 'ERP - Totvs', 'mensal', 'inteiro', 9, 2022, 1, '16'),
(76, 45, 'qualidade', 'Scrap', 'Scrap: (R$ peças rejeitadas) / (R$ valor peças produzidas) * 100', 'ERP - Totvs', 'mensal', 'percentual', 9, 2022, 0, '17'),
(77, 40, 'eficiência', 'Giro de Estoque', 'Giro de estoque anual: (Mês corrente, volume de venda CPV*12) / (Média do valor em estoque 3 meses)', 'ERP - Totvs', 'mensal', 'inteiro', 10, 2022, 1, '18'),
(78, 7, 'eficiência', 'OEE', 'OEE: (Horas produzidas * tempo padrão / total de horas disponiveis)', 'Planilha de controle produção', 'mensal', 'percentual', 10, 2022, 1, '19'),
(79, 32, 'entrega', 'Máquina parada manutenção', 'Horas de máquina parada (Manutenção Elétrica + Manutenção Mecânica)', 'Prodwin', 'mensal', 'inteiro', 8, 2022, 0, '20'),
(80, 32, 'eficiência', 'Despesas Manutenção', 'DM = (R$ despesa do mês / R$ faturado liquido)', 'ERP - Totvs', 'mensal', 'percentual', 10, 2022, 0, '21'),
(82, 7, 'eficiência', 'Despesas Quebra de Ferramenta', 'DM = (R$ despesa do consumo de ferramenta / R$ Despesa de quebra)', 'ERP - Totvs', 'mensal', 'moeda', 10, 2022, 1, '22'),
(83, 26, 'ssma', 'Absenteísmo', 'Absenteísmo de funcionários diretos: (Total de horas faltas) / (Total de horas programadas no mês)', 'RH', 'mensal', 'percentual', 11, 2022, 0, '23'),
(84, 27, 'ssma', 'Segurança Industrial', 'Número de dias afastamento por acidente / Total de funcionários * 100', 'RH', 'mensal', 'percentual', 11, 2022, 0, '24'),
(85, 54, 'entrega', 'Produtividade Fábrica de Titans', 'Data entrada da OS Titans x  Data faturamento planejado', 'Siproge', 'mensal', 'percentual', 18, 2022, 1, '6233ae68da7d8'),
(86, 54, 'entrega', 'Produtividade Fábrica de Tubos', 'relatório de produtividade em horas', 'Siproge', 'mensal', 'percentual', 18, 2022, 1, '6233af9f7b4c2'),
(88, 54, 'entrega', 'Produtividade Fábrica de Leves', 'relatório de produtividade em horas', 'Siproge', 'mensal', 'percentual', 18, 2022, 1, '6233b16032824'),
(89, 8, 'eficiência', '% Ferramentas Kromi sobre Fat. Liquido', 'Custo Kromi (KTC+OTC)/Fat. liquido', 'Protheus e portal Kromi', 'mensal', 'percentual', 6, 2021, 0, '20220100'),
(90, 8, 'eficiência', '% Ferramentas Kromi sobre Fat. Liquido', 'Custo Kromi (KTC+OTC)/Fat. liquido', 'Protheus e portal Kromi', 'mensal', 'percentual', 6, 2022, 0, '20220100'),
(91, 26, 'ssma', 'Funcionários Diretos', 'Quantidade de funcionários', 'RH', 'mensal', 'inteiro', 11, 2021, 0, '01072021'),
(92, 26, 'ssma', 'Funcionários Diretos', 'Quantidade de funcionários', 'RH', 'mensal', 'inteiro', 11, 2022, 0, '01072022'),
(93, 26, 'ssma', 'Funcionários Indiretos', 'Total de funcionários', 'RH', 'mensal', 'inteiro', 11, 2021, 0, '30062021'),
(94, 26, 'ssma', 'Funcionários Indiretos', 'Total de funcionários', 'RH', 'mensal', 'inteiro', 11, 2022, 0, '30062022'),
(95, 98, 'qualidade', 'Devoluções Clientes (PPM)', '(Qtd.pçs devolvidas/Qtd pçs produzidas)*10^6', 'ERP', 'mensal', 'inteiro', 21, 2022, 0, '20220913'),
(96, 98, 'entrega', 'Nível serviço de entrega', '(pedido entregues do período R$/total de pedidos R$ do período)*100', 'ERP', 'mensal', 'percentual', 21, 2022, 1, '20220913-2'),
(97, 60, 'qualidade', 'PPM Fornecedor', '( Qtd. Pçs NC do período/Qtd. Pçs  Recebidas do período) x 10^6', 'ERP MENTHORLL', 'mensal', 'inteiro', 18, 2022, 0, '20221010-for'),
(98, 60, 'qualidade', 'PPM Cliente', '( Qtd. Produtos NC do período/Qtd. Produtos enviados no período) x 10^6', 'ADM Comercial', 'mensal', 'inteiro', 18, 2022, 0, '20221010-cli'),
(99, 60, 'qualidade', 'PPM Interno', '( Qtd. Pçs NC do período/Qtd. Pçs  Produzidas no período) x 10^6', 'Inspeções Interna; Menthorll', 'mensal', 'inteiro', 18, 2022, 0, '20221010-int'),
(101, 31, 'entrega', 'Disponibilidade de Máquina Global Durmetal (Pelo Calendário)', 'Disponibilidade (%) = (MTBF/(MTBF*MTTR))*100', 'Ordem de Serviço', 'mensal', 'percentual', 4, 2022, 0, '63930c07bc8a1'),
(102, 44, 'qualidade', 'Scrap', 'Scrap: (Total de peças refugadas no intervalo, dividido pelo total de peças produzida no intervalo (total de peças com qualidade + total de refugos) ) x 100%', 'ERP/ Estrutura Produto', 'mensal', 'percentual', 4, 2023, 1, '4'),
(103, 8, 'eficiência', 'Despesas Quebra de Ferramenta', 'DM = (R$ despesa do consumo de ferramenta / R$ Despesa de quebra)', 'ERP - Totvs', 'mensal', 'percentual', 4, 2023, 0, '13'),
(104, 8, 'entrega', 'Nível Serviço Logístico', 'NSL= (valor de pedidos expedido do período)/ (valor total de pedidos do período)', 'ERP - Totvs', 'mensal', 'percentual', 3, 2023, 1, '2'),
(105, 21, 'ssma', 'Segurança Industrial', 'SI=(8,8horas*total dias de afastamento/Total de funcionários)', 'RH/Segurança', 'mensal', 'percentual', 5, 2023, 1, '3'),
(106, 19, 'qualidade', 'Satisfação cliente - Nidec', 'Quality Score Nidec', 'Portal fornecedor Nidec', 'mensal', 'percentual', 2, 2023, 1, '6'),
(107, 6, 'eficiência', 'OEE', '=(horas produzidas *tempo padrão/total de horas disponíveis)', 'Prodwin', 'mensal', 'percentual', 4, 2023, 1, '5'),
(108, 19, 'qualidade', 'Satisfação cliente - Bosch', 'PPM= (peças não conformes/peças entregues)*1000000', 'Plataforma Bosch', 'mensal', 'inteiro', 2, 2023, 1, '7'),
(109, 19, 'qualidade', 'Supplier PPM', 'PPM: (Peças rejeitadas por clientes) / (Peças expedidas) * 1.000.000', 'ERP - Totvs', 'mensal', 'inteiro', 4, 2023, 0, '9'),
(110, 20, 'entrega', 'Absenteísmo', 'Absenteísmo de funcionários diretos: Total de horas faltas) / (Total de horas programadas no mês)', 'RH', 'mensal', 'percentual', 5, 2023, 0, '10'),
(111, 31, 'eficiência', 'Despesas Manutenção', 'DM = (R$ despesa do mês / R$ faturado liquido)', 'ERP - Totvs', 'mensal', 'percentual', 4, 2023, 0, '12'),
(112, 8, 'eficiência', 'Faturamento ROL', 'SOP Planejado x SOP alcançado', 'SOP - Protheus', 'mensal', 'moeda', 6, 2023, 1, '28'),
(113, 20, 'ssma', 'Funcionários Diretos', 'Funcionários Diretos', 'RH', 'mensal', 'inteiro', 5, 2023, 0, '29'),
(114, 20, 'ssma', 'Funcionários Indiretos', 'Funcionários Indiretos', 'RH', 'mensal', 'inteiro', 5, 2023, 0, '30'),
(115, 21, 'ssma', 'Número de Acidentes', '[Registro de acidade do período]', 'RH/ Segurança', 'mensal', 'inteiro', 5, 2023, 0, '31'),
(116, 8, 'eficiência', '% Ferramentas Kromi sobre Fat. Liquido', 'Custo Kromi (KTC+OTC)/Fat. liquido', 'Protheus e portal Kromi', 'mensal', 'percentual', 6, 2023, 0, '20220100'),
(117, 31, 'entrega', 'Disponibilidade de Máquina Global Durmetal (Pelo Calendário)', 'Disponibilidade (%) = (MTBF/(MTBF*MTTR))*100', 'Ordem de Serviço', 'mensal', 'percentual', 4, 2023, 0, '63930c07bc8a1'),
(118, 60, 'qualidade', 'PPM Cliente', '( Qtd. Produtos NC do período/Qtd. Produtos enviados no período) x 10^6', 'ADM Comercial', 'mensal', 'inteiro', 18, 2023, 1, '20221010-cli'),
(119, 60, 'qualidade', 'PPM Fornecedor', '( Qtd. Pçs NC do período/Qtd. Pçs  Recebidas do período) x 10^6', 'ERP MENTHORLL', 'mensal', 'inteiro', 18, 2023, 0, '20221010-for');

-- --------------------------------------------------------

--
-- Estrutura para tabela `mokpi_values`
--

CREATE TABLE `mokpi_values` (
  `id` int(11) NOT NULL,
  `mokpi_id` int(11) NOT NULL,
  `type` int(11) NOT NULL,
  `month` int(11) NOT NULL,
  `value` decimal(18,2) NOT NULL
) ENGINE=InnoDB DEFAULT CHARSET=utf8mb4 COLLATE=utf8mb4_unicode_ci;

--
-- Despejando dados para a tabela `mokpi_values`
--

INSERT INTO `mokpi_values` (`id`, `mokpi_id`, `type`, `month`, `value`) VALUES
(1, 2, 0, 12, 95.00),
(2, 2, 1, 12, 20.00),
(3, 2, 0, 10, 95.00),
(4, 2, 0, 9, 95.00),
(5, 2, 0, 11, 95.00),
(6, 2, 0, 14, 95.00),
(7, 2, 0, 1, 95.00),
(8, 2, 0, 2, 95.00),
(9, 2, 0, 3, 95.00),
(10, 2, 0, 4, 95.00),
(11, 2, 0, 5, 95.00),
(12, 2, 0, 6, 95.00),
(13, 2, 0, 7, 95.00),
(14, 2, 0, 8, 95.00),
(15, 3, 1, 1, 0.00),
(16, 3, 1, 2, 0.00),
(17, 3, 1, 3, 0.00),
(18, 3, 1, 4, 0.00),
(19, 3, 1, 5, 0.00),
(20, 3, 1, 6, 0.00),
(21, 3, 1, 7, 0.00),
(22, 3, 1, 8, 0.00),
(23, 3, 1, 9, 0.10),
(24, 3, 1, 10, 0.00),
(25, 3, 1, 11, 0.00),
(26, 3, 1, 12, 0.00),
(27, 2, 1, 1, 50.00),
(28, 2, 1, 2, 43.00),
(29, 4, 0, 1, 1.70),
(30, 4, 0, 2, 1.70),
(31, 4, 1, 1, 1.28),
(32, 5, 0, 1, 78.00),
(33, 5, 1, 1, 69.58),
(34, 5, 0, 2, 78.00),
(35, 5, 1, 2, 65.00),
(36, 6, 1, 1, 90.00),
(37, 2, 1, 3, 29.00),
(38, 2, 1, 4, 6.00),
(39, 2, 1, 5, 32.00),
(40, 2, 1, 6, 27.00),
(41, 2, 1, 7, 17.00),
(42, 2, 1, 8, 32.00),
(43, 2, 1, 9, 71.00),
(44, 2, 1, 10, 35.00),
(45, 2, 1, 11, 62.00),
(46, 2, 1, 14, 82.00),
(47, 4, 0, 3, 1.70),
(48, 4, 0, 4, 1.70),
(49, 4, 0, 5, 1.70),
(50, 4, 0, 6, 1.70),
(51, 4, 0, 7, 1.50),
(52, 4, 0, 8, 1.50),
(53, 4, 0, 9, 1.50),
(54, 4, 0, 10, 1.50),
(55, 4, 0, 11, 1.50),
(56, 4, 0, 12, 1.50),
(57, 4, 1, 2, 1.66),
(58, 4, 1, 3, 1.35),
(59, 4, 1, 4, 1.56),
(60, 4, 1, 5, 1.88),
(61, 4, 1, 6, 1.42),
(62, 4, 1, 7, 1.66),
(63, 4, 1, 8, 1.56),
(64, 4, 1, 9, 0.90),
(65, 4, 1, 10, 1.73),
(66, 4, 1, 11, 2.07),
(67, 4, 1, 12, 2.19),
(68, 3, 0, 12, 0.00),
(69, 6, 0, 1, 95.00),
(70, 6, 0, 2, 95.00),
(71, 6, 0, 3, 95.00),
(72, 6, 0, 4, 95.00),
(73, 6, 0, 5, 95.00),
(74, 6, 0, 6, 95.00),
(75, 6, 0, 7, 95.00),
(76, 6, 0, 8, 95.00),
(77, 6, 0, 9, 95.00),
(78, 6, 0, 10, 95.00),
(79, 6, 0, 11, 95.00),
(80, 6, 0, 12, 95.00),
(81, 6, 1, 2, 90.00),
(82, 6, 1, 3, 100.00),
(83, 6, 1, 4, 100.00),
(84, 6, 1, 5, 70.00),
(85, 6, 1, 6, 80.00),
(86, 6, 1, 7, 100.00),
(87, 9, 0, 1, 7.50),
(88, 9, 0, 2, 7.50),
(89, 9, 0, 3, 7.50),
(90, 9, 0, 4, 7.50),
(91, 9, 0, 5, 7.50),
(92, 9, 0, 6, 7.50),
(93, 9, 0, 7, 7.50),
(94, 9, 0, 8, 7.50),
(95, 9, 0, 9, 7.50),
(96, 9, 0, 10, 7.50),
(97, 9, 0, 11, 7.50),
(98, 9, 0, 12, 7.50),
(99, 9, 1, 1, 72569.00),
(100, 9, 1, 2, 29669.00),
(101, 9, 1, 3, 26873.00),
(102, 9, 1, 4, 11781.00),
(103, 9, 1, 5, 7662.00),
(104, 9, 1, 6, 8021.00),
(105, 10, 0, 1, 3.00),
(106, 10, 0, 2, 3.00),
(107, 10, 0, 3, 3.00),
(108, 10, 0, 4, 3.00),
(109, 10, 0, 5, 3.00),
(110, 10, 0, 6, 3.00),
(111, 10, 0, 7, 3.00),
(112, 10, 0, 8, 3.00),
(113, 10, 0, 9, 3.00),
(114, 10, 0, 10, 3.00),
(115, 10, 0, 11, 3.00),
(116, 10, 0, 12, 3.00),
(117, 10, 1, 1, 7.53),
(118, 10, 1, 2, 6.95),
(119, 10, 1, 3, 7.21),
(120, 10, 1, 4, 13.34),
(121, 10, 1, 5, 9.03),
(122, 10, 1, 6, 7.97),
(123, 10, 1, 7, 8.30),
(124, 5, 0, 3, 78.00),
(125, 5, 0, 4, 78.00),
(126, 5, 0, 5, 78.00),
(127, 5, 0, 6, 78.00),
(128, 5, 0, 7, 78.00),
(129, 5, 0, 8, 78.00),
(130, 5, 0, 9, 78.00),
(131, 5, 0, 10, 78.00),
(132, 5, 0, 11, 78.00),
(133, 5, 0, 12, 73.00),
(134, 5, 1, 3, 65.00),
(135, 5, 1, 4, 61.15),
(136, 5, 1, 5, 70.93),
(137, 5, 1, 6, 71.32),
(138, 5, 1, 7, 70.04),
(139, 7, 0, 1, 113.00),
(140, 7, 0, 2, 113.00),
(141, 7, 0, 3, 113.00),
(142, 7, 0, 4, 113.00),
(143, 7, 0, 5, 113.00),
(144, 7, 0, 6, 113.00),
(145, 7, 0, 7, 113.00),
(146, 7, 0, 8, 113.00),
(147, 7, 0, 9, 113.00),
(148, 7, 0, 10, 113.00),
(149, 7, 0, 11, 113.00),
(150, 7, 1, 3, 4271.00),
(151, 7, 1, 5, 223.00),
(152, 7, 1, 6, 11406.00),
(153, 7, 1, 7, 0.00),
(154, 7, 1, 8, 3659.00),
(155, 7, 1, 9, 0.00),
(156, 7, 1, 10, 89.00),
(157, 7, 1, 11, 0.00),
(158, 7, 1, 12, 76.00),
(159, 9, 1, 7, 17406.00),
(160, 9, 1, 8, 5192.00),
(161, 9, 1, 9, 22731.00),
(162, 9, 1, 10, 20063.00),
(163, 9, 1, 11, 6967.00),
(164, 9, 1, 12, 12272.00),
(165, 10, 1, 8, 5.70),
(166, 10, 1, 9, 8.20),
(167, 10, 1, 10, 8.73),
(168, 10, 1, 11, 8.31),
(169, 10, 1, 12, 7.54),
(170, 11, 0, 1, 500.00),
(171, 11, 0, 2, 500.00),
(172, 11, 0, 3, 500.00),
(173, 11, 0, 4, 500.00),
(174, 11, 0, 5, 500.00),
(175, 11, 0, 6, 500.00),
(176, 11, 0, 7, 500.00),
(177, 11, 0, 8, 500.00),
(178, 11, 0, 9, 500.00),
(179, 11, 0, 10, 500.00),
(180, 11, 0, 11, 500.00),
(181, 11, 0, 12, 500.00),
(182, 11, 1, 1, 553.00),
(183, 11, 1, 2, 189.00),
(184, 11, 1, 3, 167.00),
(185, 11, 1, 4, 1066.00),
(186, 11, 1, 5, 1152.00),
(187, 11, 1, 6, 1032.00),
(188, 11, 1, 7, 698.00),
(189, 11, 1, 8, 1440.00),
(190, 11, 1, 9, 888.00),
(191, 11, 1, 10, 505.00),
(192, 11, 1, 11, 1086.25),
(193, 11, 1, 12, 984.54),
(194, 12, 0, 1, 2.00),
(195, 12, 0, 2, 2.00),
(196, 12, 0, 3, 2.00),
(197, 12, 0, 4, 2.00),
(198, 12, 0, 5, 2.00),
(199, 12, 0, 6, 2.00),
(200, 12, 0, 7, 2.00),
(201, 12, 0, 8, 2.00),
(202, 12, 0, 9, 2.00),
(203, 12, 0, 10, 2.00),
(204, 12, 0, 11, 2.00),
(205, 12, 0, 12, 2.00),
(206, 12, 1, 1, 3.20),
(207, 12, 1, 2, 6.00),
(208, 12, 1, 3, 5.20),
(209, 12, 1, 4, 5.60),
(210, 12, 1, 5, 3.70),
(211, 12, 1, 6, 5.70),
(212, 12, 1, 7, 5.70),
(213, 12, 1, 8, 2.30),
(214, 12, 1, 9, 2.80),
(215, 12, 1, 10, 2.90),
(216, 12, 1, 11, 2.30),
(217, 12, 1, 12, 2.60),
(218, 13, 0, 1, 7.00),
(219, 13, 0, 2, 7.00),
(220, 13, 0, 3, 7.00),
(221, 13, 0, 4, 7.00),
(222, 13, 0, 5, 7.00),
(223, 13, 0, 6, 7.00),
(224, 13, 0, 7, 7.00),
(225, 13, 0, 8, 7.00),
(226, 13, 0, 9, 7.00),
(227, 13, 0, 10, 7.00),
(228, 13, 0, 11, 7.00),
(229, 13, 0, 12, 7.00),
(230, 13, 1, 1, 10.54),
(231, 13, 1, 2, 8.68),
(232, 13, 1, 3, 10.35),
(233, 13, 1, 4, 14.45),
(234, 13, 1, 5, 13.27),
(235, 13, 1, 6, 12.94),
(236, 13, 1, 7, 13.39),
(237, 13, 1, 8, 17.46),
(238, 13, 1, 9, 12.87),
(239, 13, 1, 10, 22.72),
(240, 13, 1, 11, 18.74),
(241, 13, 1, 12, 21.67),
(242, 3, 0, 1, 0.00),
(243, 3, 0, 2, 0.00),
(244, 3, 0, 3, 0.00),
(245, 3, 0, 4, 0.00),
(246, 3, 0, 5, 0.00),
(247, 3, 0, 6, 0.00),
(248, 3, 0, 7, 0.00),
(249, 3, 0, 8, 0.00),
(250, 3, 0, 9, 0.00),
(251, 3, 0, 10, 0.00),
(252, 3, 0, 11, 0.00),
(253, 15, 0, 1, 94.00),
(254, 15, 0, 2, 95.00),
(255, 15, 0, 3, 95.00),
(256, 15, 0, 4, 95.00),
(257, 15, 0, 5, 95.00),
(258, 15, 0, 6, 95.00),
(259, 15, 0, 7, 95.00),
(260, 15, 0, 8, 95.00),
(261, 15, 0, 9, 95.00),
(262, 15, 0, 10, 95.00),
(263, 15, 0, 11, 95.00),
(264, 15, 0, 12, 95.00),
(265, 15, 1, 1, 7.00),
(266, 15, 1, 2, 9.00),
(267, 15, 1, 3, 7.00),
(268, 15, 1, 4, 6.00),
(269, 15, 1, 5, 6.00),
(270, 16, 0, 1, 5000.00),
(271, 16, 0, 2, 5000.00),
(272, 16, 0, 3, 5000.00),
(273, 16, 0, 4, 5000.00),
(274, 16, 0, 5, 5000.00),
(275, 16, 0, 6, 5000.00),
(276, 16, 0, 7, 5000.00),
(277, 16, 0, 8, 5000.00),
(278, 16, 0, 9, 5000.00),
(279, 16, 0, 10, 5000.00),
(280, 16, 0, 11, 5000.00),
(281, 16, 0, 12, 5000.00),
(282, 16, 1, 1, 521.00),
(283, 16, 1, 2, 6035.00),
(284, 16, 1, 3, 6843.00),
(285, 16, 1, 4, 4055.00),
(286, 16, 1, 5, 821.00),
(287, 17, 0, 1, 1.50),
(288, 17, 0, 2, 1.50),
(289, 17, 0, 3, 1.50),
(290, 17, 0, 4, 1.50),
(291, 17, 0, 5, 1.50),
(292, 17, 0, 6, 1.50),
(293, 17, 0, 7, 1.50),
(294, 17, 0, 8, 1.50),
(295, 17, 0, 9, 1.50),
(296, 17, 0, 10, 1.50),
(297, 17, 0, 11, 1.50),
(298, 17, 0, 12, 1.50),
(299, 17, 1, 1, 1.47),
(300, 17, 1, 2, 1.01),
(301, 17, 1, 3, 2.42),
(302, 17, 1, 4, 1.86),
(303, 17, 1, 5, 1.30),
(304, 18, 0, 1, 8.00),
(305, 18, 0, 2, 8.00),
(306, 18, 0, 3, 8.00),
(307, 18, 0, 4, 8.00),
(308, 18, 0, 5, 8.00),
(309, 18, 0, 6, 8.00),
(310, 18, 0, 7, 8.00),
(311, 18, 0, 8, 8.00),
(312, 18, 0, 9, 8.00),
(313, 18, 0, 10, 8.00),
(314, 18, 0, 11, 8.00),
(315, 18, 0, 12, 8.00),
(316, 19, 0, 1, 40.00),
(317, 19, 0, 2, 40.00),
(318, 19, 0, 3, 40.00),
(319, 19, 0, 4, 40.00),
(320, 19, 0, 5, 40.00),
(321, 19, 0, 6, 40.00),
(322, 19, 0, 7, 40.00),
(323, 19, 0, 8, 40.00),
(324, 19, 0, 9, 40.00),
(325, 19, 0, 10, 40.00),
(326, 19, 0, 11, 40.00),
(327, 19, 0, 12, 40.00),
(328, 19, 1, 1, 22.50),
(329, 19, 1, 2, 31.50),
(330, 19, 1, 3, 41.50),
(331, 19, 1, 4, 38.60),
(332, 19, 1, 5, 38.10),
(333, 20, 0, 1, 200.00),
(334, 20, 0, 2, 200.00),
(335, 20, 0, 3, 200.00),
(336, 20, 0, 4, 200.00),
(337, 20, 0, 5, 200.00),
(338, 20, 0, 6, 200.00),
(339, 20, 0, 7, 200.00),
(340, 20, 0, 8, 200.00),
(341, 20, 0, 9, 200.00),
(342, 20, 0, 10, 200.00),
(343, 20, 0, 11, 200.00),
(344, 20, 0, 12, 200.00),
(345, 21, 0, 1, 2.00),
(346, 21, 0, 2, 2.00),
(347, 21, 0, 3, 2.00),
(348, 21, 0, 4, 2.00),
(349, 21, 0, 5, 2.00),
(350, 21, 0, 6, 2.00),
(351, 21, 0, 7, 2.00),
(352, 21, 0, 8, 2.00),
(353, 21, 0, 9, 2.00),
(354, 21, 0, 10, 2.00),
(355, 21, 0, 11, 2.00),
(356, 21, 0, 12, 2.00),
(357, 22, 0, 1, 7.00),
(358, 22, 0, 2, 7.00),
(359, 22, 0, 3, 7.00),
(360, 22, 0, 4, 7.00),
(361, 22, 0, 5, 7.00),
(362, 22, 0, 6, 7.00),
(363, 22, 0, 7, 7.00),
(364, 22, 0, 8, 7.00),
(365, 22, 0, 9, 7.00),
(366, 22, 0, 10, 7.00),
(367, 22, 0, 11, 7.00),
(368, 22, 0, 12, 7.00),
(369, 23, 0, 1, 2.00),
(370, 23, 0, 2, 2.00),
(371, 23, 0, 3, 2.00),
(372, 23, 0, 4, 2.00),
(373, 23, 0, 5, 2.00),
(374, 23, 0, 6, 2.00),
(375, 23, 0, 7, 2.00),
(376, 23, 0, 8, 2.00),
(377, 23, 0, 9, 2.00),
(378, 23, 0, 10, 2.00),
(379, 23, 0, 11, 2.00),
(380, 23, 0, 12, 2.00),
(381, 24, 0, 1, 0.00),
(382, 24, 0, 2, 0.00),
(383, 24, 0, 3, 0.00),
(384, 24, 0, 4, 0.00),
(385, 24, 0, 5, 0.00),
(386, 24, 0, 6, 0.00),
(387, 24, 0, 7, 0.00),
(388, 24, 0, 8, 0.00),
(389, 24, 0, 9, 0.00),
(390, 24, 0, 10, 0.00),
(391, 24, 0, 11, 0.00),
(392, 24, 0, 12, 0.00),
(393, 15, 1, 6, 5.00),
(394, 5, 1, 12, 62.79),
(395, 8, 0, 2, 2.50),
(396, 3, 0, 14, 0.00),
(397, 3, 1, 14, 0.46),
(398, 4, 0, 14, 1.70),
(399, 4, 1, 14, 2.91),
(400, 5, 0, 14, 85.00),
(401, 5, 1, 14, 69.45),
(402, 6, 0, 14, 95.00),
(403, 6, 1, 14, 88.00),
(404, 7, 0, 14, 113.00),
(405, 7, 1, 14, 6096.00),
(406, 9, 0, 14, 7.50),
(407, 9, 1, 14, 0.00),
(408, 10, 0, 14, 3.00),
(409, 10, 1, 14, 4.41),
(410, 11, 0, 14, 500.00),
(411, 11, 1, 14, 1180.00),
(412, 12, 0, 14, 2.00),
(413, 12, 1, 14, 2.72),
(414, 13, 0, 14, 7.00),
(415, 13, 1, 14, 11.74),
(416, 27, 0, 1, 95.00),
(417, 27, 0, 2, 95.00),
(418, 27, 0, 3, 95.00),
(419, 27, 0, 4, 95.00),
(420, 27, 0, 5, 95.00),
(421, 27, 0, 6, 95.00),
(422, 27, 0, 7, 95.00),
(423, 27, 0, 8, 95.00),
(424, 27, 0, 9, 95.00),
(425, 27, 0, 10, 95.00),
(426, 27, 0, 11, 95.00),
(427, 27, 0, 12, 95.00),
(428, 27, 1, 1, 67.00),
(429, 27, 1, 2, 75.00),
(430, 27, 1, 3, 84.00),
(431, 27, 1, 4, 90.00),
(432, 27, 1, 5, 56.00),
(433, 27, 1, 6, 81.00),
(434, 27, 1, 7, 100.00),
(435, 27, 1, 8, 90.00),
(436, 27, 1, 9, 90.00),
(437, 27, 1, 10, 86.00),
(438, 27, 1, 11, 78.00),
(439, 27, 1, 12, 72.00),
(440, 27, 0, 14, 95.00),
(441, 27, 1, 14, 85.00),
(442, 28, 0, 1, 1564213.26),
(443, 28, 0, 2, 1620785.47),
(444, 28, 0, 3, 1692372.00),
(445, 28, 0, 4, 1606724.35),
(446, 28, 0, 5, 1875334.49),
(447, 28, 0, 6, 1930366.72),
(448, 28, 0, 7, 2178078.69),
(449, 28, 1, 1, 1479382.26),
(450, 28, 1, 2, 1696001.23),
(451, 28, 1, 3, 1723217.22),
(452, 28, 1, 4, 1606724.35),
(453, 28, 1, 5, 1875334.49),
(454, 28, 1, 6, 1930366.72),
(455, 28, 1, 7, 2178078.69),
(456, 29, 0, 1, 0.00),
(457, 29, 0, 2, 0.00),
(458, 29, 0, 3, 0.00),
(459, 29, 0, 4, 0.00),
(460, 29, 0, 5, 0.00),
(461, 29, 0, 6, 0.00),
(462, 29, 0, 7, 0.00),
(463, 29, 1, 1, 104.00),
(464, 29, 1, 2, 111.00),
(465, 29, 1, 3, 118.00),
(466, 29, 1, 4, 133.00),
(467, 29, 1, 5, 144.00),
(468, 29, 1, 6, 144.00),
(469, 29, 1, 7, 143.00),
(470, 18, 1, 7, 4.60),
(471, 18, 1, 8, 5.90),
(472, 18, 0, 14, 8.00),
(473, 18, 1, 14, 5.20),
(474, 24, 1, 8, 0.59),
(475, 5, 1, 8, 69.29),
(476, 6, 1, 8, 60.00),
(477, 29, 1, 8, 144.00),
(478, 30, 1, 1, 40.00),
(479, 30, 1, 2, 40.00),
(480, 30, 1, 3, 40.00),
(481, 30, 1, 4, 42.00),
(482, 30, 1, 5, 45.00),
(483, 30, 1, 6, 44.00),
(484, 30, 1, 7, 44.00),
(485, 30, 1, 8, 44.00),
(486, 18, 1, 9, 6.20),
(487, 19, 1, 6, 39.10),
(488, 19, 1, 7, 41.80),
(489, 19, 1, 8, 45.50),
(490, 19, 1, 9, 46.50),
(491, 16, 1, 6, 878.35),
(492, 16, 1, 7, 3448.28),
(493, 16, 1, 8, 815.00),
(494, 16, 1, 9, 2140.00),
(495, 29, 1, 9, 155.00),
(496, 30, 1, 9, 45.00),
(497, 5, 1, 9, 70.19),
(498, 6, 1, 9, 100.00),
(499, 31, 1, 9, 1.00),
(500, 15, 0, 14, 95.00),
(501, 15, 1, 7, 4.00),
(502, 15, 1, 8, 5.00),
(503, 15, 1, 9, 5.00),
(504, 28, 1, 8, 2098595.33),
(505, 28, 0, 8, 2098595.33),
(506, 28, 0, 9, 1994811.84),
(507, 28, 1, 9, 1994811.84),
(508, 28, 0, 10, 2009186.54),
(509, 28, 1, 10, 2009186.54),
(510, 31, 1, 14, 0.00),
(511, 6, 1, 10, 90.00),
(512, 16, 1, 10, 5500.98),
(513, 19, 1, 10, 46.60),
(514, 18, 1, 10, 5.60),
(515, 5, 1, 10, 71.50),
(516, 29, 1, 10, 157.00),
(517, 30, 1, 10, 43.00),
(518, 28, 0, 11, 2110000.00),
(520, 5, 1, 11, 68.02),
(521, 24, 1, 10, 2.12),
(522, 26, 1, 1, 5.00),
(523, 26, 1, 2, 5.00),
(524, 35, 0, 1, 95.00),
(525, 35, 0, 2, 95.00),
(526, 35, 0, 3, 95.00),
(527, 35, 0, 4, 95.00),
(528, 35, 0, 5, 95.00),
(529, 35, 0, 6, 95.00),
(530, 35, 0, 7, 95.00),
(531, 35, 0, 8, 95.00),
(532, 35, 0, 9, 95.00),
(533, 35, 0, 10, 95.00),
(534, 35, 0, 11, 95.00),
(535, 35, 0, 12, 95.00),
(536, 35, 1, 1, 70.00),
(537, 35, 1, 2, 100.00),
(538, 35, 1, 3, 80.00),
(539, 35, 1, 4, 80.00),
(540, 35, 1, 5, 60.00),
(541, 35, 1, 6, 85.00),
(542, 35, 1, 7, 100.00),
(543, 35, 1, 8, 85.00),
(544, 35, 1, 9, 90.00),
(545, 35, 1, 10, 100.00),
(546, 35, 1, 11, 100.00),
(547, 35, 1, 12, 100.00),
(548, 36, 0, 1, 113.00),
(549, 36, 0, 2, 113.00),
(550, 36, 0, 3, 113.00),
(551, 36, 0, 4, 113.00),
(552, 36, 0, 5, 113.00),
(553, 36, 0, 6, 113.00),
(554, 36, 0, 7, 113.00),
(555, 36, 0, 8, 113.00),
(556, 36, 0, 9, 113.00),
(557, 36, 0, 10, 113.00),
(558, 36, 0, 11, 113.00),
(559, 36, 0, 12, 113.00),
(560, 36, 1, 6, 26594.00),
(561, 36, 1, 8, 15383.00),
(562, 36, 1, 12, 697.76),
(563, 37, 0, 1, 1.50),
(564, 37, 0, 2, 1.90),
(565, 37, 0, 3, 1.90),
(566, 37, 0, 4, 1.90),
(567, 37, 0, 5, 1.90),
(568, 37, 0, 6, 1.90),
(569, 37, 0, 7, 1.70),
(570, 37, 0, 8, 1.70),
(571, 37, 0, 9, 1.70),
(572, 37, 0, 10, 1.70),
(573, 37, 0, 11, 1.70),
(574, 37, 0, 12, 1.70),
(575, 37, 1, 1, 2.65),
(576, 37, 1, 2, 3.17),
(577, 37, 1, 3, 1.99),
(578, 37, 1, 4, 2.11),
(579, 37, 1, 5, 3.12),
(580, 37, 1, 6, 1.89),
(581, 37, 1, 7, 3.40),
(582, 37, 1, 8, 3.33),
(583, 37, 1, 9, 4.51),
(584, 37, 1, 10, 3.71),
(585, 37, 1, 11, 3.86),
(586, 37, 1, 12, 1.45),
(587, 38, 0, 1, 7.50),
(588, 38, 0, 2, 7.50),
(589, 38, 0, 3, 7.50),
(590, 38, 0, 4, 7.50),
(591, 38, 0, 5, 7.50),
(592, 38, 0, 6, 7.50),
(593, 38, 0, 7, 7.50),
(594, 38, 0, 8, 7.50),
(595, 38, 0, 9, 7.50),
(596, 38, 0, 10, 7.50),
(597, 38, 0, 11, 7.50),
(598, 38, 0, 12, 7.50),
(599, 38, 1, 1, 82374.00),
(600, 38, 1, 2, 265237.00),
(601, 38, 1, 3, 157078.00),
(602, 38, 1, 4, 41062.00),
(603, 38, 1, 5, 17551.00),
(604, 38, 1, 6, 153765.00),
(605, 38, 1, 7, 228914.00),
(606, 38, 1, 8, 65870.00),
(607, 38, 1, 9, 117669.00),
(608, 38, 1, 10, 148708.00),
(609, 38, 1, 11, 65211.00),
(610, 38, 1, 12, 2384.00),
(635, 40, 0, 1, 85.00),
(636, 40, 0, 2, 85.00),
(637, 40, 0, 3, 85.00),
(638, 40, 0, 4, 85.00),
(639, 40, 0, 5, 85.00),
(640, 40, 0, 6, 85.00),
(641, 40, 0, 7, 85.00),
(642, 40, 0, 8, 85.00),
(643, 40, 0, 9, 85.00),
(644, 40, 0, 10, 85.00),
(645, 40, 0, 11, 85.00),
(646, 40, 0, 12, 85.00),
(647, 40, 1, 1, 62.46),
(648, 40, 1, 2, 55.98),
(649, 40, 1, 3, 68.03),
(650, 40, 1, 4, 70.84),
(651, 40, 1, 5, 73.47),
(652, 40, 1, 6, 68.92),
(653, 40, 1, 7, 74.70),
(654, 40, 1, 8, 65.51),
(655, 40, 1, 9, 69.45),
(656, 40, 1, 10, 74.25),
(657, 40, 1, 11, 74.58),
(658, 40, 1, 12, 75.25),
(659, 41, 0, 1, 200.00),
(660, 41, 0, 2, 500.00),
(661, 41, 0, 3, 500.00),
(662, 41, 0, 4, 500.00),
(663, 41, 0, 5, 500.00),
(664, 41, 0, 6, 500.00),
(665, 41, 0, 7, 500.00),
(666, 41, 0, 8, 500.00),
(667, 41, 0, 9, 500.00),
(668, 41, 0, 10, 500.00),
(669, 41, 0, 11, 500.00),
(670, 41, 0, 12, 500.00),
(671, 41, 1, 1, 2037.00),
(672, 41, 1, 2, 2631.00),
(673, 41, 1, 3, 1427.00),
(674, 41, 1, 4, 446.00),
(675, 41, 1, 5, 394.00),
(676, 41, 1, 6, 740.00),
(677, 41, 1, 7, 1094.00),
(678, 41, 1, 8, 1283.00),
(679, 41, 1, 9, 979.00),
(680, 41, 1, 10, 1442.00),
(681, 41, 1, 11, 1218.00),
(682, 41, 1, 12, 472.00),
(683, 42, 0, 1, 2.00),
(684, 42, 0, 2, 2.00),
(685, 42, 0, 3, 2.00),
(686, 42, 0, 4, 2.00),
(687, 42, 0, 5, 2.00),
(688, 42, 0, 6, 2.00),
(689, 42, 0, 7, 2.00),
(690, 42, 0, 8, 2.00),
(691, 42, 0, 9, 2.00),
(692, 42, 0, 10, 2.00),
(693, 42, 0, 11, 2.00),
(694, 42, 0, 12, 2.00),
(695, 42, 1, 1, 0.66),
(696, 42, 1, 2, 1.88),
(697, 42, 1, 3, 2.10),
(698, 42, 1, 4, 4.79),
(699, 42, 1, 5, 2.82),
(700, 42, 1, 6, 1.25),
(701, 42, 1, 7, 2.12),
(702, 42, 1, 8, 3.78),
(703, 42, 1, 9, 2.55),
(704, 42, 1, 10, 2.51),
(705, 42, 1, 11, 4.77),
(706, 42, 1, 12, 3.45),
(707, 43, 0, 1, 10.00),
(708, 43, 0, 2, 10.00),
(709, 43, 0, 3, 10.00),
(710, 43, 0, 4, 10.00),
(711, 43, 0, 5, 10.00),
(712, 43, 0, 6, 10.00),
(713, 43, 0, 7, 7.00),
(714, 43, 0, 8, 7.00),
(715, 43, 0, 9, 7.00),
(716, 43, 0, 10, 7.00),
(717, 43, 0, 11, 7.00),
(718, 43, 0, 12, 7.00),
(719, 43, 1, 1, 14.77),
(720, 43, 1, 2, 16.26),
(721, 43, 1, 3, 13.39),
(722, 43, 1, 4, 6.76),
(723, 43, 1, 5, 10.95),
(724, 43, 1, 6, 18.46),
(725, 43, 1, 7, 8.27),
(726, 43, 1, 8, 7.97),
(727, 43, 1, 9, 9.47),
(728, 43, 1, 10, 12.79),
(729, 43, 1, 11, 17.75),
(730, 43, 1, 12, 4.01),
(731, 44, 0, 1, 2.00),
(732, 44, 0, 2, 4.00),
(733, 44, 0, 3, 4.00),
(734, 44, 0, 4, 4.00),
(735, 44, 0, 5, 4.00),
(736, 44, 0, 6, 4.00),
(737, 44, 0, 7, 4.00),
(738, 44, 0, 8, 3.00),
(739, 44, 0, 9, 3.00),
(740, 44, 0, 10, 3.00),
(741, 44, 0, 11, 3.00),
(742, 44, 0, 12, 3.00),
(743, 44, 1, 1, 6.21),
(744, 44, 1, 2, 2.80),
(745, 44, 1, 3, 4.02),
(746, 44, 1, 4, 3.75),
(747, 44, 1, 5, 2.01),
(748, 44, 1, 6, 1.50),
(749, 44, 1, 7, 3.42),
(750, 44, 1, 8, 5.53),
(751, 44, 1, 9, 6.41),
(752, 44, 1, 10, 3.37),
(753, 44, 1, 11, 7.73),
(754, 44, 1, 12, 6.13),
(755, 45, 1, 1, 1.20),
(756, 45, 1, 2, 0.26),
(757, 45, 1, 3, 0.06),
(758, 45, 1, 4, 1.01),
(759, 45, 1, 10, 1.03),
(760, 45, 1, 11, 0.98),
(761, 45, 1, 12, 0.99),
(769, 6, 1, 11, 90.00),
(770, 29, 1, 11, 158.00),
(771, 30, 1, 11, 42.00),
(772, 28, 1, 11, 1928016.27),
(773, 16, 1, 11, 6109.32),
(774, 19, 1, 11, 47.00),
(775, 29, 1, 12, 158.00),
(776, 30, 1, 12, 41.00),
(777, 6, 1, 12, 100.00),
(778, 7, 0, 12, 113.00),
(779, 28, 0, 12, 2110000.00),
(780, 28, 1, 12, 1754700.00),
(781, 26, 0, 1, 5.00),
(782, 26, 0, 2, 5.00),
(783, 26, 0, 3, 5.00),
(784, 26, 0, 4, 6.00),
(785, 26, 0, 5, 6.00),
(786, 26, 0, 6, 6.00),
(787, 26, 0, 7, 6.00),
(788, 26, 0, 8, 7.00),
(789, 26, 0, 9, 7.00),
(790, 26, 0, 10, 7.00),
(791, 26, 0, 11, 7.00),
(792, 26, 0, 12, 7.00),
(793, 26, 0, 14, 5.00),
(794, 8, 0, 1, 2.50),
(795, 8, 0, 3, 2.50),
(796, 8, 0, 4, 2.50),
(797, 8, 0, 5, 2.50),
(798, 8, 0, 6, 2.50),
(799, 8, 0, 7, 2.50),
(800, 8, 0, 8, 2.50),
(801, 8, 0, 9, 2.50),
(802, 8, 0, 10, 2.50),
(803, 8, 0, 11, 2.50),
(804, 8, 0, 12, 2.50),
(805, 8, 0, 14, 3.80),
(806, 8, 1, 1, 2.80),
(807, 8, 1, 6, 0.00),
(808, 25, 0, 1, 1.00),
(809, 25, 0, 2, 1.00),
(810, 25, 0, 3, 2.00),
(811, 25, 0, 4, 2.00),
(812, 25, 0, 5, 3.00),
(813, 25, 0, 6, 3.00),
(814, 25, 0, 7, 4.00),
(815, 25, 0, 8, 4.00),
(816, 25, 0, 9, 5.00),
(817, 25, 0, 10, 5.00),
(818, 25, 0, 11, 5.00),
(819, 25, 0, 12, 5.00),
(820, 25, 0, 14, 1.00),
(821, 25, 1, 1, 1.00),
(822, 47, 0, 1, 1200000000.00),
(823, 47, 0, 2, 1200000000.00),
(824, 47, 0, 3, 1200000000.00),
(825, 47, 0, 4, 1200000000.00),
(826, 47, 0, 5, 1200000000.00),
(827, 47, 0, 6, 1200000000.00),
(828, 47, 0, 7, 15000000.00),
(829, 47, 0, 8, 15000000.00),
(830, 47, 0, 9, 15000000.00),
(831, 47, 0, 10, 15000000.00),
(832, 47, 0, 11, 15000000.00),
(833, 47, 0, 12, 15000000.00),
(834, 47, 1, 1, 1025583000.00),
(835, 47, 1, 2, 0.00),
(836, 61, 0, 1, 1800000.00),
(837, 61, 1, 1, 1707901.00),
(838, 54, 1, 1, 59.29),
(839, 25, 1, 2, 1.00),
(840, 51, 1, 1, 0.00),
(841, 57, 1, 1, 16.12),
(842, 62, 1, 1, 163.00),
(843, 63, 1, 1, 43.00),
(844, 54, 0, 1, 73.00),
(845, 54, 0, 2, 73.00),
(846, 54, 0, 3, 73.00),
(847, 54, 0, 4, 73.00),
(848, 54, 0, 5, 73.00),
(849, 54, 0, 6, 73.00),
(850, 54, 0, 7, 73.00),
(851, 54, 0, 8, 73.00),
(852, 54, 0, 9, 73.00),
(853, 54, 0, 10, 73.00),
(854, 54, 0, 11, 73.00),
(855, 54, 0, 12, 73.00),
(856, 55, 0, 1, 113.00),
(857, 55, 0, 2, 113.00),
(858, 55, 0, 3, 113.00),
(859, 55, 0, 4, 113.00),
(860, 55, 0, 5, 113.00),
(861, 55, 0, 6, 113.00),
(862, 55, 0, 7, 113.00),
(863, 55, 0, 8, 113.00),
(864, 55, 0, 9, 113.00),
(865, 55, 0, 10, 113.00),
(866, 55, 0, 11, 113.00),
(867, 55, 0, 12, 113.00),
(868, 53, 0, 1, 95.00),
(869, 53, 0, 2, 95.00),
(870, 53, 0, 3, 95.00),
(871, 53, 0, 4, 95.00),
(872, 53, 0, 5, 95.00),
(873, 53, 0, 6, 95.00),
(874, 53, 0, 7, 95.00),
(875, 53, 0, 8, 95.00),
(876, 53, 0, 9, 95.00),
(877, 53, 0, 10, 95.00),
(878, 53, 0, 11, 95.00),
(879, 53, 0, 12, 95.00),
(880, 46, 0, 1, 95.00),
(881, 46, 0, 2, 95.00),
(882, 46, 0, 3, 95.00),
(883, 46, 0, 4, 95.00),
(884, 46, 0, 5, 95.00),
(885, 46, 0, 6, 95.00),
(886, 46, 0, 7, 95.00),
(887, 46, 0, 8, 95.00),
(888, 46, 0, 9, 95.00),
(889, 46, 0, 10, 95.00),
(890, 46, 0, 11, 95.00),
(891, 46, 0, 12, 95.00),
(892, 52, 0, 1, 1.50),
(893, 52, 0, 2, 1.50),
(894, 52, 0, 3, 1.50),
(895, 52, 0, 4, 1.50),
(896, 52, 0, 5, 1.50),
(897, 52, 0, 6, 1.50),
(898, 52, 0, 7, 1.49),
(899, 52, 0, 8, 0.86),
(900, 52, 0, 9, 0.86),
(901, 52, 0, 10, 0.86),
(902, 52, 0, 11, 0.86),
(903, 52, 0, 12, 0.86),
(904, 56, 0, 1, 7.50),
(905, 56, 0, 2, 7.50),
(906, 56, 0, 3, 7.50),
(907, 56, 0, 4, 7.50),
(908, 56, 0, 5, 7.50),
(909, 56, 0, 6, 7.50),
(910, 56, 0, 7, 7.50),
(911, 56, 0, 8, 7.50),
(912, 56, 0, 9, 7.50),
(913, 56, 0, 10, 7.50),
(914, 56, 0, 11, 7.50),
(915, 56, 0, 12, 7.50),
(916, 57, 0, 6, 3.00),
(917, 57, 0, 7, 3.00),
(918, 57, 0, 8, 3.00),
(919, 57, 0, 9, 3.00),
(920, 57, 0, 10, 3.00),
(921, 57, 0, 11, 3.00),
(922, 57, 0, 12, 3.00),
(935, 57, 0, 1, 3.00),
(936, 57, 0, 2, 3.00),
(937, 57, 0, 3, 3.00),
(938, 57, 0, 4, 3.00),
(939, 57, 0, 5, 3.00),
(940, 59, 0, 1, 2.00),
(941, 59, 0, 2, 2.00),
(942, 59, 0, 3, 2.00),
(943, 59, 0, 4, 2.00),
(944, 59, 0, 5, 2.00),
(945, 59, 0, 6, 2.00),
(946, 59, 0, 7, 2.00),
(947, 59, 0, 8, 2.00),
(948, 59, 0, 9, 2.00),
(949, 59, 0, 10, 2.00),
(950, 59, 0, 11, 2.00),
(951, 59, 0, 12, 2.00),
(952, 60, 0, 1, 12.00),
(953, 60, 0, 2, 12.00),
(954, 60, 0, 3, 12.00),
(955, 60, 0, 4, 12.00),
(956, 60, 0, 5, 12.00),
(957, 60, 0, 6, 12.00),
(958, 60, 0, 7, 12.00),
(959, 60, 0, 8, 12.00),
(960, 60, 0, 9, 12.00),
(961, 60, 0, 10, 12.00),
(962, 60, 0, 11, 12.00),
(963, 60, 0, 12, 12.00),
(964, 8, 1, 2, 2.30),
(965, 65, 0, 14, 78.00),
(966, 65, 0, 1, 90.00),
(967, 65, 0, 2, 90.00),
(968, 65, 0, 3, 90.00),
(969, 65, 0, 4, 90.00),
(970, 65, 0, 5, 90.00),
(971, 65, 0, 6, 90.00),
(972, 65, 0, 7, 90.00),
(973, 65, 0, 8, 90.00),
(974, 65, 0, 9, 90.00),
(975, 65, 0, 10, 90.00),
(976, 65, 0, 11, 90.00),
(977, 65, 0, 12, 90.00),
(978, 65, 1, 1, 91.00),
(979, 65, 1, 2, 87.00),
(980, 46, 0, 14, 95.00),
(981, 46, 1, 14, 81.33),
(982, 65, 1, 14, 78.00),
(998, 46, 1, 1, 40.00),
(999, 60, 1, 1, 23.38),
(1000, 61, 0, 2, 1850000.00),
(1001, 61, 0, 3, 1900000.00),
(1002, 61, 0, 4, 2000000.00),
(1003, 61, 0, 5, 2543501.00),
(1004, 61, 0, 6, 2395205.73),
(1005, 61, 0, 7, 1755061.61),
(1006, 61, 0, 8, 1387925.88),
(1007, 61, 0, 9, 1642610.58),
(1008, 61, 0, 10, 1668267.62),
(1009, 61, 0, 11, 1473522.00),
(1010, 61, 0, 12, 809000.00),
(1011, 53, 1, 1, 100.00),
(1012, 68, 0, 1, 95.00),
(1013, 68, 0, 2, 95.00),
(1014, 68, 0, 3, 95.00),
(1015, 68, 0, 4, 95.00),
(1016, 68, 0, 5, 95.00),
(1017, 68, 0, 6, 95.00),
(1018, 68, 0, 7, 95.00),
(1019, 68, 0, 8, 95.00),
(1020, 68, 0, 9, 95.00),
(1021, 68, 0, 10, 95.00),
(1022, 68, 0, 11, 95.00),
(1023, 68, 0, 12, 95.00),
(1024, 68, 1, 14, 92.00),
(1025, 68, 1, 1, 83.00),
(1026, 19, 1, 12, 52.60),
(1027, 68, 1, 2, 81.00),
(1028, 54, 1, 2, 64.71),
(1029, 51, 1, 2, 0.00),
(1030, 57, 1, 2, 9.22),
(1031, 62, 1, 2, 165.00),
(1032, 63, 1, 2, 44.00),
(1033, 53, 1, 2, 90.00),
(1034, 60, 1, 2, 21.21),
(1035, 46, 1, 2, 47.00),
(1036, 61, 1, 2, 1797432.84),
(1037, 54, 1, 3, 67.98),
(1038, 85, 0, 1, 0.00),
(1039, 85, 1, 1, 0.00),
(1040, 85, 0, 2, 0.00),
(1041, 85, 0, 3, 0.00),
(1042, 85, 0, 4, 0.00),
(1043, 85, 0, 5, 0.00),
(1044, 85, 0, 6, 0.00),
(1045, 85, 0, 7, 0.00),
(1046, 85, 0, 8, 0.00),
(1047, 85, 0, 9, 0.00),
(1048, 85, 0, 10, 0.00),
(1049, 85, 0, 11, 0.00),
(1050, 85, 0, 12, 0.00),
(1051, 85, 1, 2, 0.00),
(1052, 85, 0, 14, 0.00),
(1053, 85, 1, 14, 0.00),
(1054, 86, 0, 1, 80.00),
(1055, 86, 0, 2, 80.00),
(1056, 86, 0, 3, 80.00),
(1057, 86, 0, 4, 80.00),
(1058, 86, 0, 5, 80.00),
(1059, 86, 0, 6, 80.00),
(1060, 86, 0, 7, 80.00),
(1061, 86, 0, 8, 80.00),
(1062, 86, 0, 9, 80.00),
(1063, 86, 0, 10, 80.00),
(1064, 86, 0, 11, 80.00),
(1065, 86, 0, 12, 80.00),
(1066, 86, 1, 1, 141.00),
(1067, 86, 1, 2, 254.00),
(1068, 88, 0, 1, 80.00),
(1069, 88, 0, 2, 80.00),
(1070, 88, 0, 3, 80.00),
(1071, 88, 0, 4, 80.00),
(1072, 88, 0, 5, 80.00),
(1073, 88, 0, 6, 80.00),
(1074, 88, 0, 7, 80.00),
(1075, 88, 0, 8, 80.00),
(1076, 88, 0, 9, 80.00),
(1077, 86, 1, 10, 0.00),
(1078, 88, 0, 10, 80.00),
(1079, 88, 0, 11, 80.00),
(1080, 88, 0, 12, 80.00),
(1081, 88, 1, 1, 81.00),
(1082, 88, 1, 2, 80.00),
(1084, 52, 1, 1, 0.86),
(1085, 52, 1, 2, 2.37),
(1086, 52, 1, 3, 1.13),
(1087, 59, 1, 1, 4.63),
(1089, 59, 1, 2, 1.12),
(1090, 56, 1, 1, 12773.00),
(1091, 56, 1, 2, 5460.00),
(1092, 53, 1, 3, 75.00),
(1093, 52, 1, 14, 1.60),
(1094, 52, 0, 14, 0.00),
(1095, 54, 1, 14, 67.90),
(1096, 54, 0, 14, 0.00),
(1097, 62, 1, 3, 158.00),
(1098, 63, 1, 3, 41.00),
(1099, 57, 1, 3, 5.71),
(1100, 46, 1, 3, 29.00),
(1101, 60, 1, 3, 15.82),
(1102, 61, 1, 3, 1801656.74),
(1103, 85, 1, 3, 0.00),
(1104, 86, 1, 3, 79.00),
(1105, 88, 1, 3, 78.00),
(1106, 76, 0, 14, 0.00),
(1107, 76, 1, 14, 0.00),
(1108, 51, 1, 3, 0.00),
(1109, 51, 1, 4, 0.00),
(1110, 84, 1, 1, 0.00),
(1111, 84, 1, 2, 0.00),
(1112, 84, 1, 3, 0.00),
(1113, 84, 1, 4, 0.00),
(1114, 24, 1, 1, 0.00),
(1115, 24, 1, 2, 0.00),
(1116, 24, 1, 3, 0.00),
(1117, 24, 1, 4, 0.00),
(1118, 78, 1, 1, 51.70),
(1119, 78, 1, 2, 50.40),
(1120, 78, 1, 3, 42.40),
(1121, 75, 0, 1, 5000.00),
(1122, 75, 0, 2, 5000.00),
(1123, 75, 0, 3, 5000.00),
(1124, 75, 0, 4, 5000.00),
(1125, 75, 0, 5, 5000.00),
(1126, 75, 0, 6, 5000.00),
(1127, 75, 0, 7, 5000.00),
(1128, 75, 0, 8, 5000.00),
(1129, 75, 0, 9, 5000.00),
(1130, 75, 0, 10, 5000.00),
(1131, 75, 0, 11, 5000.00),
(1132, 75, 0, 12, 5000.00),
(1133, 72, 0, 1, 95.00),
(1134, 72, 0, 2, 95.00),
(1135, 72, 0, 3, 95.00),
(1136, 72, 0, 4, 95.00),
(1137, 72, 0, 5, 95.00),
(1138, 72, 0, 6, 95.00),
(1139, 72, 0, 7, 95.00),
(1140, 72, 0, 8, 95.00),
(1141, 72, 0, 9, 95.00),
(1142, 72, 0, 10, 95.00),
(1143, 72, 0, 11, 95.00),
(1144, 72, 0, 12, 95.00),
(1145, 76, 0, 1, 1.50),
(1146, 76, 0, 2, 1.50),
(1147, 76, 0, 3, 1.50),
(1148, 76, 0, 4, 1.50),
(1149, 76, 0, 5, 1.50),
(1150, 76, 0, 6, 1.50),
(1151, 76, 0, 7, 1.50),
(1152, 76, 0, 8, 1.50),
(1153, 76, 0, 9, 1.50),
(1154, 76, 0, 10, 1.50),
(1155, 76, 0, 11, 1.50),
(1156, 76, 0, 12, 1.50),
(1157, 80, 0, 1, 2.00),
(1158, 80, 0, 2, 2.00),
(1159, 80, 0, 3, 2.00),
(1160, 80, 0, 4, 2.00),
(1161, 80, 0, 5, 2.00),
(1162, 80, 0, 6, 2.00),
(1163, 80, 0, 7, 2.00),
(1164, 80, 0, 8, 2.00),
(1165, 80, 0, 9, 2.00),
(1166, 80, 0, 10, 2.00),
(1167, 80, 0, 11, 2.00),
(1168, 80, 0, 12, 2.00),
(1169, 77, 0, 1, 8.00),
(1170, 77, 0, 2, 8.00),
(1171, 77, 0, 3, 8.00),
(1172, 77, 0, 4, 8.00),
(1173, 77, 0, 5, 8.00),
(1174, 77, 0, 6, 8.00),
(1175, 77, 0, 7, 8.00),
(1176, 77, 0, 8, 8.00),
(1177, 77, 0, 9, 8.00),
(1178, 77, 0, 10, 8.00),
(1179, 77, 0, 11, 8.00),
(1180, 77, 0, 12, 8.00),
(1181, 79, 0, 1, 200.00),
(1182, 79, 0, 2, 200.00),
(1183, 79, 0, 3, 200.00),
(1184, 79, 0, 4, 200.00),
(1185, 79, 0, 5, 200.00),
(1186, 79, 0, 6, 200.00),
(1187, 79, 0, 7, 200.00),
(1188, 79, 0, 8, 200.00),
(1189, 79, 0, 9, 200.00),
(1190, 79, 0, 10, 200.00),
(1191, 79, 0, 11, 200.00),
(1192, 79, 0, 12, 200.00),
(1193, 48, 0, 1, 1500000.00),
(1194, 48, 0, 2, 1500000.00),
(1195, 48, 0, 3, 1500000.00),
(1196, 48, 0, 4, 1500000.00),
(1197, 48, 0, 5, 1500000.00),
(1198, 48, 0, 6, 1829495.85),
(1199, 48, 0, 7, 1918280.49),
(1200, 48, 0, 8, 2138500.00),
(1201, 48, 0, 9, 1966016.70),
(1202, 48, 0, 10, 1900977.11),
(1203, 48, 0, 11, 2000000.00),
(1204, 48, 0, 12, 2000000.00),
(1205, 82, 0, 1, 10.00),
(1206, 82, 0, 2, 10.00),
(1207, 82, 0, 3, 10.00),
(1208, 82, 0, 4, 10.00),
(1209, 82, 0, 5, 10.00),
(1210, 82, 0, 6, 10.00),
(1211, 82, 0, 7, 10.00),
(1212, 82, 0, 8, 10.00),
(1213, 82, 0, 9, 10.00),
(1214, 82, 0, 10, 10.00),
(1215, 82, 0, 11, 10.00),
(1216, 82, 0, 12, 10.00),
(1217, 78, 0, 1, 75.00),
(1218, 78, 0, 2, 75.00),
(1219, 78, 0, 3, 75.00),
(1220, 78, 0, 4, 75.00),
(1221, 78, 0, 5, 75.00),
(1222, 78, 0, 6, 75.00),
(1223, 78, 0, 7, 75.00),
(1224, 78, 0, 8, 75.00),
(1225, 78, 0, 9, 75.00),
(1226, 78, 0, 10, 75.00),
(1227, 78, 0, 11, 75.00),
(1228, 78, 0, 12, 75.00),
(1230, 68, 1, 3, 94.50),
(1231, 69, 0, 4, 0.00),
(1232, 69, 1, 4, 2.00),
(1233, 69, 0, 2, 0.00),
(1234, 69, 0, 1, 0.00),
(1235, 69, 1, 1, 1.00),
(1236, 69, 0, 3, 0.00),
(1237, 69, 1, 3, 0.00),
(1238, 53, 1, 4, 100.00),
(1239, 70, 1, 1, 4446566.74),
(1240, 70, 1, 2, 5035337.07),
(1241, 70, 1, 3, 5324333.05),
(1242, 70, 1, 4, 4232732.96),
(1243, 54, 1, 4, 65.30),
(1244, 70, 0, 1, 4685165.82),
(1245, 70, 0, 2, 4920379.09),
(1246, 70, 0, 3, 4953452.59),
(1247, 70, 0, 4, 5101256.92),
(1248, 70, 0, 5, 5282110.67),
(1249, 68, 1, 4, 79.00),
(1250, 46, 1, 4, 48.00),
(1251, 60, 1, 4, 24.18),
(1252, 61, 1, 4, 2261587.26),
(1253, 85, 1, 4, 0.00),
(1254, 86, 1, 4, 188.00),
(1255, 88, 1, 4, 80.32),
(1256, 57, 1, 4, 4.83),
(1257, 62, 1, 4, 150.00),
(1258, 63, 1, 4, 43.00),
(1259, 78, 1, 4, 50.80),
(1260, 54, 1, 5, 76.41),
(1261, 75, 1, 1, 12140.00),
(1262, 75, 1, 2, 3757.00),
(1263, 75, 1, 3, 13333.00),
(1264, 75, 1, 4, 10106.00),
(1265, 56, 1, 3, 10274.00),
(1266, 56, 1, 4, 4795.00),
(1268, 76, 1, 1, 0.09),
(1269, 76, 1, 2, 0.57),
(1270, 76, 1, 3, 12.83),
(1271, 76, 1, 4, 1.83),
(1272, 76, 1, 5, 2.04),
(1273, 52, 1, 4, 1.67),
(1274, 89, 0, 1, 4.00),
(1275, 89, 1, 1, 5.46),
(1276, 89, 1, 2, 5.54),
(1277, 89, 1, 3, 6.14),
(1278, 89, 1, 4, 6.92),
(1279, 89, 1, 5, 5.45),
(1280, 89, 1, 6, 7.00),
(1281, 89, 1, 7, 6.96),
(1282, 89, 1, 8, 6.98),
(1283, 89, 1, 9, 5.54),
(1284, 89, 1, 10, 7.08),
(1285, 89, 1, 11, 5.86),
(1286, 89, 1, 12, 4.87),
(1287, 90, 0, 1, 6.00),
(1288, 90, 1, 1, 5.48),
(1289, 90, 0, 2, 5.00),
(1290, 90, 1, 2, 4.76),
(1291, 90, 0, 3, 4.00),
(1292, 90, 1, 3, 3.63),
(1293, 90, 0, 4, 4.00),
(1294, 90, 1, 4, 3.16),
(1295, 90, 0, 5, 4.00),
(1296, 90, 0, 6, 4.00),
(1297, 90, 0, 7, 4.00),
(1298, 90, 0, 8, 4.00),
(1299, 90, 0, 9, 4.00),
(1300, 90, 0, 10, 4.00),
(1301, 90, 0, 11, 3.00),
(1302, 90, 0, 12, 3.00),
(1303, 89, 0, 2, 4.00),
(1304, 89, 0, 3, 4.00),
(1305, 89, 0, 4, 4.00),
(1306, 89, 0, 5, 4.00),
(1307, 89, 0, 6, 4.00),
(1308, 89, 0, 7, 4.00),
(1309, 89, 0, 8, 4.00),
(1310, 89, 0, 9, 4.00),
(1311, 89, 0, 10, 4.00),
(1312, 89, 0, 11, 4.00),
(1313, 89, 0, 12, 4.00),
(1314, 56, 0, 14, 0.00),
(1315, 56, 1, 14, 0.00),
(1316, 76, 1, 7, 0.99),
(1317, 76, 1, 8, 0.55),
(1318, 61, 1, 5, 2640943.96),
(1319, 90, 1, 5, 3.53),
(1320, 60, 1, 5, 27.31),
(1321, 61, 1, 7, 1755061.61),
(1322, 59, 1, 3, 1.43),
(1323, 59, 1, 4, 1.65),
(1324, 53, 1, 5, 90.00),
(1325, 78, 1, 5, 50.00),
(1326, 52, 1, 5, 1.40),
(1327, 57, 1, 5, 4.71),
(1328, 62, 1, 5, 137.00),
(1329, 63, 1, 5, 42.00),
(1330, 64, 1, 4, 0.00),
(1331, 51, 1, 5, 0.80),
(1332, 84, 1, 5, 0.00),
(1333, 64, 1, 5, 2.00),
(1334, 54, 1, 6, 70.85),
(1337, 48, 1, 1, 1235465.83),
(1338, 48, 1, 2, 1279636.59),
(1339, 48, 1, 3, 1550437.71),
(1340, 48, 1, 4, 1521404.88),
(1341, 48, 1, 5, 1904066.09),
(1342, 48, 1, 14, 1300000.00),
(1343, 50, 1, 1, 1468962.00),
(1344, 50, 1, 2, 1168024.00),
(1345, 50, 1, 3, 1885174.00),
(1346, 50, 1, 4, 1362866.00),
(1347, 50, 1, 5, 1715345.00),
(1348, 50, 0, 1, 1500000.00),
(1349, 50, 0, 2, 1500000.00),
(1350, 50, 0, 3, 1500000.00),
(1351, 50, 0, 4, 1500000.00),
(1352, 50, 0, 5, 1500000.00),
(1353, 50, 0, 6, 2000000.00),
(1354, 50, 0, 7, 2000000.00),
(1355, 50, 0, 8, 2000000.00),
(1356, 50, 0, 9, 2000000.00),
(1357, 50, 0, 10, 2000000.00),
(1358, 50, 0, 11, 2000000.00),
(1359, 50, 0, 12, 2000000.00),
(1360, 50, 1, 14, 0.00),
(1361, 23, 1, 1, 4.57),
(1362, 91, 1, 1, 44.00),
(1363, 93, 1, 1, 12.00),
(1364, 23, 1, 2, 6.09),
(1365, 91, 1, 2, 47.00),
(1366, 93, 1, 2, 12.00),
(1367, 23, 1, 3, 4.99),
(1368, 91, 0, 3, 0.00),
(1369, 91, 1, 3, 49.00),
(1370, 93, 1, 3, 12.00),
(1371, 23, 1, 4, 11.25),
(1372, 91, 1, 4, 53.00),
(1373, 93, 1, 4, 12.00),
(1374, 23, 1, 5, 4.41),
(1375, 91, 1, 5, 54.00),
(1376, 93, 1, 5, 15.00),
(1377, 23, 1, 6, 5.20),
(1378, 91, 1, 6, 52.00),
(1379, 93, 1, 6, 16.00),
(1380, 23, 1, 7, 7.33),
(1381, 91, 0, 7, 0.00),
(1382, 91, 1, 7, 57.00),
(1383, 93, 1, 7, 15.00),
(1384, 23, 1, 8, 4.38),
(1385, 91, 1, 8, 57.00),
(1386, 93, 1, 8, 15.00),
(1387, 23, 1, 9, 4.76),
(1388, 91, 1, 9, 55.00),
(1389, 93, 1, 9, 13.00),
(1390, 23, 1, 10, 6.42),
(1391, 91, 1, 10, 56.00),
(1392, 93, 1, 10, 13.00),
(1393, 23, 1, 11, 8.55),
(1394, 91, 1, 11, 56.00),
(1395, 93, 1, 11, 16.00),
(1396, 23, 1, 12, 1.89),
(1397, 91, 1, 12, 54.00),
(1398, 93, 1, 12, 16.00),
(1399, 83, 1, 1, 10.25),
(1400, 92, 1, 1, 54.00),
(1401, 94, 1, 1, 17.00),
(1402, 83, 1, 2, 11.63),
(1403, 92, 1, 2, 54.00),
(1404, 94, 1, 2, 17.00),
(1405, 83, 1, 3, 1.88),
(1406, 92, 1, 3, 56.00),
(1407, 94, 1, 3, 16.00),
(1408, 83, 1, 4, 3.41),
(1409, 92, 1, 4, 56.00),
(1410, 94, 1, 4, 14.00),
(1411, 83, 1, 5, 3.33),
(1412, 92, 1, 5, 56.00),
(1413, 94, 1, 5, 15.00),
(1414, 53, 1, 6, 100.00),
(1415, 52, 1, 6, 1.21),
(1416, 76, 1, 6, 0.72),
(1417, 78, 1, 6, 46.70),
(1418, 56, 1, 5, 7921.00),
(1419, 56, 1, 6, 2107.00),
(1420, 57, 1, 6, 5.67),
(1421, 62, 1, 6, 137.00),
(1422, 63, 1, 6, 45.00),
(1423, 83, 1, 6, 4.57),
(1424, 92, 1, 6, 56.00),
(1425, 94, 1, 6, 15.00),
(1426, 64, 1, 6, 1.00),
(1427, 51, 1, 6, 0.07),
(1428, 54, 1, 7, 66.06),
(1429, 52, 1, 7, 1.15),
(1430, 57, 1, 7, 5.43),
(1431, 62, 1, 7, 133.00),
(1432, 63, 1, 7, 42.00),
(1433, 83, 1, 7, 3.55),
(1434, 92, 1, 7, 57.00),
(1435, 94, 1, 7, 16.00),
(1436, 53, 1, 7, 80.00),
(1440, 53, 1, 8, 85.00),
(1441, 52, 1, 8, 0.97),
(1442, 57, 1, 8, 4.96),
(1443, 62, 1, 8, 115.00),
(1444, 63, 1, 8, 43.00),
(1445, 83, 1, 8, 4.86),
(1446, 92, 1, 8, 57.00),
(1447, 94, 1, 8, 16.00),
(1448, 55, 1, 8, 56.00),
(1449, 59, 1, 5, 1.92),
(1450, 59, 1, 6, 2.08),
(1451, 59, 1, 7, 3.56),
(1452, 59, 1, 8, 1.82),
(1453, 76, 1, 9, 0.83),
(1454, 57, 1, 9, 3.04),
(1455, 62, 1, 9, 114.00),
(1456, 63, 1, 9, 43.00),
(1457, 83, 1, 9, 4.78),
(1458, 92, 1, 9, 54.00),
(1459, 94, 1, 9, 16.00),
(1460, 52, 1, 9, 0.51),
(1461, 97, 0, 1, 300.00),
(1462, 97, 0, 2, 300.00),
(1463, 97, 0, 3, 300.00),
(1464, 97, 0, 4, 300.00),
(1465, 97, 0, 5, 300.00),
(1466, 97, 0, 6, 300.00),
(1467, 97, 0, 7, 300.00),
(1468, 97, 0, 8, 300.00),
(1469, 97, 0, 9, 300.00),
(1470, 97, 0, 10, 300.00),
(1471, 97, 0, 11, 300.00),
(1472, 97, 0, 12, 300.00),
(1473, 97, 0, 14, 0.00),
(1474, 97, 1, 1, 324.00),
(1475, 97, 1, 2, 166.00),
(1476, 97, 1, 3, 218.00),
(1478, 54, 1, 8, 71.57),
(1479, 54, 1, 9, 76.33),
(1481, 78, 1, 7, 44.80),
(1482, 78, 1, 8, 52.20),
(1483, 78, 1, 9, 44.00),
(1484, 82, 1, 1, 8.94),
(1485, 82, 1, 2, 10.48),
(1486, 82, 1, 3, 12.73),
(1487, 82, 1, 4, 16.92),
(1488, 82, 1, 5, 8.79),
(1489, 82, 1, 6, 8.94),
(1490, 82, 1, 7, 8.25),
(1491, 82, 1, 8, 6.54),
(1492, 82, 1, 9, 10.17),
(1493, 53, 1, 9, 100.00),
(1494, 53, 1, 10, 80.00),
(1495, 52, 1, 10, 0.59),
(1496, 48, 1, 6, 1849616.20),
(1497, 48, 1, 7, 1446037.39),
(1498, 48, 1, 8, 2048678.44),
(1499, 48, 1, 9, 1424879.58),
(1500, 51, 1, 10, 0.00),
(1501, 48, 1, 10, 1511983.83),
(1502, 61, 1, 6, 1560345.21),
(1503, 61, 1, 8, 1387925.88),
(1504, 61, 1, 9, 1642610.58),
(1505, 61, 1, 10, 1668267.62),
(1506, 60, 1, 6, 26.01),
(1507, 60, 1, 7, 17.71),
(1508, 60, 1, 8, 28.21),
(1509, 60, 1, 9, 16.78),
(1510, 60, 1, 10, 29.62),
(1511, 90, 1, 6, 3.75),
(1512, 90, 1, 7, 3.74),
(1513, 90, 1, 8, 2.67),
(1514, 90, 1, 9, 3.28),
(1515, 90, 1, 10, 2.82),
(1516, 57, 1, 10, 2.96),
(1517, 62, 1, 10, 89.00),
(1518, 63, 1, 10, 42.00),
(1519, 92, 1, 10, 53.00),
(1520, 83, 1, 10, 4.38),
(1521, 94, 1, 10, 15.00),
(1522, 56, 1, 7, 73808.00),
(1523, 56, 1, 8, 2070.00),
(1524, 56, 1, 9, 44506.00),
(1525, 55, 1, 9, 47.00),
(1526, 56, 1, 10, 3422.00),
(1527, 54, 1, 10, 76.56),
(1528, 76, 1, 10, 0.52),
(1530, 59, 1, 9, 1.76),
(1531, 59, 1, 10, 1.62),
(1532, 82, 1, 10, 8.97),
(1533, 78, 1, 10, 60.20),
(1534, 55, 1, 10, 141.00),
(1535, 57, 1, 11, 2.05),
(1536, 62, 1, 11, 88.00),
(1537, 63, 1, 11, 41.00),
(1538, 83, 1, 11, 4.70),
(1539, 92, 1, 11, 53.00),
(1540, 94, 1, 11, 14.00),
(1541, 61, 1, 11, 1339106.24),
(1542, 61, 1, 12, 1258474.00),
(1543, 90, 1, 11, 2.60),
(1544, 60, 1, 11, 30.43),
(1545, 54, 1, 11, 75.94),
(1546, 76, 1, 11, 0.85),
(1547, 52, 1, 11, 0.39),
(1548, 101, 0, 1, 97.00),
(1549, 101, 0, 2, 97.00),
(1550, 101, 0, 3, 97.00),
(1551, 101, 0, 4, 97.00),
(1552, 101, 0, 5, 97.00),
(1553, 101, 0, 6, 97.00),
(1554, 101, 0, 7, 97.00),
(1555, 101, 0, 8, 97.00),
(1556, 101, 0, 9, 97.00),
(1557, 101, 0, 10, 97.00),
(1558, 101, 0, 11, 97.00),
(1559, 101, 0, 12, 97.00),
(1560, 101, 1, 1, 97.27),
(1561, 101, 1, 2, 96.92),
(1562, 101, 1, 3, 95.84),
(1563, 101, 1, 4, 98.52),
(1564, 101, 1, 5, 98.44),
(1565, 101, 1, 6, 97.13),
(1566, 101, 1, 7, 98.67),
(1567, 101, 1, 8, 95.48),
(1568, 101, 1, 9, 96.86),
(1569, 101, 1, 10, 98.14),
(1570, 101, 1, 11, 98.58),
(1571, 53, 1, 11, 90.00),
(1572, 51, 1, 11, 0.31),
(1573, 98, 0, 1, 350.00),
(1574, 98, 0, 2, 350.00),
(1575, 98, 1, 1, 13.00),
(1576, 98, 1, 2, 10.00),
(1577, 98, 1, 3, 55.00),
(1578, 98, 1, 4, 213.00),
(1579, 98, 1, 5, 1063.00),
(1580, 98, 1, 6, 311.00),
(1581, 98, 1, 7, 108.00),
(1582, 98, 1, 8, 736.00),
(1583, 98, 1, 9, 1191.00),
(1584, 98, 1, 10, 22.00),
(1585, 98, 1, 11, 149.00),
(1586, 98, 1, 12, 334.00),
(1587, 102, 0, 1, 0.75),
(1588, 102, 0, 2, 0.75),
(1589, 102, 0, 3, 0.75),
(1590, 102, 0, 4, 0.65),
(1591, 102, 0, 5, 0.65),
(1592, 102, 0, 6, 0.65),
(1593, 102, 0, 7, 0.60),
(1594, 102, 0, 8, 0.60),
(1595, 102, 0, 9, 0.60),
(1596, 102, 0, 10, 0.55),
(1597, 102, 0, 11, 0.55),
(1598, 102, 0, 12, 0.55),
(1599, 46, 1, 5, 92.00),
(1600, 46, 1, 6, 31.00),
(1601, 46, 1, 7, 62.00),
(1602, 46, 1, 8, 82.00),
(1603, 46, 1, 9, 63.00),
(1604, 46, 1, 10, 52.00),
(1605, 46, 1, 11, 33.00),
(1606, 97, 1, 4, 195.00),
(1607, 97, 1, 6, 58.00),
(1608, 97, 1, 7, 182.00),
(1609, 97, 1, 5, 108.00),
(1610, 53, 1, 12, 70.00),
(1611, 103, 0, 1, 12.00),
(1612, 103, 0, 2, 12.00),
(1613, 103, 0, 3, 12.00),
(1614, 103, 0, 4, 12.00),
(1615, 103, 0, 5, 12.00),
(1616, 103, 0, 6, 12.00),
(1617, 103, 0, 7, 12.00),
(1618, 103, 0, 8, 12.00),
(1619, 103, 0, 9, 12.00),
(1620, 103, 0, 10, 12.00),
(1621, 103, 0, 11, 12.00),
(1622, 103, 0, 12, 12.00),
(1623, 111, 0, 1, 2.00),
(1624, 111, 0, 2, 2.00),
(1625, 111, 0, 3, 2.00),
(1626, 111, 0, 4, 2.00),
(1627, 111, 0, 5, 2.00),
(1628, 111, 0, 6, 2.00),
(1629, 111, 0, 7, 2.00),
(1630, 111, 0, 8, 2.00),
(1631, 111, 0, 9, 2.00),
(1632, 111, 0, 10, 2.00),
(1633, 111, 0, 11, 2.00),
(1634, 111, 0, 12, 2.00),
(1635, 117, 0, 1, 97.00),
(1636, 117, 0, 2, 97.00),
(1637, 117, 0, 3, 97.00),
(1638, 117, 0, 4, 97.00),
(1639, 117, 0, 5, 97.00),
(1640, 117, 0, 6, 97.00),
(1641, 117, 0, 7, 97.00),
(1642, 117, 0, 8, 97.00),
(1643, 117, 0, 9, 97.00),
(1644, 117, 0, 10, 97.00),
(1645, 117, 0, 11, 97.00),
(1646, 117, 0, 12, 97.00),
(1647, 104, 0, 1, 95.00),
(1648, 104, 0, 2, 95.00),
(1649, 104, 0, 3, 95.00),
(1650, 104, 0, 4, 95.00),
(1651, 104, 0, 5, 95.00),
(1652, 104, 0, 6, 95.00),
(1653, 104, 0, 7, 95.00),
(1654, 104, 0, 8, 95.00),
(1655, 104, 0, 9, 95.00),
(1656, 104, 0, 10, 95.00),
(1657, 104, 0, 11, 95.00),
(1658, 104, 0, 12, 95.00),
(1659, 107, 0, 1, 73.00),
(1660, 107, 0, 2, 73.00),
(1661, 107, 0, 3, 73.00),
(1662, 107, 0, 4, 73.00),
(1663, 107, 0, 5, 73.00),
(1664, 107, 0, 6, 73.00),
(1665, 107, 0, 7, 73.00),
(1666, 107, 0, 8, 73.00),
(1667, 107, 0, 9, 73.00),
(1668, 107, 0, 10, 73.00),
(1669, 107, 0, 11, 73.00),
(1670, 107, 0, 12, 73.00),
(1671, 106, 0, 1, 95.00),
(1672, 106, 0, 2, 95.00),
(1673, 106, 0, 3, 95.00),
(1674, 106, 0, 4, 95.00),
(1675, 106, 0, 5, 95.00),
(1676, 106, 0, 6, 95.00),
(1677, 106, 0, 7, 95.00),
(1678, 106, 0, 8, 95.00),
(1679, 106, 0, 9, 95.00),
(1680, 106, 0, 10, 95.00),
(1681, 106, 0, 11, 95.00),
(1682, 106, 0, 12, 95.00),
(1683, 108, 0, 1, 113.00),
(1684, 108, 0, 2, 113.00),
(1685, 108, 0, 3, 113.00),
(1686, 108, 0, 4, 113.00),
(1687, 108, 0, 5, 113.00),
(1688, 108, 0, 6, 113.00),
(1689, 108, 0, 7, 113.00),
(1690, 108, 0, 8, 113.00),
(1691, 108, 0, 9, 113.00),
(1692, 108, 0, 10, 113.00),
(1693, 108, 0, 11, 113.00),
(1694, 108, 0, 12, 113.00),
(1695, 109, 0, 1, 7.50),
(1696, 109, 0, 2, 7.50),
(1697, 109, 0, 3, 7.50),
(1698, 109, 0, 4, 7.50),
(1699, 109, 0, 5, 7.50),
(1700, 109, 0, 6, 7.50),
(1701, 109, 0, 7, 7.50),
(1702, 109, 0, 8, 7.50),
(1703, 109, 0, 9, 7.50),
(1704, 109, 0, 10, 7.50),
(1705, 109, 0, 11, 7.50),
(1706, 109, 0, 12, 7.50),
(1707, 110, 0, 1, 3.00),
(1708, 110, 0, 2, 3.00),
(1709, 110, 0, 3, 3.00),
(1710, 110, 0, 4, 3.00),
(1711, 110, 0, 5, 3.00),
(1712, 110, 0, 6, 3.00),
(1713, 110, 0, 7, 3.00),
(1714, 110, 0, 8, 3.00),
(1715, 110, 0, 9, 3.00),
(1716, 110, 0, 10, 3.00),
(1717, 110, 0, 11, 3.00),
(1718, 110, 0, 12, 3.00),
(1719, 116, 0, 1, 3.00),
(1720, 116, 0, 2, 3.00),
(1721, 116, 0, 3, 3.00),
(1722, 116, 0, 4, 3.00),
(1723, 116, 0, 5, 3.00),
(1724, 116, 0, 6, 3.00),
(1725, 116, 0, 7, 3.00),
(1726, 116, 0, 8, 3.00),
(1727, 116, 0, 9, 3.00),
(1728, 116, 0, 10, 3.00),
(1729, 116, 0, 11, 3.00),
(1730, 116, 0, 12, 3.00),
(1731, 54, 1, 12, 76.80),
(1732, 90, 1, 12, 1.78),
(1733, 46, 1, 12, 90.00),
(1734, 53, 1, 14, 89.16),
(1735, 53, 0, 14, 95.00),
(1736, 83, 1, 12, 4.26),
(1737, 92, 1, 12, 53.00),
(1738, 94, 1, 12, 15.00),
(1739, 57, 1, 12, 4.25),
(1740, 62, 1, 12, 85.00),
(1741, 63, 1, 12, 41.00),
(1742, 76, 1, 12, 0.95),
(1743, 52, 1, 12, 0.27),
(1744, 101, 1, 12, 99.64),
(1745, 112, 1, 1, 0.00),
(1746, 112, 0, 1, 1467000.00),
(1747, 56, 1, 11, 2128.00),
(1748, 56, 1, 12, 8461.00),
(1749, 48, 1, 11, 1024652.70),
(1750, 48, 1, 12, 911309.55),
(1751, 97, 1, 8, 138.00),
(1752, 97, 1, 9, 223.00),
(1753, 97, 1, 10, 90.00),
(1754, 97, 1, 11, 114.00),
(1755, 97, 1, 12, 267.00),
(1756, 97, 1, 14, 0.00),
(1757, 119, 0, 1, 300.00),
(1758, 119, 0, 2, 300.00),
(1759, 119, 0, 3, 300.00),
(1760, 119, 0, 4, 300.00),
(1761, 119, 0, 5, 300.00),
(1762, 119, 0, 6, 300.00),
(1763, 119, 0, 7, 300.00),
(1764, 119, 0, 8, 300.00),
(1765, 119, 0, 9, 300.00),
(1766, 119, 0, 10, 300.00),
(1767, 119, 0, 11, 300.00),
(1768, 119, 0, 12, 300.00),
(1769, 119, 1, 1, 0.00),
(1770, 99, 0, 1, 3000.00),
(1771, 99, 0, 2, 3000.00),
(1772, 99, 0, 3, 3000.00),
(1773, 99, 0, 4, 3000.00),
(1774, 99, 0, 5, 3000.00),
(1775, 99, 0, 6, 3000.00),
(1776, 99, 0, 7, 3000.00),
(1777, 99, 0, 8, 3000.00),
(1778, 99, 0, 9, 3000.00),
(1779, 99, 0, 10, 3000.00),
(1780, 99, 0, 11, 3000.00),
(1781, 99, 0, 12, 3000.00),
(1782, 99, 1, 1, 1418.52),
(1783, 98, 0, 3, 350.00),
(1784, 98, 0, 4, 350.00),
(1785, 98, 0, 5, 350.00),
(1786, 98, 0, 6, 350.00),
(1787, 98, 0, 7, 350.00),
(1788, 98, 0, 8, 350.00),
(1789, 98, 0, 9, 350.00),
(1790, 98, 0, 10, 350.00),
(1791, 98, 0, 11, 350.00),
(1792, 98, 0, 12, 350.00),
(1793, 99, 1, 11, 3357.85),
(1794, 99, 1, 12, 2767.06),
(1795, 99, 1, 10, 3409.96),
(1796, 99, 1, 9, 2006.10),
(1797, 99, 1, 8, 2818.58),
(1798, 99, 1, 7, 2830.55),
(1799, 99, 1, 6, 2552.06),
(1800, 99, 1, 5, 2007.38),
(1801, 99, 1, 4, 3684.87),
(1802, 99, 1, 3, 1895.91),
(1803, 99, 1, 2, 1421.12),
(1804, 98, 0, 14, 0.00),
(1805, 99, 0, 14, 0.00),
(1806, 99, 1, 14, 0.00),
(1807, 98, 1, 14, 0.00),
(1808, 59, 1, 11, 2.20),
(1809, 59, 1, 12, 1.80),
(1810, 60, 1, 12, 12.07);

-- --------------------------------------------------------

--
-- Estrutura para tabela `occupation`
--

CREATE TABLE `occupation` (
  `id` int(11) NOT NULL,
  `name` varchar(255) COLLATE utf8mb4_unicode_ci NOT NULL,
  `created_at` datetime NOT NULL
) ENGINE=InnoDB DEFAULT CHARSET=utf8mb4 COLLATE=utf8mb4_unicode_ci;

--
-- Despejando dados para a tabela `occupation`
--

INSERT INTO `occupation` (`id`, `name`, `created_at`) VALUES
(1, 'Teste', '2021-03-01 12:00:00');

-- --------------------------------------------------------

--
-- Estrutura para tabela `organizational_context`
--

CREATE TABLE `organizational_context` (
  `id` int(11) NOT NULL,
  `client_id` int(11) NOT NULL,
  `name` varchar(70) NOT NULL,
  `type` varchar(7) NOT NULL,
  `positive_factor` text,
  `difficulty` text,
  `action` text,
  `interested_party` text
) ENGINE=InnoDB DEFAULT CHARSET=utf8mb4;

--
-- Despejando dados para a tabela `organizational_context`
--

INSERT INTO `organizational_context` (`id`, `client_id`, `name`, `type`, `positive_factor`, `difficulty`, `action`, `interested_party`) VALUES
(1, 21, 'Manutenção Industrial', 'Interno', '[\"Capacita\\u00e7\\u00e3o tecnica da equipe\",\"Cadeia de fornecedores\",\"Velocidade na execu\\u00e7\\u00e3o\",\"Contrato de terceiriza\\u00e7\\u00e3o da sistematica de lubrifica\\u00e7\\u00e3o\"]', '[\"Plano de manuten\\u00e7\\u00e3o preventiva fragil\"]', '[\"Melhorar plano de manuten\\u00e7\\u00e3o preventiva das principais maquinas\"]', 'Sócios, clientes e fornecedores'),
(2, 21, 'Desenvolvimento Humano & Cultural', 'Interno', '[\"Promo\\u00e7\\u00e3o de comunica\\u00e7\\u00e3o aberta e transparente em todos os n\\u00edveis\",\"Aprendizado coletivo atrav\\u00e9s do trabalho em equipe na GRD\",\"Minicursos de aprendizado focado\",\"Equipe com experi\\u00eancia na fun\\u00e7\\u00e3o\"]', '[\"Assertividade na comunica\\u00e7\\u00e3o\",\"Reatividade a mudan\\u00e7as\"]', '[\"Estrutura\\u00e7\\u00e3o \\u00e1rea de RH\",\"Criar programa de melhoria cont\\u00ednua\"]', 'Sócios; Cliente & funcionários'),
(3, 21, 'Infra-estrutura Fabril', 'Interno', '[\"M\\u00e1quinas de alta qualidade\",\"Espa\\u00e7o fisico\\/ instala\\u00e7\\u00f5es internas\",\"Disponibilidade de energia eletrica\"]', '[\"Infiltra\\u00e7\\u00e3o no telhado\"]', '[\"Buscar solu\\u00e7\\u00e3o tecnica para resolver o problema de infiltra\\u00e7\\u00e3o\"]', 'Funcionários, Sócios'),
(4, 21, 'Mão de Obra Direta', 'Externo', '[\"Localiza\\u00e7\\u00e3o na Zona Industrial Norte\"]', '[\"Falta de m\\u00e3o de obra qualificada\",\"Competi\\u00e7\\u00e3o com Schulz, Tupy e outros\",\"Ausencias de pessoas causado pela pandemia\"]', '[\"Refor\\u00e7ar estrutura de RH\",\"Parceria com escolas t\\u00e9cnicas e universidades\",\"Reserva t\\u00e9cnica de pessoas\"]', 'Cliente; Sócios'),
(5, 21, 'Atendimento & Customer Care', 'Interno', '[\"Bom relacionamento com clientes\",\"Atendimento de urg\\u00eancia eficiente\",\"Suporte \\u00e1gil da equipe da qualidade\",\"Flexibilidade de entrega\"]', '[\"N\\u00e3o tem CRM instalado\",\"Registros de controle individuais\"]', '[\"Refor\\u00e7ar estrutura da \\u00e1rea da qualidade\"]', 'Clientes; Fornecedores & Sócios'),
(6, 17, 'Base de clientes TQMWork', 'Interno', '[\"Primeiro cliente utilizando 100% as ferramentas desenvolvidas\",\"Boa ader\\u00eancia na utiliza\\u00e7\\u00e3o dos m\\u00f3dulos\"]', '[\"Apenas uma empresa explorado o uso das ferramentas\"]', '[\"Apresentar as ferramentas TQMWork para 10 clientes potenciais\",\"Selecionar e implantar a solu\\u00e7\\u00e3o em 5 empresas\"]', 'Clientes TQMWork; Idealizador do projeto'),
(7, 17, 'Desenvolvimento de ferramentas', 'Interno', '[\"Equipe de desenvolvimento local\",\"Confiabilidade de entrega\"]', '[\"Retrabalho na entrega de m\\u00f3dulos\"]', '[\"Fortalecer parceria com contrato mensal fixo\"]', 'Fornecedor; Idealizador do projeto'),
(8, 21, 'Contabilidade de Custos', 'Interno', '[\"Utiliza\\u00e7\\u00e3o ERP Totvs Protheus\",\"Cadastros no Protheus\",\"Estruturas e roteiros definidos\"]', '[\"Apropria\\u00e7\\u00e3o de gastos de MOB+ GGF aos centros de custos\",\"Controle dos ativos imobilizados no Protheus\",\"Fechamentos de estoques \",\"Concillia\\u00e7\\u00e3o cont\\u00e1bil-financeira\",\"Aloca\\u00e7\\u00e3o adequada MOB nos Centros de Custos\",\"An\\u00e1lise de margem de contribu\\u00e7\\u00e3o dos neg\\u00f3cios\"]', '[\"Reestruturar bases para apura\\u00e7\\u00e3o dos custos\",\"Consolidar utiliza\\u00e7\\u00e3o do ERP-Totvs Protheus como ferramenta de suporte\"]', 'Sócios-diretores, clientes, colaboradores Durmetal.'),
(9, 19, 'Fábrica de Exaustores Industriais Titans', 'Interno', '[\"Demanda de mercado\",\"Produto de alta qualidade\",\"Projetos customizados\"]', '[\"Lead time de projeto\",\"Lead time de fabrica\\u00e7\\u00e3o \",\"Custos de fabrica\\u00e7\\u00e3o\"]', '[\"Reduzir lead time de projeto \",\"Reduzir lead time de produ\\u00e7\\u00e3o\",\"Aumentar produtividade\",\"Aumentar capacidade de entrega\"]', 'Clientes, sócios e colaboradores');

-- --------------------------------------------------------

--
-- Estrutura para tabela `pdp`
--

CREATE TABLE `pdp` (
  `id` int(11) NOT NULL,
  `owner_id` int(11) NOT NULL,
  `manager_id` int(11) DEFAULT NULL,
  `sponsor_id` int(11) DEFAULT NULL,
  `approver_initial_id` int(11) DEFAULT NULL,
  `approver_results_id` int(11) DEFAULT NULL,
  `functional_unit_id` int(11) DEFAULT NULL,
  `title` varchar(255) COLLATE utf8mb4_unicode_ci NOT NULL,
  `status` enum('Rascunho','Ativo','Desativado') COLLATE utf8mb4_unicode_ci DEFAULT NULL,
  `progress` enum('Ideia','Planejamento','Execução','Validação','Resultados') COLLATE utf8mb4_unicode_ci DEFAULT NULL,
  `idea` longtext COLLATE utf8mb4_unicode_ci,
  `target_effect` longtext COLLATE utf8mb4_unicode_ci,
  `resources` longtext COLLATE utf8mb4_unicode_ci,
  `interested_parts` varchar(255) COLLATE utf8mb4_unicode_ci DEFAULT NULL,
  `impact` enum('A','B','C') COLLATE utf8mb4_unicode_ci DEFAULT NULL,
  `priority` enum('Top','Alta','Média','Baixa') COLLATE utf8mb4_unicode_ci DEFAULT NULL,
  `situation` longtext COLLATE utf8mb4_unicode_ci,
  `in_out_scope` longtext COLLATE utf8mb4_unicode_ci,
  `customer_voice` varchar(255) COLLATE utf8mb4_unicode_ci DEFAULT NULL,
  `business_voice` varchar(255) COLLATE utf8mb4_unicode_ci DEFAULT NULL,
  `objectives` longtext COLLATE utf8mb4_unicode_ci,
  `premises` longtext COLLATE utf8mb4_unicode_ci,
  `planned_efforts` varchar(255) COLLATE utf8mb4_unicode_ci DEFAULT NULL,
  `planned_expenses` decimal(18,2) DEFAULT NULL,
  `planned_investments` decimal(18,2) DEFAULT NULL,
  `expected_benefits` decimal(18,2) DEFAULT NULL,
  `payback_months` int(11) DEFAULT NULL,
  `risk` enum('Alto','Médio','Baixo') COLLATE utf8mb4_unicode_ci DEFAULT NULL,
  `results` longtext COLLATE utf8mb4_unicode_ci,
  `realized_benefit` decimal(18,2) DEFAULT NULL,
  `start_date` datetime DEFAULT NULL,
  `created_at` datetime NOT NULL,
  `updated_at` datetime DEFAULT NULL,
  `client_id` int(11) DEFAULT NULL
) ENGINE=InnoDB DEFAULT CHARSET=utf8mb4 COLLATE=utf8mb4_unicode_ci;

--
-- Despejando dados para a tabela `pdp`
--

INSERT INTO `pdp` (`id`, `owner_id`, `manager_id`, `sponsor_id`, `approver_initial_id`, `approver_results_id`, `functional_unit_id`, `title`, `status`, `progress`, `idea`, `target_effect`, `resources`, `interested_parts`, `impact`, `priority`, `situation`, `in_out_scope`, `customer_voice`, `business_voice`, `objectives`, `premises`, `planned_efforts`, `planned_expenses`, `planned_investments`, `expected_benefits`, `payback_months`, `risk`, `results`, `realized_benefit`, `start_date`, `created_at`, `updated_at`, `client_id`) VALUES
(16, 4, 38, 38, 38, NULL, 1, 'Projeto Smart75', 'Ativo', 'Planejamento', 'teste', 'teste', 'teste', 'teste', 'A', 'Top', 'teste', 'teste', NULL, NULL, 'teste', 'teste', NULL, 0.00, 0.00, 0.00, NULL, 'Alto', NULL, 0.00, NULL, '2022-03-01 14:22:51', '2022-03-01 15:39:26', 17),
(17, 4, 38, 38, 38, 38, 4, 'Projeto teste 2', 'Ativo', 'Resultados', 'teste', 'teste', 'teste', 'teste', 'A', 'Top', 'teste', 'teste', 'teste', 'teste', 'teste', 'teste', NULL, 0.00, 0.00, 0.00, NULL, 'Alto', 'teste', 2222.22, NULL, '2022-03-01 15:42:00', '2022-05-16 18:41:32', 17),
(18, 4, 61, 61, 61, NULL, 5, 'Simulação PDP [call 02.03]', 'Ativo', 'Planejamento', 'teste', 'teste', 'teste', 'teste', 'C', 'Baixa', 'teste', 'teste', 'teste', 'teste', 'teste', 'teste', NULL, 0.00, 0.00, 0.00, NULL, 'Alto', NULL, 0.00, NULL, '2022-03-01 20:58:35', '2022-03-02 19:07:51', 17),
(20, 4, NULL, NULL, 38, 38, 1, 'Teste5', 'Ativo', 'Resultados', 'teste', 'teste', 'teste', NULL, 'A', 'Top', 'teste', 'teste', NULL, NULL, 'teste', 'teste', NULL, 0.00, 0.00, 0.00, NULL, 'Alto', 'teste', 0.00, NULL, '2022-03-02 19:55:27', '2022-03-02 20:07:57', 17),
(21, 4, 4, 38, 38, NULL, 4, 'Teste6', 'Rascunho', 'Execução', 'teste', 'teste', 'teste', 'teste', 'A', 'Alta', 'teste', 'teste', 'teste', NULL, 'teste', 'teste', NULL, 0.00, 0.00, 0.00, NULL, 'Alto', NULL, 0.00, NULL, '2022-03-02 20:15:54', '2022-03-02 20:31:50', 17),
(22, 4, 4, 38, 38, 38, 5, 'Teste7', 'Rascunho', 'Resultados', 'teste', 'teste', 'teste', 'teste', 'A', 'Top', 'teste', 'teste', 'teste', 'teste', 'teste', 'teste', NULL, 0.00, 0.00, 0.00, NULL, 'Alto', 'teste', 500.00, NULL, '2022-03-03 11:52:45', '2022-03-03 11:56:37', 17),
(23, 25, 25, 66, 17, NULL, 1, 'Linha de Tomadas Smart 75/76', 'Ativo', 'Validação', 'Desenvolver uma nova família de tomadas de força para mesma aplicação da atual família 70, porém com design simplificado; redução da quantidade de componentes, aplicação bi-direcional, direita e esquerda, ampliação de mix atendido com mesmos componentes.', 'Redução de custos e correção da margem da família de tomadas 70', 'Horas de engenharia e suprimentos, novos ferramentais para fundição, novas ferramentas e dispositivos para usinagem.', 'Sócios-diretores;  Clientes', 'A', 'Top', 'Hoje nossos concorrentes já possuem este produto. Com este desenvolvimento estaremos aumentando nosso portfolio, com a oportunidade de ter um produto mais competitivo.', 'Dentro: Família de tomadas 70 e 76 (Delivery)\r\nFora: Todas as demais famílias de tomadas.', 'Produto confiável, preço competitivo, qualidade assegurada.', 'Crescimento sustentável; ganho de marketshare', 'Atingir margem de contribuição >= 20%; Reduzir custos de materiais e produtivos; Reduzir complexidade de SKUs; Aumentar flexibilidade e nível de serviço.', 'Carcaça fundida atende multiplas aplicações; redução da lista de materiais; sistema de engrenagens bi-partida e monobloco; desenvolvimento de novos modelos para fundição;', '15000', 0.00, 0.00, 5220000.00, NULL, 'Médio', NULL, 0.00, NULL, '2022-03-08 17:11:38', '2022-11-08 17:07:09', 20),
(24, 6, 8, 11, 11, NULL, 1, 'Família Eixo EM3 [Nidec]', 'Ativo', 'Planejamento', 'Desenvolver nova família de eixos EM3 para atender demanda cliente Nidec', 'Bloquear novos entrantes; Aumentar receita e margem; Flexibilidade de fornecimento', 'Horas de engenharia e qualidade para estudo inicial de processos/ especificação; Novos dispositivos de usinagem e medição', 'Cliente Nidec; Sócios administradores', 'A', 'Alta', 'Cliente Nidec quer nacionalizar a fabricação de compressores EM3, atualmente fabricados na Eslováquia. Previsão inicial de atingir  60k unidades/mês. SKUs não são produzidos na planta Nidec Brasil.', 'Dentro: Homologar 4 skus usinados; 2 skus fundidos; \r\nFora:', 'Nacionalizar família EM3', 'Utilização da capacidade da 3° linha de eixos; aumentar receita; absorção de custos fixos da operação', 'Homologar 4 novos skus de eixos da família EM3', '(1) Utilizar capacidade da linha 3; (2) Certificação conforme método Nidec; (3) A linha irá produzir as famílias QTN; FMF; EMX3; (4) Linha com capacidade 120k/mês', '380horas/homem', 0.00, 300000.00, 0.00, NULL, 'Alto', NULL, 0.00, NULL, '2022-03-09 13:48:25', '2022-06-10 13:14:51', 21),
(25, 6, 8, 11, 11, NULL, 1, 'Eixo QTN 120k/mês [Nidec]', 'Ativo', 'Execução', 'Aumentar capacidade da linha 3 para 120k/mês.', 'Atender demanda cliente Nidec; Aumentar receita; Bloquear novos entrantes.', 'Horas de engenharia, qualidade, ferramentaria e manutenção para disponibilizar os recursos necessários.', 'Cliente Nidec; Sócios Administradores.', 'A', 'Top', 'Cliente Nidec quer nacionalizar a fabricação dos Eixos QTN, atualmente fabricado na China.', 'Dentro: Homologar 09 códigos de usinagem; 02 códigos de fundido.\r\nFora:', 'Nacionalizar Fabricação Eixo QTN.', 'Aumentar receita; Absorção de custos fixos da operação.', '(1) Atender necessidade do cliente Nidec;\r\n(2) Homologar 09 códigos;\r\n(3) Manter flexibilidade de fornecimento.', '(1) Certificação conforme padrão Nidec;\r\n(2) Dispositivos de furação semi automatizado;\r\n(3) Área de inspeção visual utilizando gradil.', NULL, 0.00, 0.00, 0.00, NULL, 'Médio', NULL, 0.00, NULL, '2022-03-10 10:40:30', '2022-04-04 17:41:36', 21),
(26, 4, 42, 38, 38, NULL, 1, 'Projeto Essenza 110', 'Ativo', 'Planejamento', 'Revisar o design da família de produtos Essenza 110', 'Melhorar usabilidade e interface com o usuário; recuperar e aumentar volume de vendas; corrigir margem do produto; lançar nova linha atrativa', 'Pesquisa de mercado Focus Group; Consultoria especializada em design de produto; horas de engenharia; novos moldes de injeção.', 'Sócios investidores; consumidores', 'A', 'Top', 'Família de produtos Essenza 110 está no mercado desde 2010 sem revisões. Equipe de vendas tem enfrentado dificuldades para fechar novos contratos e tem perdido alguns contratos para a concorrência. Reporta que a decisão é tomada somente sobre o preço.', 'Dentro: Revisar design dos 6 SKUs da família Essenza 110; Melhorar a usabilidade e interface do produto\r\nFora: Certificação internacional', 'Melhorar usabilidade e interface do produto; preço', 'Recuperar marketshare; aumentar rentabilidade', 'Lançar nova família de produtos Essenza 110 no segundo semestre 2022; Habilitar 30% de aumento de vendas com base nas vendas 2020; Aumentar satisfação dos consumidores com novo design de produto;\r\nMelhorar rentabilidade através da diferenciação.', 'Novo design definido a partir do resultado de pesquisa e experiências de usuários; Utilizar mesma plataforma de produto;  Revisar o design da carcaça principal; Manter mesmo fluxo produtivo de fabricação e montagem; explorar a utilização da cadeia atual.', '800', 5800.00, 45000.00, 380000.00, 8, 'Médio', NULL, 0.00, NULL, '2022-03-15 02:31:54', '2022-03-23 11:13:21', 17),
(27, 17, 40, 17, 17, 17, 3, 'CK- TOTVS Protheus [MRP]', 'Ativo', 'Resultados', 'Habilitar a função MRP-I e MRP-II no ERP TOTVS Protheus', 'Aumentar assertividade no processo de planejamento e compras de materiais;  Aumentar produtividade.', 'Consultoria especializada no sistema ERP TOTVS Protheus; Horas internas para revisão de procedimentos operacionais (controles)', 'Clientes; sócios diretores, colaboradores', 'A', 'Alta', 'Nova versão do MRP Protheus promete melhorias de desempenho e flexibildiade de uso; Simulador atual em uso, não atende por completo todas as necessidades.', 'Dentro: Implantação do módulo de MRP; treinamento das equipes envolvidas; ajustes nos métodos\r\nFora: outros módulos', 'Aumentar qualidade das informações e eficiência das operações e processos', 'Habilitar crescimento Tylco', '(0) Tornar o MRP uma ferramenta de valor estratégico no planejamento então,  (1) Aumentar a assertividade no processo de suprimento e re-suprimento (Zero ruptura de estoque); (2) Aumentar a eficiência na fabricação e montagem (OEE>68%); (3) NSL>75%', 'Solicitações e pedidos de compras; saldo em poder de terceiros; ordens de produção; carteira de pedidos e pedidos de vendas geridos pelos respectivos responsáveis; fechamento mensal de estoques; acuracidade de estoques e reportes.', '80', 500.00, 20000.00, 200000.00, 1, 'Baixo', 'Após 4 tentativas sem sucesso, neste projeto o MRP Tovts foi implantado com êxito em resultado do suporte e apoio de todos membros de equipe deste projeto. Com uso do MRP passamos a garantir o equilibrio do volume de compras com as demandas e previsão de vendas, evitando erros neste processo. Estima-se benefício total superior a R$300k/ por ano. Mensurado ganho de eficiência no processo de compras  ~R$50k/ano (1 comprador).', 63687.36, NULL, '2022-03-16 13:37:27', '2022-11-29 13:27:57', 20),
(28, 17, 7, 66, 17, NULL, 2, 'CK- Produtividade Células de Montagem', 'Ativo', 'Planejamento', 'Círculo de kaizens para aumentar a produtividade das células de montagem de tomadas e bombas hidráulicas', 'Reduzir custos e aumentar flexibilidade', 'Horas de engenharia; caldeiraria; revisão de instalações e equipamentos.', 'Clientes; Sócios Diretores', 'B', 'Alta', 'Método deficiente de montagem;  Apresentação de materiais e layout deficiente; Falta de sincronia entre usinagem em montagem; Operação de teste e embalagem deficientes. Erros de suprimento.', 'Dentro: Layout, bancadas, apresentação de materiais; comunicação visual e procedimentos; 5S, melhoria da qualidade, fluxo com operação de pintura.\r\nFora: Alteração de engenharia de produto;', 'Produto com qualidade garantida, entregue no prazo, com preço competitivo', 'Satisfação de cliente, Rentabilidade sustentável', 'Aumentar 50% produtividade; Implantar apresentação de materiais Lean; Revisar layout; implantar FIFO lane (carrinhos)', 'Aumentar produtividade garantindo qualidade; utilizar engenhosisadade da equipe; exploxar oportunidade de pequenas automações; matérias primas disponíves', '250', 0.00, 0.00, 0.00, NULL, 'Alto', NULL, 0.00, NULL, '2022-03-16 17:20:04', '2022-06-14 19:13:08', 20),
(29, 11, 31, 65, 11, NULL, 2, 'CK- Manutenção Planejada (Profissional)', 'Ativo', 'Planejamento', 'Implementar uma sistemática de manutenção planejada', 'Aumentar taxa de disponibilitade e reduzir custos', 'Adequação da estrutura de manutenção e competências; investimentos na revisão das instalações da área de manutenção;  Revisão do inventários de peças reposição, horas de treinamento, recuperação das condições básicas de máquinas e equipamentos.', 'Sócios-diretores; clientes', 'A', 'Top', 'Alta frequência de manutenções corretivas (quebras);  baixa frequência de manutenções corretivas programadas e/ou preventivas; Mentalidade reativa;  fluxo de valor de atendimento ineficiente, capacitação técnica insuficiente, PCM insuficiente.', 'Dentro: Recursos produtivos da unidade de serviços e produtos\r\nFora: Engenharia de automação de máquinas;  serviços de logística para manutenção', 'Alto nível de serviço, entrega no prazo', 'Maior eficência com qualidade garantida', 'Aumentar disponibilidade (> 98%); reestrutrar área de manutenção; implantar as condições básicas para promover e desenvoler a cultura TPM', 'Estrutura adequada, OPEX / CAPEX adequado.', NULL, 0.00, 0.00, 0.00, NULL, 'Alto', NULL, 0.00, NULL, '2022-03-17 12:33:01', '2022-05-06 12:46:30', 21),
(31, 8, 8, 11, 11, NULL, 4, 'Bloco EM3', 'Ativo', 'Ideia', 'Implantar família de blocos EM3', 'Aumetar receita e flexibilidade, bloqueio de novos entrantes', 'Horas de engenharia e uma Heller', 'cliente Nidec e socios Durmetal', 'B', 'Alta', 'Cliente irá nacionalizar os componentes utilizados na familia EM3', 'Projetar e fabricar um par de novos dispositivos para este bloco e ajustar a rosqueadeira EMX', 'Definição adiante', 'Definição adiante', 'Tempo de usinagem até 15% superior ao EM3', 'Definição adiante', NULL, 0.00, 200000.00, 0.00, NULL, 'Alto', NULL, 0.00, NULL, '2022-03-21 20:18:27', '2022-03-23 13:54:46', 21),
(32, 4, 38, NULL, NULL, NULL, 1, 'Teste Ajustes ação', 'Rascunho', 'Ideia', 'teste teste teste teste teste teste teste teste teste teste teste teste teste teste teste teste teste teste teste teste teste teste teste teste teste teste teste teste teste teste teste teste teste teste teste testeteste teste teste teste teste testeteste teste teste teste teste testeteste teste teste teste teste testeteste teste teste teste teste testeteste teste teste teste teste testeteste teste teste teste teste testeteste teste teste teste teste testeteste teste teste teste teste testeteste teste teste teste teste testeteste teste teste teste teste teste', 'teste teste teste teste teste testeteste teste teste teste teste testeteste teste teste teste teste testeteste teste teste teste teste testeteste teste teste teste teste testeteste teste teste teste teste testeteste teste teste teste teste testeteste teste teste teste teste testeteste teste teste teste teste testeteste teste teste teste teste testeteste teste teste teste teste testeteste teste teste teste teste testeteste teste teste teste teste testeteste teste teste teste teste testeteste teste teste teste teste testeteste teste teste teste teste teste', 'teste teste teste teste teste testeteste teste teste teste teste testeteste teste teste teste teste testeteste teste teste teste teste testeteste teste teste teste teste testeteste teste teste teste teste testeteste teste teste teste teste testeteste teste teste teste teste testeteste teste teste teste teste testeteste teste teste teste teste testeteste teste teste teste teste testeteste teste teste teste teste testeteste teste teste teste teste testeteste teste teste teste teste testeteste teste teste teste teste testeteste teste teste teste teste testeteste teste teste teste teste teste', 'teste teste teste teste teste testeteste teste teste teste teste testeteste teste teste teste teste testeteste teste teste teste teste testeteste teste teste teste teste testeteste teste teste teste teste testeteste teste teste teste teste testeteste test', 'C', 'Baixa', 'teste teste teste teste teste testeteste teste teste teste teste testeteste teste teste teste teste testeteste teste teste teste teste testeteste teste teste teste teste testeteste teste teste teste teste testeteste teste teste teste teste testeteste teste teste teste teste testeteste teste teste teste teste testeteste teste teste teste teste testeteste teste teste teste teste testeteste teste teste teste teste testeteste teste teste teste teste testeteste teste teste teste teste testeteste teste teste teste teste testeteste teste teste teste teste testeteste teste teste teste teste testeteste teste teste teste teste testeteste teste teste teste teste testeteste teste teste teste teste testeteste teste teste teste teste testeteste teste teste teste teste testeteste teste teste teste teste testeteste teste teste teste teste testeteste teste teste teste teste testeteste teste teste teste teste testeteste teste teste teste teste testeteste teste teste teste teste testeteste teste teste teste teste testeteste teste teste teste teste testeteste teste teste teste teste testeteste teste teste teste teste testeteste teste teste teste teste testeteste teste teste teste teste testeteste teste teste teste teste testeteste teste teste teste teste testeteste teste teste teste teste testeteste teste teste teste teste testeteste teste teste teste teste testeteste teste teste teste teste testeteste teste teste teste teste teste', 'teste teste teste teste teste testeteste teste teste teste teste testeteste teste teste teste teste testeteste teste teste teste teste testeteste teste teste teste teste testeteste teste teste teste teste testeteste teste teste teste teste testeteste teste teste teste teste testeteste teste teste teste teste testeteste teste teste teste teste testeteste teste teste teste teste testeteste teste teste teste teste testeteste teste teste teste teste testeteste teste teste teste teste testeteste teste teste teste teste testeteste teste teste teste teste testeteste teste teste teste teste testeteste teste teste teste teste testeteste teste teste teste teste testeteste teste teste teste teste testeteste teste teste teste teste testeteste teste teste teste teste testeteste teste teste teste teste testeteste teste teste teste teste testeteste teste teste teste teste testeteste teste teste teste teste testeteste teste teste teste teste testeteste teste teste teste teste testeteste teste teste teste teste testeteste teste teste teste teste testeteste teste teste teste teste testeteste teste teste teste teste testeteste teste teste teste teste teste', 'teste teste teste teste teste testeteste teste teste teste teste testeteste teste teste teste teste testeteste teste teste teste teste testeteste teste teste teste teste testeteste teste teste teste teste testeteste teste teste teste teste testeteste', 'teste teste teste teste teste testeteste teste teste teste teste testeteste teste teste teste teste testeteste teste teste teste teste testeteste teste teste teste teste testeteste teste teste teste teste testeteste teste teste teste teste testeteste', 'teste teste teste teste teste testeteste teste teste teste teste testeteste teste teste teste teste testeteste teste teste teste teste testeteste teste teste teste teste testeteste teste teste teste teste testeteste teste teste teste teste testeteste test', 'teste teste teste teste teste testeteste teste teste teste teste testeteste teste teste teste teste testeteste teste teste teste teste testeteste teste teste teste teste testeteste teste teste teste teste testeteste teste teste teste teste testeteste test', NULL, 0.00, 0.00, 0.00, NULL, 'Alto', NULL, 0.00, NULL, '2022-03-23 14:10:07', '2023-06-29 13:13:18', 17),
(33, 8, 8, 65, 65, 65, 2, 'Melhorias eixo FMF', 'Ativo', 'Resultados', 'Aplicar ações para tornar o fluxo e produção do eixo FMF mais \"normal\"', 'Rendimento da fabrica', 'Horas de engenharia, projeto, ferramentaria e recursos financeiros', 'cliente Nidec e socios Durmetal', 'B', 'Alta', 'Processo de fabricação instavel e fluxo de produção não definido', 'NA', 'Definição adiante', 'Definição adiante', 'Tornar o fluxo \"normal\"', 'NA', NULL, 0.00, 0.00, 0.00, NULL, 'Alto', NULL, 0.00, NULL, '2022-04-08 14:42:41', '2022-11-03 16:07:34', 21),
(34, 11, 15, 28, 11, NULL, 5, 'Implantação Ferramenta BI', 'Ativo', 'Execução', 'Integrar ferramenta de Business Inteligence [BI] ao ERP Protheus', 'Aumentar velocidade do processo de análises e decisões.', 'Ferramenta de BI', 'Grupo de gestão', 'B', 'Média', 'ERP Protheus não tem integrado uma ferramenta de BI que facilite análises dos processos de negócio. No momento essas análises são feitas de forma indivual, através da extração e mineração dos relatórios do ERP no excel.  A informação não é atualizada em tempo real, é processada em lotes.', 'Dentro: BI para processos de compras; vendas e financeiro. \r\nFora: Todos demais processos.', 'Informações em tempo real para tomada de decisões', 'Crescimento sustentável', 'Implantar ferramenta de BI', 'Ferramenta integrada ao ERP Protheus; Informações em tempo real;  Investimento deve ter payback validado', '150', 500.00, 18000.00, 0.00, NULL, 'Alto', NULL, 0.00, NULL, '2022-05-06 13:09:55', '2022-11-16 13:33:03', 21),
(35, 11, 11, 11, 11, 11, 5, 'Robotizar Tarefa Conciliação Títulos Antecipados', 'Ativo', 'Resultados', 'robotizar a operação de conciliação dos títulos antecipados no ERP - reporte da DN no Totvs', 'Aumentar eficiência da operação de conciliação; Garantir qualidade da operação', 'Horas de consultoria - programação', 'Equipe interna; Sócios', 'C', 'Média', 'No momento, a operação de conciliação é feita de forma manual, estima-se um gasto de 5h diárias para execução desta operação.', 'Dentro: Implantar Robô na operação de conciliação de títulos antecipados;\r\nFora: Demais operações', 'Precisão no reporte dos títulos', 'Aumentar eficiência', 'Automatizar 100% a operação de conciliação de títulos antecipados', 'Automação via Protheus', '3', 360.00, 2500.00, 0.00, 1, 'Baixo', 'Durante o processo de mapeamento foi observado pela própria equipe que não há necessidade de automarizar tarefa.', 2500.00, NULL, '2022-05-06 13:44:59', '2022-05-31 12:40:33', 21),
(36, 4, 42, 38, 38, NULL, 2, 'teste MS50', 'Ativo', 'Planejamento', 'teste MS50', 'teste MS50', 'teste MS50', 'teste MS50', 'B', 'Baixa', 'teste MS50', 'teste MS50', 'teste MS50', 'teste MS50', 'teste MS50', 'teste MS50', 'teste MS50', 0.00, 0.00, 0.00, NULL, 'Alto', NULL, 0.00, NULL, '2022-05-16 18:46:18', '2022-05-16 19:17:50', 17),
(37, 11, 75, 28, 11, NULL, 5, 'Fábrica de Valor [Assª. Martinelli]', 'Ativo', 'Validação', 'Nova fase do projeto Fábrica de Valor tem foco em aumentar a qualidade e confiabilidade das informações a fim de apoiar os processos decisórios de gestão Durmetal/Tylco.', 'Precisão na apuração dos resultados do negócio', 'Assessoria especializada; homens/hora equipe de gestão', 'Sócios-Diretores, Colaboradores', 'A', 'Top', 'Faturamento e fluxo de caixa são os norteadores do processo decisório. Para habilitar um nova fase de crescimento com qualidade é necessário instrumentar a equipe de gestão com novos indicadores de desempenho.', 'Dentro: Todos processos do negócio\r\nFora:  Desenvolvimento de mercado e clientes', 'Alto nível de serviço, melhor preço com qualidade garantida', 'Rentabilidade sustentável, desenvolvimento social', 'Apuração mensal do resultado consolidado dos negócios; Recuperar impostos ao máximo possível; Gestão de custos das operações e produtos; Crescimento sustentável, Segurança jurídica.', 'Utilização do TOTVS Protheus; Equipe comprometida com o projeto; Suporte no desenvolvimento dos sitemas TI;\r\n\r\nCF01= Custos fase 01; CB01=Contábil fase 01; EF01= Estoques fase 01;  AU2- Segundo ciclo de auditoria;  FL01- Fiscal fase 01; (obs)= Meta ação sob análise, ainda sem prazo e responsável.', '850', 2000.00, 48000.00, 0.00, NULL, 'Baixo', NULL, 0.00, NULL, '2022-05-26 13:44:14', '2022-10-04 14:53:55', 21),
(38, 58, 58, 51, 51, NULL, 1, 'Titan LD/BLD UNIV.', 'Ativo', 'Execução', 'Desenvolver uma família de produtos standard para exportação.', '(1) Ingressar no mercado da América Latina e EUA com produtos da linha Titan; (2) Ampliar participação da exportação no faturamento;', 'Horas de engenharia, consultoria especializada (ECB), materiais para protótipos, viagens, pesquisa de mercado;', 'Sócios diretores, clientes, depto vendas, colaboradores.', 'A', 'Top', 'O mercado nacional demanda por produtos com alto nível de customização, diferente do mercado internacional, onde sua maior demanda é por produtos standard (de prateleira). Com a criação dessa família de produtos, será possível ingressar no mercado internacional, aumentando a carteira de clientes, habilitando oportunidades de padronização para o mercado nacional, redução do prazo de entrega e aumento de vendas.', 'Dentro: Especificar nova família de Titans, processos de fabricação, tipo de pintura, materiais, definir embalagem, verificar certificação para o mercado internacional, desenho default;\r\nFora: Dimensionamento de motor; Especificação de polias; Especificação de correia;', 'Produtos padrões, com baixa ou nenhuma personalização; Qualidade garantida; Menor prazo de entrega; Preço competitivo;', 'Ampliar a participação de mercado, nacional e principalmente internacional; Aumentar a competitividade com produtos standard; Entregas no menor prazo; Aumento de vendas e receitas.', '(1) Lançamento da família Titan nos tamanhos 200 a 1120; (2) Padronização de componentes, para uso na linha nacional;', '(1) Padronização de componentes; (2) Utilização da linha de produção atual; (3) Dois projetistas envolvidos; (4) Simulação em laboratório; (5) Fabricação de protótipo;', NULL, 0.00, 0.00, 0.00, NULL, 'Alto', NULL, 0.00, NULL, '2022-08-17 17:20:16', '2023-01-05 11:10:20', 19),
(39, 58, 58, 51, 51, NULL, 1, 'Splitvent - ABS', 'Ativo', 'Resultados', 'Upgrade em produto existente substituindo peças em alumínio por peças plásticas (ABS).', '1) Garantir padronização dos componentes do produto; 2) Facilitar e agilizar a montagem; 3) Reduzir o peso do produto; 4)Minimizar dificuldades com fornecedores;', 'Horas de engenharia, materiais para protótipos, serviço de impressão 3D;', 'Sócios diretores, clientes, depto vendas, colaboradores.', 'A', 'Alta', 'O mercado atual demanda de produtos com menor prazo de entrega possível. Com essa alteração, é possível garantir mais agilidade e padronização no processo de fabricação e montagem e consequentemente, menor prazo de entrega.', 'Dentro: Desenvolver componentes em material plástico ABS; Reduzir peso; Melhorar qualidade do produto; Melhorar aparência do produto;\r\nFora: Embalagem; Especificação de material; Especificação de motor; Desenvolver nova geometria;', 'Produtos padrões, com baixa ou nenhuma personalização; Qualidade garantida; Menor prazo de entrega; Preço competitivo;', 'Ampliar a participação de mercado nacional; Aumentar a competitividade com produtos standard; Entregas no menor prazo; Aumento de vendas e receitas.', '1) Melhorar e agilizar montagem do produto; 2)Melhorar qualidade de fornecimento; 3)Padronizar componentes;', '1) Padronização de componentes; 2) Utilização da linha de produção atual; 3) Um projetista envolvido; 4) Fabricação de protótipo; 5)Testes de laboratório;', NULL, 0.00, 0.00, 0.00, 0, 'Alto', NULL, 0.00, NULL, '2022-09-06 18:40:39', '2022-09-06 19:10:43', 19),
(40, 10, 54, 51, 51, NULL, 2, 'Projeto Titan 200+', 'Ativo', 'Planejamento', 'Produzir e entregar 200 unidades de produção (pesos) na fábrica de Titans.', '(1)Aumentar participação no mercado de exaustores; (2) aumentar top line de vendas e rentabilidade; (3) otimização processos de fabricação.', 'Horas de engenharia e de equipe interna de fábrica; equipamentos de fabricação; suporte das áreas de apoio.', 'Sócios diretores, Clientes e Colaboradores', 'A', 'Top', 'No cenário atual a fábrica de Titans enfrenta dificuldades para atender toda demanda do mercado. Com aumento da capacidade de entrega será possível aumentar a satisfação de seus clientes, habilitar novos negócio e aumentar a participação da Sictell no mercado de exaustores industriais.', 'Dentro: Processo de corte, pintura, dobra, pré-montagem, balanceamento, montagem, especificação, suprimentos.\r\nFora: Processo comercial', 'Pedido recebido no prazo, preço competitivo, qualidade garantida', 'Aumentar participação no mercado, aumento de vendas e rentabilidade', '(1) Produzir e entregar 2OO unidades de produção (pesos) de Titans; (2) Aumentar a eficiência das operações\r\n\r\nNota em 15/12/2022: A partir de julho de 2023 a operação deverá estar preparada para produzir e entregar em média 240 unidades de produção-pesos.', 'Foco da equipe na realização das iniciativas do projeto; manter nível de excelência qualitativa dos produtos; investimento na estrutura.\r\n\r\nLegenda ações: QA=Qualidade Garantida; LG=Logística; EG=Engenharia; PR=Produção; MA=Manutenção; EF=Estrutura fabril e suporte', NULL, 0.00, 0.00, 0.00, NULL, 'Alto', NULL, 0.00, NULL, '2022-09-29 20:35:40', '2023-01-11 12:37:53', 19),
(41, 58, 58, 51, 51, NULL, 1, 'Linha SR', 'Ativo', 'Validação', 'Desenvolver uma família de produtos standard.', '1) Produtos Standard com baixo custo e alto grau de eficiência; 2) Prazos de entrega reduzidos;', 'Horas de engenharia, materiais para protótipos, pesquisa de mercado, equipamentos de teste;', 'Sócios diretores, clientes, depto vendas, colaboradores.', 'A', 'Top', 'O mercado nacional demanda por produtos standard (de prateleira), com eficiência comprovada e entrega ágil. Com a criação dessa família de produtos, será possível ingressar no mercado nacional e internacional, aumentando a carteira de clientes, habilitando oportunidades e aumento de vendas.', 'Dentro: Especificar nova família de Produtos, processos de fabricação, materiais, definir embalagem, desenho default para catálogo, especificação de motores, testes de Vazão e Pressão;\r\nFora:', 'Produtos padrões, com baixa ou nenhuma personalização; Qualidade garantida; Menor prazo de entrega; Preço competitivo;', 'Ampliar a participação de mercado, nacional e principalmente internacional; Aumentar a competitividade com produtos standard; Entregas no menor prazo; Aumento de vendas e receitas.', '(1) Lançamento da família de Exaustores de baixo custo nos tamanhos 200 a 400; (2) Padronização de componentes; (3) Utilização de motores já existentes em estoque.', '(1) Padronização de componentes; (2) Utilização da linha de produção atual; (3) Dois projetistas envolvidos; (4) Simulação e testes em laboratório; (5) Fabricação de protótipo;', NULL, 0.00, 0.00, 0.00, NULL, 'Alto', NULL, 0.00, NULL, '2022-10-03 15:01:58', '2023-01-05 11:06:01', 19),
(42, 25, 25, 2, 2, NULL, 1, 'Tomada Série 83/84', 'Rascunho', 'Ideia', 'Desenvolvimento da série 83 e 84 conforme premissas do projeto Smart 75.', 'Aumento de vendas e rentabilidade.', 'Horas de engenharia, investimento em ferramentas e moldes.', 'ASD', 'A', 'Top', 'ASD', 'ASD', 'ASD', 'ASD', 'ASD', 'ASD', NULL, 0.00, 0.00, 0.00, NULL, 'Alto', NULL, 0.00, NULL, '2022-11-08 17:36:55', '2022-11-08 17:36:55', 20),
(43, 25, 25, 2, 2, NULL, 1, 'Bomba Três Vias', 'Rascunho', 'Ideia', 'ASD', 'ASD', 'ASD', 'ASD', 'B', 'Alta', 'ASD', 'ASD', 'ASD', 'ASD', 'ASD', 'ASD', NULL, 0.00, 0.00, 0.00, NULL, 'Alto', NULL, 0.00, NULL, '2022-11-08 17:46:12', '2022-11-08 17:46:12', 20),
(44, 25, 25, 2, 2, NULL, 1, 'Bomba T12', 'Rascunho', 'Ideia', 'ASD', 'ASD', 'ASD', 'ASD', 'B', 'Alta', 'ASD', 'ASD', 'ASD', 'ASD', 'ASD', 'ASD', NULL, 0.00, 0.00, 0.00, NULL, 'Alto', NULL, 0.00, NULL, '2022-11-08 17:47:19', '2022-11-08 17:47:19', 20),
(45, 54, 54, 51, 51, NULL, 2, 'Kaizen - melhorias volutas', 'Ativo', 'Planejamento', 'Realizar evento Kaizen para melhoria no processo de fabricação de volutas', '- Aumentar capacidade de entrega.', 'Horas homem, equipamentos, materiais', 'Clientes, sócios', 'B', 'Alta', 'Instabilidade no processo de fabricação, atraso nas entregas dos pedidos de vendas, necessidades de horas extras, falta de padronização na execução do trabalho', 'Dentro: Processo de montagem de volutas, projeto de equipamentos Titans. \r\nFora: Aspectos comerciais.', 'Produto entregue no prazo com qualidade especificada', 'Aumentar a eficiência e rentabilidade com clientes satisfeitos', '- Melhorar segurança, qualidade e aumentar produtividade.\r\nProdutividade atual: ?????\r\nProdutividade esperada: ????', 'Disponibilidade e envolvimento da equipe, competências técnicas.', '63', 0.00, 0.00, 0.00, NULL, 'Baixo', NULL, 0.00, NULL, '2023-01-11 15:31:59', '2023-01-11 16:26:08', 19),
(46, 54, 59, 51, 51, NULL, 4, 'Kaizen Fluxo de pedidos de vendas de Titans', 'Rascunho', 'Ideia', 'Realizar um evento Kaizen para implantar melhorias no fluxo de comunicação e administração da entrada à entrega dos pedidos de vendas de titans.', 'Maior fluidez no processo de entrada e administração de vendas de titans.', 'Equipe disponível, recursos TI.', 'Equipes de PCP, ADM vendas, Engenharia, Logística', 'B', 'Média', 'Processo de implantação de pedidos de vendas de Titans é complexo, e com muitos desperdícios, gerido através de e-mail, com alto fluxo de informações, que por vezes se perdem ou ficam confusas, impactando no prazo de atendimento ao cliente, e também afetando a qualidade do produto (projeto do produto diferente do que o cliente tem como necessidade ou expectativa).', 'Dentro: Fluxo da entrada até faturamento do pedido.\r\nFora: Etapas de fabricação do produto', 'Menor prazo de entrega, agilidade na informação de entregas, receber o produto no prazo acordado, receber o produto conforme o especificado.', 'facilitar comunicação entre equipes envolvidas no processo, reduzir retrabalhos, e redução do cycle time das operações.', '1.	Otimizar o fluxo da gestão de pedidos de vendas de titans							\r\n2.	Reduzir cycle time de processamento do pedido de vendas em todas as áreas							\r\n3.	Reduzir erros no processamento dos pedidos de vendas titans							\r\n4	Kaizen traga impactos positivos na gestão dos pedidos das demais Bus.', 'Seja 100% totalmente engajado\r\nRespeite os tempos que foram estabelecidos\r\nAssuma riscos\r\nEsteja aberto a novas ideias\r\nSeja respeitoso perante apresentadores e colegas\r\nNão mantenha conversas paralelas\r\nDesligue telefones celulares e laptops \r\nDIVIRTAM-SE!', '100', 0.00, 0.00, 0.00, NULL, 'Alto', NULL, 0.00, NULL, '2023-01-16 13:58:00', '2023-01-16 20:07:26', 19),
(47, 4, 42, 38, 38, NULL, 2, 'teste MS50', 'Ativo', 'Planejamento', 'teste MS50', 'teste MS50', 'teste MS50', 'teste MS50', 'B', 'Baixa', 'teste MS50', 'teste MS50', 'teste MS50', 'teste MS50', 'teste MS50', 'teste MS50', 'teste MS50', 0.00, 0.00, 0.00, NULL, 'Alto', NULL, 0.00, NULL, '2022-05-16 18:46:18', '2022-05-16 19:17:50', 17),
(48, 4, 42, 38, 38, NULL, 2, 'teste MS50', 'Ativo', 'Planejamento', 'teste MS50', 'teste MS50', 'teste MS50', 'teste MS50', 'B', 'Baixa', 'teste MS50', 'teste MS50', 'teste MS50', 'teste MS50', 'teste MS50', 'teste MS50', 'teste MS50', 0.00, 0.00, 0.00, NULL, 'Alto', NULL, 0.00, NULL, '2022-05-16 18:46:18', '2022-05-16 19:17:50', 17),
(49, 4, 42, 38, 38, NULL, 2, 'teste MS50', 'Ativo', 'Planejamento', 'teste MS50', 'teste MS50', 'teste MS50', 'teste MS50', 'B', 'Baixa', 'teste MS50', 'teste MS50', 'teste MS50', 'teste MS50', 'teste MS50', 'teste MS50', 'teste MS50', 0.00, 0.00, 0.00, NULL, 'Alto', NULL, 0.00, NULL, '2022-05-16 18:46:18', '2022-05-16 19:17:50', 17),
(50, 4, 4, 38, 38, 38, 5, 'Teste7', 'Rascunho', 'Resultados', 'teste', 'teste', 'teste', 'teste', 'A', 'Top', 'teste', 'teste', 'teste', 'teste', 'teste', 'teste', NULL, 0.00, 0.00, 0.00, NULL, 'Alto', 'teste', 500.00, NULL, '2022-03-03 11:52:45', '2022-03-03 11:56:37', 17),
(51, 4, 4, 38, 38, 38, 5, 'Teste7', 'Rascunho', 'Resultados', 'teste', 'teste', 'teste', 'teste', 'A', 'Top', 'teste', 'teste', 'teste', 'teste', 'teste', 'teste', NULL, 0.00, 0.00, 0.00, NULL, 'Alto', 'teste', 500.00, NULL, '2022-03-03 11:52:45', '2022-03-03 11:56:37', 17),
(52, 5, 38, 38, 38, NULL, 1, 'Teste Ajustes', 'Rascunho', 'Ideia', 'teste teste teste teste teste teste teste teste teste teste teste teste teste teste teste teste teste teste teste teste teste teste teste teste teste teste teste teste teste teste teste teste teste teste teste testeteste teste teste teste teste testeteste teste teste teste teste testeteste teste teste teste teste testeteste teste teste teste teste testeteste teste teste teste teste testeteste teste teste teste teste testeteste teste teste teste teste testeteste teste teste teste teste testeteste teste teste teste teste testeteste teste teste teste teste teste', 'teste teste teste teste teste testeteste teste teste teste teste testeteste teste teste teste teste testeteste teste teste teste teste testeteste teste teste teste teste testeteste teste teste teste teste testeteste teste teste teste teste testeteste teste teste teste teste testeteste teste teste teste teste testeteste teste teste teste teste testeteste teste teste teste teste testeteste teste teste teste teste testeteste teste teste teste teste testeteste teste teste teste teste testeteste teste teste teste teste testeteste teste teste teste teste teste', 'teste teste teste teste teste testeteste teste teste teste teste testeteste teste teste teste teste testeteste teste teste teste teste testeteste teste teste teste teste testeteste teste teste teste teste testeteste teste teste teste teste testeteste teste teste teste teste testeteste teste teste teste teste testeteste teste teste teste teste testeteste teste teste teste teste testeteste teste teste teste teste testeteste teste teste teste teste testeteste teste teste teste teste testeteste teste teste teste teste testeteste teste teste teste teste testeteste teste teste teste teste teste', 'teste teste teste teste teste testeteste teste teste teste teste testeteste teste teste teste teste testeteste teste teste teste teste testeteste teste teste teste teste testeteste teste teste teste teste testeteste teste teste teste teste testeteste test', 'C', 'Baixa', 'teste teste teste teste teste testeteste teste teste teste teste testeteste teste teste teste teste testeteste teste teste teste teste testeteste teste teste teste teste testeteste teste teste teste teste testeteste teste teste teste teste testeteste teste teste teste teste testeteste teste teste teste teste testeteste teste teste teste teste testeteste teste teste teste teste testeteste teste teste teste teste testeteste teste teste teste teste testeteste teste teste teste teste testeteste teste teste teste teste testeteste teste teste teste teste testeteste teste teste teste teste testeteste teste teste teste teste testeteste teste teste teste teste testeteste teste teste teste teste testeteste teste teste teste teste testeteste teste teste teste teste testeteste teste teste teste teste testeteste teste teste teste teste testeteste teste teste teste teste testeteste teste teste teste teste testeteste teste teste teste teste testeteste teste teste teste teste testeteste teste teste teste teste testeteste teste teste teste teste testeteste teste teste teste teste testeteste teste teste teste teste testeteste teste teste teste teste testeteste teste teste teste teste testeteste teste teste teste teste testeteste teste teste teste teste testeteste teste teste teste teste testeteste teste teste teste teste testeteste teste teste teste teste testeteste teste teste teste teste testeteste teste teste teste teste teste', 'teste teste teste teste teste testeteste teste teste teste teste testeteste teste teste teste teste testeteste teste teste teste teste testeteste teste teste teste teste testeteste teste teste teste teste testeteste teste teste teste teste testeteste teste teste teste teste testeteste teste teste teste teste testeteste teste teste teste teste testeteste teste teste teste teste testeteste teste teste teste teste testeteste teste teste teste teste testeteste teste teste teste teste testeteste teste teste teste teste testeteste teste teste teste teste testeteste teste teste teste teste testeteste teste teste teste teste testeteste teste teste teste teste testeteste teste teste teste teste testeteste teste teste teste teste testeteste teste teste teste teste testeteste teste teste teste teste testeteste teste teste teste teste testeteste teste teste teste teste testeteste teste teste teste teste testeteste teste teste teste teste testeteste teste teste teste teste testeteste teste teste teste teste testeteste teste teste teste teste testeteste teste teste teste teste testeteste teste teste teste teste testeteste teste teste teste teste teste', 'teste teste teste teste teste testeteste teste teste teste teste testeteste teste teste teste teste testeteste teste teste teste teste testeteste teste teste teste teste testeteste teste teste teste teste testeteste teste teste teste teste testeteste', 'teste teste teste teste teste testeteste teste teste teste teste testeteste teste teste teste teste testeteste teste teste teste teste testeteste teste teste teste teste testeteste teste teste teste teste testeteste teste teste teste teste testeteste', 'teste teste teste teste teste testeteste teste teste teste teste testeteste teste teste teste teste testeteste teste teste teste teste testeteste teste teste teste teste testeteste teste teste teste teste testeteste teste teste teste teste testeteste test', 'teste teste teste teste teste testeteste teste teste teste teste testeteste teste teste teste teste testeteste teste teste teste teste testeteste teste teste teste teste testeteste teste teste teste teste testeteste teste teste teste teste testeteste test', NULL, 0.00, 0.00, 0.00, NULL, 'Alto', NULL, 0.00, NULL, '2022-03-23 14:10:07', '2022-03-23 14:13:01', 17),
(53, 5, 38, 38, 38, NULL, 1, 'Teste Ajustes', 'Rascunho', 'Ideia', 'teste teste teste teste teste teste teste teste teste teste teste teste teste teste teste teste teste teste teste teste teste teste teste teste teste teste teste teste teste teste teste teste teste teste teste testeteste teste teste teste teste testeteste teste teste teste teste testeteste teste teste teste teste testeteste teste teste teste teste testeteste teste teste teste teste testeteste teste teste teste teste testeteste teste teste teste teste testeteste teste teste teste teste testeteste teste teste teste teste testeteste teste teste teste teste teste', 'teste teste teste teste teste testeteste teste teste teste teste testeteste teste teste teste teste testeteste teste teste teste teste testeteste teste teste teste teste testeteste teste teste teste teste testeteste teste teste teste teste testeteste teste teste teste teste testeteste teste teste teste teste testeteste teste teste teste teste testeteste teste teste teste teste testeteste teste teste teste teste testeteste teste teste teste teste testeteste teste teste teste teste testeteste teste teste teste teste testeteste teste teste teste teste teste', 'teste teste teste teste teste testeteste teste teste teste teste testeteste teste teste teste teste testeteste teste teste teste teste testeteste teste teste teste teste testeteste teste teste teste teste testeteste teste teste teste teste testeteste teste teste teste teste testeteste teste teste teste teste testeteste teste teste teste teste testeteste teste teste teste teste testeteste teste teste teste teste testeteste teste teste teste teste testeteste teste teste teste teste testeteste teste teste teste teste testeteste teste teste teste teste testeteste teste teste teste teste teste', 'teste teste teste teste teste testeteste teste teste teste teste testeteste teste teste teste teste testeteste teste teste teste teste testeteste teste teste teste teste testeteste teste teste teste teste testeteste teste teste teste teste testeteste test', 'C', 'Baixa', 'teste teste teste teste teste testeteste teste teste teste teste testeteste teste teste teste teste testeteste teste teste teste teste testeteste teste teste teste teste testeteste teste teste teste teste testeteste teste teste teste teste testeteste teste teste teste teste testeteste teste teste teste teste testeteste teste teste teste teste testeteste teste teste teste teste testeteste teste teste teste teste testeteste teste teste teste teste testeteste teste teste teste teste testeteste teste teste teste teste testeteste teste teste teste teste testeteste teste teste teste teste testeteste teste teste teste teste testeteste teste teste teste teste testeteste teste teste teste teste testeteste teste teste teste teste testeteste teste teste teste teste testeteste teste teste teste teste testeteste teste teste teste teste testeteste teste teste teste teste testeteste teste teste teste teste testeteste teste teste teste teste testeteste teste teste teste teste testeteste teste teste teste teste testeteste teste teste teste teste testeteste teste teste teste teste testeteste teste teste teste teste testeteste teste teste teste teste testeteste teste teste teste teste testeteste teste teste teste teste testeteste teste teste teste teste testeteste teste teste teste teste testeteste teste teste teste teste testeteste teste teste teste teste testeteste teste teste teste teste testeteste teste teste teste teste teste', 'teste teste teste teste teste testeteste teste teste teste teste testeteste teste teste teste teste testeteste teste teste teste teste testeteste teste teste teste teste testeteste teste teste teste teste testeteste teste teste teste teste testeteste teste teste teste teste testeteste teste teste teste teste testeteste teste teste teste teste testeteste teste teste teste teste testeteste teste teste teste teste testeteste teste teste teste teste testeteste teste teste teste teste testeteste teste teste teste teste testeteste teste teste teste teste testeteste teste teste teste teste testeteste teste teste teste teste testeteste teste teste teste teste testeteste teste teste teste teste testeteste teste teste teste teste testeteste teste teste teste teste testeteste teste teste teste teste testeteste teste teste teste teste testeteste teste teste teste teste testeteste teste teste teste teste testeteste teste teste teste teste testeteste teste teste teste teste testeteste teste teste teste teste testeteste teste teste teste teste testeteste teste teste teste teste testeteste teste teste teste teste testeteste teste teste teste teste teste', 'teste teste teste teste teste testeteste teste teste teste teste testeteste teste teste teste teste testeteste teste teste teste teste testeteste teste teste teste teste testeteste teste teste teste teste testeteste teste teste teste teste testeteste', 'teste teste teste teste teste testeteste teste teste teste teste testeteste teste teste teste teste testeteste teste teste teste teste testeteste teste teste teste teste testeteste teste teste teste teste testeteste teste teste teste teste testeteste', 'teste teste teste teste teste testeteste teste teste teste teste testeteste teste teste teste teste testeteste teste teste teste teste testeteste teste teste teste teste testeteste teste teste teste teste testeteste teste teste teste teste testeteste test', 'teste teste teste teste teste testeteste teste teste teste teste testeteste teste teste teste teste testeteste teste teste teste teste testeteste teste teste teste teste testeteste teste teste teste teste testeteste teste teste teste teste testeteste test', NULL, 0.00, 0.00, 0.00, NULL, 'Alto', NULL, 0.00, NULL, '2022-03-23 14:10:07', '2022-03-23 14:13:01', 17);
INSERT INTO `pdp` (`id`, `owner_id`, `manager_id`, `sponsor_id`, `approver_initial_id`, `approver_results_id`, `functional_unit_id`, `title`, `status`, `progress`, `idea`, `target_effect`, `resources`, `interested_parts`, `impact`, `priority`, `situation`, `in_out_scope`, `customer_voice`, `business_voice`, `objectives`, `premises`, `planned_efforts`, `planned_expenses`, `planned_investments`, `expected_benefits`, `payback_months`, `risk`, `results`, `realized_benefit`, `start_date`, `created_at`, `updated_at`, `client_id`) VALUES
(54, 5, 38, 38, 38, NULL, 1, 'Teste Ajustes', 'Rascunho', 'Ideia', 'teste teste teste teste teste teste teste teste teste teste teste teste teste teste teste teste teste teste teste teste teste teste teste teste teste teste teste teste teste teste teste teste teste teste teste testeteste teste teste teste teste testeteste teste teste teste teste testeteste teste teste teste teste testeteste teste teste teste teste testeteste teste teste teste teste testeteste teste teste teste teste testeteste teste teste teste teste testeteste teste teste teste teste testeteste teste teste teste teste testeteste teste teste teste teste teste', 'teste teste teste teste teste testeteste teste teste teste teste testeteste teste teste teste teste testeteste teste teste teste teste testeteste teste teste teste teste testeteste teste teste teste teste testeteste teste teste teste teste testeteste teste teste teste teste testeteste teste teste teste teste testeteste teste teste teste teste testeteste teste teste teste teste testeteste teste teste teste teste testeteste teste teste teste teste testeteste teste teste teste teste testeteste teste teste teste teste testeteste teste teste teste teste teste', 'teste teste teste teste teste testeteste teste teste teste teste testeteste teste teste teste teste testeteste teste teste teste teste testeteste teste teste teste teste testeteste teste teste teste teste testeteste teste teste teste teste testeteste teste teste teste teste testeteste teste teste teste teste testeteste teste teste teste teste testeteste teste teste teste teste testeteste teste teste teste teste testeteste teste teste teste teste testeteste teste teste teste teste testeteste teste teste teste teste testeteste teste teste teste teste testeteste teste teste teste teste teste', 'teste teste teste teste teste testeteste teste teste teste teste testeteste teste teste teste teste testeteste teste teste teste teste testeteste teste teste teste teste testeteste teste teste teste teste testeteste teste teste teste teste testeteste test', 'C', 'Baixa', 'teste teste teste teste teste testeteste teste teste teste teste testeteste teste teste teste teste testeteste teste teste teste teste testeteste teste teste teste teste testeteste teste teste teste teste testeteste teste teste teste teste testeteste teste teste teste teste testeteste teste teste teste teste testeteste teste teste teste teste testeteste teste teste teste teste testeteste teste teste teste teste testeteste teste teste teste teste testeteste teste teste teste teste testeteste teste teste teste teste testeteste teste teste teste teste testeteste teste teste teste teste testeteste teste teste teste teste testeteste teste teste teste teste testeteste teste teste teste teste testeteste teste teste teste teste testeteste teste teste teste teste testeteste teste teste teste teste testeteste teste teste teste teste testeteste teste teste teste teste testeteste teste teste teste teste testeteste teste teste teste teste testeteste teste teste teste teste testeteste teste teste teste teste testeteste teste teste teste teste testeteste teste teste teste teste testeteste teste teste teste teste testeteste teste teste teste teste testeteste teste teste teste teste testeteste teste teste teste teste testeteste teste teste teste teste testeteste teste teste teste teste testeteste teste teste teste teste testeteste teste teste teste teste testeteste teste teste teste teste testeteste teste teste teste teste teste', 'teste teste teste teste teste testeteste teste teste teste teste testeteste teste teste teste teste testeteste teste teste teste teste testeteste teste teste teste teste testeteste teste teste teste teste testeteste teste teste teste teste testeteste teste teste teste teste testeteste teste teste teste teste testeteste teste teste teste teste testeteste teste teste teste teste testeteste teste teste teste teste testeteste teste teste teste teste testeteste teste teste teste teste testeteste teste teste teste teste testeteste teste teste teste teste testeteste teste teste teste teste testeteste teste teste teste teste testeteste teste teste teste teste testeteste teste teste teste teste testeteste teste teste teste teste testeteste teste teste teste teste testeteste teste teste teste teste testeteste teste teste teste teste testeteste teste teste teste teste testeteste teste teste teste teste testeteste teste teste teste teste testeteste teste teste teste teste testeteste teste teste teste teste testeteste teste teste teste teste testeteste teste teste teste teste testeteste teste teste teste teste testeteste teste teste teste teste teste', 'teste teste teste teste teste testeteste teste teste teste teste testeteste teste teste teste teste testeteste teste teste teste teste testeteste teste teste teste teste testeteste teste teste teste teste testeteste teste teste teste teste testeteste', 'teste teste teste teste teste testeteste teste teste teste teste testeteste teste teste teste teste testeteste teste teste teste teste testeteste teste teste teste teste testeteste teste teste teste teste testeteste teste teste teste teste testeteste', 'teste teste teste teste teste testeteste teste teste teste teste testeteste teste teste teste teste testeteste teste teste teste teste testeteste teste teste teste teste testeteste teste teste teste teste testeteste teste teste teste teste testeteste test', 'teste teste teste teste teste testeteste teste teste teste teste testeteste teste teste teste teste testeteste teste teste teste teste testeteste teste teste teste teste testeteste teste teste teste teste testeteste teste teste teste teste testeteste test', NULL, 0.00, 0.00, 0.00, NULL, 'Alto', NULL, 0.00, NULL, '2022-03-23 14:10:07', '2022-03-23 14:13:01', 17),
(55, 4, 1, 61, 61, NULL, 1, 'teste', 'Ativo', 'Ideia', 'teste', 'teste', 'teste', 'teste', 'A', 'Top', 'teste', 'teste', 'teste', 'teste', 'teste', 'teste', 'teste', 0.01, 0.00, 0.00, NULL, 'Alto', NULL, 0.00, NULL, '2023-06-30 12:35:16', '2023-06-30 12:35:16', 17),
(56, 4, 4, 38, 38, 38, 5, 'Teste7', 'Rascunho', 'Resultados', 'teste', 'teste', 'teste', 'teste', 'A', 'Top', 'teste', 'teste', 'teste', 'teste', 'teste', 'teste', NULL, 0.00, 0.00, 0.00, NULL, 'Alto', 'teste', 500.00, NULL, '2022-03-03 11:52:45', '2022-03-03 11:56:37', 17),
(57, 4, 38, NULL, 61, NULL, 1, 'Teste Ajustes', 'Rascunho', 'Ideia', 'teste teste teste teste teste teste teste teste teste teste teste teste teste teste teste teste teste teste teste teste teste teste teste teste teste teste teste teste teste teste teste teste teste teste teste testeteste teste teste teste teste testeteste teste teste teste teste testeteste teste teste teste teste testeteste teste teste teste teste testeteste teste teste teste teste testeteste teste teste teste teste testeteste teste teste teste teste testeteste teste teste teste teste testeteste teste teste teste teste testeteste teste teste teste teste teste', 'teste teste teste teste teste testeteste teste teste teste teste testeteste teste teste teste teste testeteste teste teste teste teste testeteste teste teste teste teste testeteste teste teste teste teste testeteste teste teste teste teste testeteste teste teste teste teste testeteste teste teste teste teste testeteste teste teste teste teste testeteste teste teste teste teste testeteste teste teste teste teste testeteste teste teste teste teste testeteste teste teste teste teste testeteste teste teste teste teste testeteste teste teste teste teste teste', 'teste teste teste teste teste testeteste teste teste teste teste testeteste teste teste teste teste testeteste teste teste teste teste testeteste teste teste teste teste testeteste teste teste teste teste testeteste teste teste teste teste testeteste teste teste teste teste testeteste teste teste teste teste testeteste teste teste teste teste testeteste teste teste teste teste testeteste teste teste teste teste testeteste teste teste teste teste testeteste teste teste teste teste testeteste teste teste teste teste testeteste teste teste teste teste testeteste teste teste teste teste teste', 'teste teste teste teste teste testeteste teste teste teste teste testeteste teste teste teste teste testeteste teste teste teste teste testeteste teste teste teste teste testeteste teste teste teste teste testeteste teste teste teste teste testeteste test', 'C', 'Baixa', 'teste teste teste teste teste testeteste teste teste teste teste testeteste teste teste teste teste testeteste teste teste teste teste testeteste teste teste teste teste testeteste teste teste teste teste testeteste teste teste teste teste testeteste teste teste teste teste testeteste teste teste teste teste testeteste teste teste teste teste testeteste teste teste teste teste testeteste teste teste teste teste testeteste teste teste teste teste testeteste teste teste teste teste testeteste teste teste teste teste testeteste teste teste teste teste testeteste teste teste teste teste testeteste teste teste teste teste testeteste teste teste teste teste testeteste teste teste teste teste testeteste teste teste teste teste testeteste teste teste teste teste testeteste teste teste teste teste testeteste teste teste teste teste testeteste teste teste teste teste testeteste teste teste teste teste testeteste teste teste teste teste testeteste teste teste teste teste testeteste teste teste teste teste testeteste teste teste teste teste testeteste teste teste teste teste testeteste teste teste teste teste testeteste teste teste teste teste testeteste teste teste teste teste testeteste teste teste teste teste testeteste teste teste teste teste testeteste teste teste teste teste testeteste teste teste teste teste testeteste teste teste teste teste testeteste teste teste teste teste testeteste teste teste teste teste teste', 'teste teste teste teste teste testeteste teste teste teste teste testeteste teste teste teste teste testeteste teste teste teste teste testeteste teste teste teste teste testeteste teste teste teste teste testeteste teste teste teste teste testeteste teste teste teste teste testeteste teste teste teste teste testeteste teste teste teste teste testeteste teste teste teste teste testeteste teste teste teste teste testeteste teste teste teste teste testeteste teste teste teste teste testeteste teste teste teste teste testeteste teste teste teste teste testeteste teste teste teste teste testeteste teste teste teste teste testeteste teste teste teste teste testeteste teste teste teste teste testeteste teste teste teste teste testeteste teste teste teste teste testeteste teste teste teste teste testeteste teste teste teste teste testeteste teste teste teste teste testeteste teste teste teste teste testeteste teste teste teste teste testeteste teste teste teste teste testeteste teste teste teste teste testeteste teste teste teste teste testeteste teste teste teste teste testeteste teste teste teste teste testeteste teste teste teste teste teste', 'teste teste teste teste teste testeteste teste teste teste teste testeteste teste teste teste teste testeteste teste teste teste teste testeteste teste teste teste teste testeteste teste teste teste teste testeteste teste teste teste teste testeteste', 'teste teste teste teste teste testeteste teste teste teste teste testeteste teste teste teste teste testeteste teste teste teste teste testeteste teste teste teste teste testeteste teste teste teste teste testeteste teste teste teste teste testeteste', 'teste teste teste teste teste testeteste teste teste teste teste testeteste teste teste teste teste testeteste teste teste teste teste testeteste teste teste teste teste testeteste teste teste teste teste testeteste teste teste teste teste testeteste test', 'teste teste teste teste teste testeteste teste teste teste teste testeteste teste teste teste teste testeteste teste teste teste teste testeteste teste teste teste teste testeteste teste teste teste teste testeteste teste teste teste teste testeteste test', NULL, 0.00, 0.00, 0.00, NULL, 'Alto', NULL, 0.00, NULL, '2022-03-23 14:10:07', '2023-06-30 12:40:21', 17),
(58, 4, 38, NULL, 61, NULL, 1, 'Teste Ajustes', 'Rascunho', 'Ideia', 'teste teste teste teste teste teste teste teste teste teste teste teste teste teste teste teste teste teste teste teste teste teste teste teste teste teste teste teste teste teste teste teste teste teste teste testeteste teste teste teste teste testeteste teste teste teste teste testeteste teste teste teste teste testeteste teste teste teste teste testeteste teste teste teste teste testeteste teste teste teste teste testeteste teste teste teste teste testeteste teste teste teste teste testeteste teste teste teste teste testeteste teste teste teste teste teste', 'teste teste teste teste teste testeteste teste teste teste teste testeteste teste teste teste teste testeteste teste teste teste teste testeteste teste teste teste teste testeteste teste teste teste teste testeteste teste teste teste teste testeteste teste teste teste teste testeteste teste teste teste teste testeteste teste teste teste teste testeteste teste teste teste teste testeteste teste teste teste teste testeteste teste teste teste teste testeteste teste teste teste teste testeteste teste teste teste teste testeteste teste teste teste teste teste', 'teste teste teste teste teste testeteste teste teste teste teste testeteste teste teste teste teste testeteste teste teste teste teste testeteste teste teste teste teste testeteste teste teste teste teste testeteste teste teste teste teste testeteste teste teste teste teste testeteste teste teste teste teste testeteste teste teste teste teste testeteste teste teste teste teste testeteste teste teste teste teste testeteste teste teste teste teste testeteste teste teste teste teste testeteste teste teste teste teste testeteste teste teste teste teste testeteste teste teste teste teste teste', 'teste teste teste teste teste testeteste teste teste teste teste testeteste teste teste teste teste testeteste teste teste teste teste testeteste teste teste teste teste testeteste teste teste teste teste testeteste teste teste teste teste testeteste test', 'C', 'Baixa', 'teste teste teste teste teste testeteste teste teste teste teste testeteste teste teste teste teste testeteste teste teste teste teste testeteste teste teste teste teste testeteste teste teste teste teste testeteste teste teste teste teste testeteste teste teste teste teste testeteste teste teste teste teste testeteste teste teste teste teste testeteste teste teste teste teste testeteste teste teste teste teste testeteste teste teste teste teste testeteste teste teste teste teste testeteste teste teste teste teste testeteste teste teste teste teste testeteste teste teste teste teste testeteste teste teste teste teste testeteste teste teste teste teste testeteste teste teste teste teste testeteste teste teste teste teste testeteste teste teste teste teste testeteste teste teste teste teste testeteste teste teste teste teste testeteste teste teste teste teste testeteste teste teste teste teste testeteste teste teste teste teste testeteste teste teste teste teste testeteste teste teste teste teste testeteste teste teste teste teste testeteste teste teste teste teste testeteste teste teste teste teste testeteste teste teste teste teste testeteste teste teste teste teste testeteste teste teste teste teste testeteste teste teste teste teste testeteste teste teste teste teste testeteste teste teste teste teste testeteste teste teste teste teste testeteste teste teste teste teste testeteste teste teste teste teste teste', 'teste teste teste teste teste testeteste teste teste teste teste testeteste teste teste teste teste testeteste teste teste teste teste testeteste teste teste teste teste testeteste teste teste teste teste testeteste teste teste teste teste testeteste teste teste teste teste testeteste teste teste teste teste testeteste teste teste teste teste testeteste teste teste teste teste testeteste teste teste teste teste testeteste teste teste teste teste testeteste teste teste teste teste testeteste teste teste teste teste testeteste teste teste teste teste testeteste teste teste teste teste testeteste teste teste teste teste testeteste teste teste teste teste testeteste teste teste teste teste testeteste teste teste teste teste testeteste teste teste teste teste testeteste teste teste teste teste testeteste teste teste teste teste testeteste teste teste teste teste testeteste teste teste teste teste testeteste teste teste teste teste testeteste teste teste teste teste testeteste teste teste teste teste testeteste teste teste teste teste testeteste teste teste teste teste testeteste teste teste teste teste testeteste teste teste teste teste teste', 'teste teste teste teste teste testeteste teste teste teste teste testeteste teste teste teste teste testeteste teste teste teste teste testeteste teste teste teste teste testeteste teste teste teste teste testeteste teste teste teste teste testeteste', 'teste teste teste teste teste testeteste teste teste teste teste testeteste teste teste teste teste testeteste teste teste teste teste testeteste teste teste teste teste testeteste teste teste teste teste testeteste teste teste teste teste testeteste', 'teste teste teste teste teste testeteste teste teste teste teste testeteste teste teste teste teste testeteste teste teste teste teste testeteste teste teste teste teste testeteste teste teste teste teste testeteste teste teste teste teste testeteste test', 'teste teste teste teste teste testeteste teste teste teste teste testeteste teste teste teste teste testeteste teste teste teste teste testeteste teste teste teste teste testeteste teste teste teste teste testeteste teste teste teste teste testeteste test', NULL, 0.00, 0.00, 0.00, NULL, 'Alto', NULL, 0.00, NULL, '2022-03-23 14:10:07', '2023-06-30 12:40:21', 17),
(59, 4, 38, 38, NULL, NULL, 1, 'Teste Ajustes', 'Rascunho', 'Ideia', 'teste teste teste teste teste teste teste teste teste teste teste teste teste teste teste teste teste teste teste teste teste teste teste teste teste teste teste teste teste teste teste teste teste teste teste testeteste teste teste teste teste testeteste teste teste teste teste testeteste teste teste teste teste testeteste teste teste teste teste testeteste teste teste teste teste testeteste teste teste teste teste testeteste teste teste teste teste testeteste teste teste teste teste testeteste teste teste teste teste testeteste teste teste teste teste teste', 'teste teste teste teste teste testeteste teste teste teste teste testeteste teste teste teste teste testeteste teste teste teste teste testeteste teste teste teste teste testeteste teste teste teste teste testeteste teste teste teste teste testeteste teste teste teste teste testeteste teste teste teste teste testeteste teste teste teste teste testeteste teste teste teste teste testeteste teste teste teste teste testeteste teste teste teste teste testeteste teste teste teste teste testeteste teste teste teste teste testeteste teste teste teste teste teste', 'teste teste teste teste teste testeteste teste teste teste teste testeteste teste teste teste teste testeteste teste teste teste teste testeteste teste teste teste teste testeteste teste teste teste teste testeteste teste teste teste teste testeteste teste teste teste teste testeteste teste teste teste teste testeteste teste teste teste teste testeteste teste teste teste teste testeteste teste teste teste teste testeteste teste teste teste teste testeteste teste teste teste teste testeteste teste teste teste teste testeteste teste teste teste teste testeteste teste teste teste teste teste', 'teste teste teste teste teste testeteste teste teste teste teste testeteste teste teste teste teste testeteste teste teste teste teste testeteste teste teste teste teste testeteste teste teste teste teste testeteste teste teste teste teste testeteste test', 'C', 'Baixa', 'teste teste teste teste teste testeteste teste teste teste teste testeteste teste teste teste teste testeteste teste teste teste teste testeteste teste teste teste teste testeteste teste teste teste teste testeteste teste teste teste teste testeteste teste teste teste teste testeteste teste teste teste teste testeteste teste teste teste teste testeteste teste teste teste teste testeteste teste teste teste teste testeteste teste teste teste teste testeteste teste teste teste teste testeteste teste teste teste teste testeteste teste teste teste teste testeteste teste teste teste teste testeteste teste teste teste teste testeteste teste teste teste teste testeteste teste teste teste teste testeteste teste teste teste teste testeteste teste teste teste teste testeteste teste teste teste teste testeteste teste teste teste teste testeteste teste teste teste teste testeteste teste teste teste teste testeteste teste teste teste teste testeteste teste teste teste teste testeteste teste teste teste teste testeteste teste teste teste teste testeteste teste teste teste teste testeteste teste teste teste teste testeteste teste teste teste teste testeteste teste teste teste teste testeteste teste teste teste teste testeteste teste teste teste teste testeteste teste teste teste teste testeteste teste teste teste teste testeteste teste teste teste teste testeteste teste teste teste teste testeteste teste teste teste teste teste', 'teste teste teste teste teste testeteste teste teste teste teste testeteste teste teste teste teste testeteste teste teste teste teste testeteste teste teste teste teste testeteste teste teste teste teste testeteste teste teste teste teste testeteste teste teste teste teste testeteste teste teste teste teste testeteste teste teste teste teste testeteste teste teste teste teste testeteste teste teste teste teste testeteste teste teste teste teste testeteste teste teste teste teste testeteste teste teste teste teste testeteste teste teste teste teste testeteste teste teste teste teste testeteste teste teste teste teste testeteste teste teste teste teste testeteste teste teste teste teste testeteste teste teste teste teste testeteste teste teste teste teste testeteste teste teste teste teste testeteste teste teste teste teste testeteste teste teste teste teste testeteste teste teste teste teste testeteste teste teste teste teste testeteste teste teste teste teste testeteste teste teste teste teste testeteste teste teste teste teste testeteste teste teste teste teste testeteste teste teste teste teste testeteste teste teste teste teste teste', 'teste teste teste teste teste testeteste teste teste teste teste testeteste teste teste teste teste testeteste teste teste teste teste testeteste teste teste teste teste testeteste teste teste teste teste testeteste teste teste teste teste testeteste', 'teste teste teste teste teste testeteste teste teste teste teste testeteste teste teste teste teste testeteste teste teste teste teste testeteste teste teste teste teste testeteste teste teste teste teste testeteste teste teste teste teste testeteste', 'teste teste teste teste teste testeteste teste teste teste teste testeteste teste teste teste teste testeteste teste teste teste teste testeteste teste teste teste teste testeteste teste teste teste teste testeteste teste teste teste teste testeteste test', 'teste teste teste teste teste testeteste teste teste teste teste testeteste teste teste teste teste testeteste teste teste teste teste testeteste teste teste teste teste testeteste teste teste teste teste testeteste teste teste teste teste testeteste test', NULL, 0.00, 0.00, 0.00, NULL, 'Alto', NULL, 0.00, NULL, '2022-03-23 14:10:07', '2022-03-23 14:13:01', 17),
(62, 4, 38, 38, NULL, NULL, 1, 'Teste Ajustes', 'Rascunho', 'Ideia', 'teste teste teste teste teste teste teste teste teste teste teste teste teste teste teste teste teste teste teste teste teste teste teste teste teste teste teste teste teste teste teste teste teste teste teste testeteste teste teste teste teste testeteste teste teste teste teste testeteste teste teste teste teste testeteste teste teste teste teste testeteste teste teste teste teste testeteste teste teste teste teste testeteste teste teste teste teste testeteste teste teste teste teste testeteste teste teste teste teste testeteste teste teste teste teste teste', 'teste teste teste teste teste testeteste teste teste teste teste testeteste teste teste teste teste testeteste teste teste teste teste testeteste teste teste teste teste testeteste teste teste teste teste testeteste teste teste teste teste testeteste teste teste teste teste testeteste teste teste teste teste testeteste teste teste teste teste testeteste teste teste teste teste testeteste teste teste teste teste testeteste teste teste teste teste testeteste teste teste teste teste testeteste teste teste teste teste testeteste teste teste teste teste teste', 'teste teste teste teste teste testeteste teste teste teste teste testeteste teste teste teste teste testeteste teste teste teste teste testeteste teste teste teste teste testeteste teste teste teste teste testeteste teste teste teste teste testeteste teste teste teste teste testeteste teste teste teste teste testeteste teste teste teste teste testeteste teste teste teste teste testeteste teste teste teste teste testeteste teste teste teste teste testeteste teste teste teste teste testeteste teste teste teste teste testeteste teste teste teste teste testeteste teste teste teste teste teste', 'teste teste teste teste teste testeteste teste teste teste teste testeteste teste teste teste teste testeteste teste teste teste teste testeteste teste teste teste teste testeteste teste teste teste teste testeteste teste teste teste teste testeteste test', 'C', 'Baixa', 'teste teste teste teste teste testeteste teste teste teste teste testeteste teste teste teste teste testeteste teste teste teste teste testeteste teste teste teste teste testeteste teste teste teste teste testeteste teste teste teste teste testeteste teste teste teste teste testeteste teste teste teste teste testeteste teste teste teste teste testeteste teste teste teste teste testeteste teste teste teste teste testeteste teste teste teste teste testeteste teste teste teste teste testeteste teste teste teste teste testeteste teste teste teste teste testeteste teste teste teste teste testeteste teste teste teste teste testeteste teste teste teste teste testeteste teste teste teste teste testeteste teste teste teste teste testeteste teste teste teste teste testeteste teste teste teste teste testeteste teste teste teste teste testeteste teste teste teste teste testeteste teste teste teste teste testeteste teste teste teste teste testeteste teste teste teste teste testeteste teste teste teste teste testeteste teste teste teste teste testeteste teste teste teste teste testeteste teste teste teste teste testeteste teste teste teste teste testeteste teste teste teste teste testeteste teste teste teste teste testeteste teste teste teste teste testeteste teste teste teste teste testeteste teste teste teste teste testeteste teste teste teste teste testeteste teste teste teste teste testeteste teste teste teste teste teste', 'teste teste teste teste teste testeteste teste teste teste teste testeteste teste teste teste teste testeteste teste teste teste teste testeteste teste teste teste teste testeteste teste teste teste teste testeteste teste teste teste teste testeteste teste teste teste teste testeteste teste teste teste teste testeteste teste teste teste teste testeteste teste teste teste teste testeteste teste teste teste teste testeteste teste teste teste teste testeteste teste teste teste teste testeteste teste teste teste teste testeteste teste teste teste teste testeteste teste teste teste teste testeteste teste teste teste teste testeteste teste teste teste teste testeteste teste teste teste teste testeteste teste teste teste teste testeteste teste teste teste teste testeteste teste teste teste teste testeteste teste teste teste teste testeteste teste teste teste teste testeteste teste teste teste teste testeteste teste teste teste teste testeteste teste teste teste teste testeteste teste teste teste teste testeteste teste teste teste teste testeteste teste teste teste teste testeteste teste teste teste teste testeteste teste teste teste teste teste', 'teste teste teste teste teste testeteste teste teste teste teste testeteste teste teste teste teste testeteste teste teste teste teste testeteste teste teste teste teste testeteste teste teste teste teste testeteste teste teste teste teste testeteste', 'teste teste teste teste teste testeteste teste teste teste teste testeteste teste teste teste teste testeteste teste teste teste teste testeteste teste teste teste teste testeteste teste teste teste teste testeteste teste teste teste teste testeteste', 'teste teste teste teste teste testeteste teste teste teste teste testeteste teste teste teste teste testeteste teste teste teste teste testeteste teste teste teste teste testeteste teste teste teste teste testeteste teste teste teste teste testeteste test', 'teste teste teste teste teste testeteste teste teste teste teste testeteste teste teste teste teste testeteste teste teste teste teste testeteste teste teste teste teste testeteste teste teste teste teste testeteste teste teste teste teste testeteste test', NULL, 0.00, 0.00, 0.00, NULL, 'Alto', NULL, 0.00, NULL, '2022-03-23 14:10:07', '2022-03-23 14:13:01', 17),
(63, 4, 38, 38, NULL, NULL, 1, 'Teste Ajustes', 'Rascunho', 'Ideia', 'teste teste teste teste teste teste teste teste teste teste teste teste teste teste teste teste teste teste teste teste teste teste teste teste teste teste teste teste teste teste teste teste teste teste teste testeteste teste teste teste teste testeteste teste teste teste teste testeteste teste teste teste teste testeteste teste teste teste teste testeteste teste teste teste teste testeteste teste teste teste teste testeteste teste teste teste teste testeteste teste teste teste teste testeteste teste teste teste teste testeteste teste teste teste teste teste', 'teste teste teste teste teste testeteste teste teste teste teste testeteste teste teste teste teste testeteste teste teste teste teste testeteste teste teste teste teste testeteste teste teste teste teste testeteste teste teste teste teste testeteste teste teste teste teste testeteste teste teste teste teste testeteste teste teste teste teste testeteste teste teste teste teste testeteste teste teste teste teste testeteste teste teste teste teste testeteste teste teste teste teste testeteste teste teste teste teste testeteste teste teste teste teste teste', 'teste teste teste teste teste testeteste teste teste teste teste testeteste teste teste teste teste testeteste teste teste teste teste testeteste teste teste teste teste testeteste teste teste teste teste testeteste teste teste teste teste testeteste teste teste teste teste testeteste teste teste teste teste testeteste teste teste teste teste testeteste teste teste teste teste testeteste teste teste teste teste testeteste teste teste teste teste testeteste teste teste teste teste testeteste teste teste teste teste testeteste teste teste teste teste testeteste teste teste teste teste teste', 'teste teste teste teste teste testeteste teste teste teste teste testeteste teste teste teste teste testeteste teste teste teste teste testeteste teste teste teste teste testeteste teste teste teste teste testeteste teste teste teste teste testeteste test', 'C', 'Baixa', 'teste teste teste teste teste testeteste teste teste teste teste testeteste teste teste teste teste testeteste teste teste teste teste testeteste teste teste teste teste testeteste teste teste teste teste testeteste teste teste teste teste testeteste teste teste teste teste testeteste teste teste teste teste testeteste teste teste teste teste testeteste teste teste teste teste testeteste teste teste teste teste testeteste teste teste teste teste testeteste teste teste teste teste testeteste teste teste teste teste testeteste teste teste teste teste testeteste teste teste teste teste testeteste teste teste teste teste testeteste teste teste teste teste testeteste teste teste teste teste testeteste teste teste teste teste testeteste teste teste teste teste testeteste teste teste teste teste testeteste teste teste teste teste testeteste teste teste teste teste testeteste teste teste teste teste testeteste teste teste teste teste testeteste teste teste teste teste testeteste teste teste teste teste testeteste teste teste teste teste testeteste teste teste teste teste testeteste teste teste teste teste testeteste teste teste teste teste testeteste teste teste teste teste testeteste teste teste teste teste testeteste teste teste teste teste testeteste teste teste teste teste testeteste teste teste teste teste testeteste teste teste teste teste testeteste teste teste teste teste testeteste teste teste teste teste teste', 'teste teste teste teste teste testeteste teste teste teste teste testeteste teste teste teste teste testeteste teste teste teste teste testeteste teste teste teste teste testeteste teste teste teste teste testeteste teste teste teste teste testeteste teste teste teste teste testeteste teste teste teste teste testeteste teste teste teste teste testeteste teste teste teste teste testeteste teste teste teste teste testeteste teste teste teste teste testeteste teste teste teste teste testeteste teste teste teste teste testeteste teste teste teste teste testeteste teste teste teste teste testeteste teste teste teste teste testeteste teste teste teste teste testeteste teste teste teste teste testeteste teste teste teste teste testeteste teste teste teste teste testeteste teste teste teste teste testeteste teste teste teste teste testeteste teste teste teste teste testeteste teste teste teste teste testeteste teste teste teste teste testeteste teste teste teste teste testeteste teste teste teste teste testeteste teste teste teste teste testeteste teste teste teste teste testeteste teste teste teste teste testeteste teste teste teste teste teste', 'teste teste teste teste teste testeteste teste teste teste teste testeteste teste teste teste teste testeteste teste teste teste teste testeteste teste teste teste teste testeteste teste teste teste teste testeteste teste teste teste teste testeteste', 'teste teste teste teste teste testeteste teste teste teste teste testeteste teste teste teste teste testeteste teste teste teste teste testeteste teste teste teste teste testeteste teste teste teste teste testeteste teste teste teste teste testeteste', 'teste teste teste teste teste testeteste teste teste teste teste testeteste teste teste teste teste testeteste teste teste teste teste testeteste teste teste teste teste testeteste teste teste teste teste testeteste teste teste teste teste testeteste test', 'teste teste teste teste teste testeteste teste teste teste teste testeteste teste teste teste teste testeteste teste teste teste teste testeteste teste teste teste teste testeteste teste teste teste teste testeteste teste teste teste teste testeteste test', NULL, 0.00, 0.00, 0.00, NULL, 'Alto', NULL, 0.00, NULL, '2022-03-23 14:10:07', '2022-03-23 14:13:01', 17),
(64, 10, 54, 51, NULL, NULL, 2, 'Projeto Titan 200+', 'Ativo', 'Resultados', 'Produzir e entregar 200 unidades de produção (pesos) na fábrica de Titans.', '(1)Aumentar participação no mercado de exaustores; (2) aumentar top line de vendas e rentabilidade; (3) otimização processos de fabricação.', 'Horas de engenharia e de equipe interna de fábrica; equipamentos de fabricação; suporte das áreas de apoio.', 'Sócios diretores, Clientes e Colaboradores', 'A', 'Top', 'No cenário atual a fábrica de Titans enfrenta dificuldades para atender toda demanda do mercado. Com aumento da capacidade de entrega será possível aumentar a satisfação de seus clientes, habilitar novos negócio e aumentar a participação da Sictell no mercado de exaustores industriais.', 'Dentro: Processo de corte, pintura, dobra, pré-montagem, balanceamento, montagem, especificação, suprimentos.\r\nFora: Processo comercial', 'Pedido recebido no prazo, preço competitivo, qualidade garantida', 'Aumentar participação no mercado, aumento de vendas e rentabilidade', '(1) Produzir e entregar 2OO unidades de produção (pesos) de Titans; (2) Aumentar a eficiência das operações\r\n\r\nNota em 15/12/2022: A partir de julho de 2023 a operação deverá estar preparada para produzir e entregar em média 240 unidades de produção-pesos.', 'Foco da equipe na realização das iniciativas do projeto; manter nível de excelência qualitativa dos produtos; investimento na estrutura.\r\n\r\nLegenda ações: QA=Qualidade Garantida; LG=Logística; EG=Engenharia; PR=Produção; MA=Manutenção; EF=Estrutura fabril e suporte', NULL, 0.00, 0.00, 0.00, NULL, 'Alto', NULL, 0.00, NULL, '2022-09-29 20:35:40', '2023-07-03 17:13:18', 19),
(65, 10, 58, 51, NULL, NULL, 1, 'Splitvent - ABS', 'Ativo', 'Resultados', 'Upgrade em produto existente substituindo peças em alumínio por peças plásticas (ABS).', '1) Garantir padronização dos componentes do produto; 2) Facilitar e agilizar a montagem; 3) Reduzir o peso do produto; 4)Minimizar dificuldades com fornecedores;', 'Horas de engenharia, materiais para protótipos, serviço de impressão 3D;', 'Sócios diretores, clientes, depto vendas, colaboradores.', 'A', 'Alta', 'O mercado atual demanda de produtos com menor prazo de entrega possível. Com essa alteração, é possível garantir mais agilidade e padronização no processo de fabricação e montagem e consequentemente, menor prazo de entrega.', 'Dentro: Desenvolver componentes em material plástico ABS; Reduzir peso; Melhorar qualidade do produto; Melhorar aparência do produto;\r\nFora: Embalagem; Especificação de material; Especificação de motor; Desenvolver nova geometria;', 'Produtos padrões, com baixa ou nenhuma personalização; Qualidade garantida; Menor prazo de entrega; Preço competitivo;', 'Ampliar a participação de mercado nacional; Aumentar a competitividade com produtos standard; Entregas no menor prazo; Aumento de vendas e receitas.', '1) Melhorar e agilizar montagem do produto; 2)Melhorar qualidade de fornecimento; 3)Padronizar componentes;', '1) Padronização de componentes; 2) Utilização da linha de produção atual; 3) Um projetista envolvido; 4) Fabricação de protótipo; 5)Testes de laboratório;', NULL, 0.00, 0.00, 0.00, 0, 'Alto', NULL, 0.00, NULL, '2022-09-06 18:40:39', '2022-09-06 19:10:43', 19),
(66, 4, 4, NULL, NULL, NULL, 1, 'Teste Ajustes', 'Rascunho', 'Ideia', 'teste teste teste teste teste teste teste teste teste teste teste teste teste teste teste teste teste teste teste teste teste teste teste teste teste teste teste teste teste teste teste teste teste teste teste testeteste teste teste teste teste testeteste teste teste teste teste testeteste teste teste teste teste testeteste teste teste teste teste testeteste teste teste teste teste testeteste teste teste teste teste testeteste teste teste teste teste testeteste teste teste teste teste testeteste teste teste teste teste testeteste teste teste teste teste teste', 'teste teste teste teste teste testeteste teste teste teste teste testeteste teste teste teste teste testeteste teste teste teste teste testeteste teste teste teste teste testeteste teste teste teste teste testeteste teste teste teste teste testeteste teste teste teste teste testeteste teste teste teste teste testeteste teste teste teste teste testeteste teste teste teste teste testeteste teste teste teste teste testeteste teste teste teste teste testeteste teste teste teste teste testeteste teste teste teste teste testeteste teste teste teste teste teste', 'teste teste teste teste teste testeteste teste teste teste teste testeteste teste teste teste teste testeteste teste teste teste teste testeteste teste teste teste teste testeteste teste teste teste teste testeteste teste teste teste teste testeteste teste teste teste teste testeteste teste teste teste teste testeteste teste teste teste teste testeteste teste teste teste teste testeteste teste teste teste teste testeteste teste teste teste teste testeteste teste teste teste teste testeteste teste teste teste teste testeteste teste teste teste teste testeteste teste teste teste teste teste', 'teste teste teste teste teste testeteste teste teste teste teste testeteste teste teste teste teste testeteste teste teste teste teste testeteste teste teste teste teste testeteste teste teste teste teste testeteste teste teste teste teste testeteste test', 'C', 'Baixa', 'teste teste teste teste teste testeteste teste teste teste teste testeteste teste teste teste teste testeteste teste teste teste teste testeteste teste teste teste teste testeteste teste teste teste teste testeteste teste teste teste teste testeteste teste teste teste teste testeteste teste teste teste teste testeteste teste teste teste teste testeteste teste teste teste teste testeteste teste teste teste teste testeteste teste teste teste teste testeteste teste teste teste teste testeteste teste teste teste teste testeteste teste teste teste teste testeteste teste teste teste teste testeteste teste teste teste teste testeteste teste teste teste teste testeteste teste teste teste teste testeteste teste teste teste teste testeteste teste teste teste teste testeteste teste teste teste teste testeteste teste teste teste teste testeteste teste teste teste teste testeteste teste teste teste teste testeteste teste teste teste teste testeteste teste teste teste teste testeteste teste teste teste teste testeteste teste teste teste teste testeteste teste teste teste teste testeteste teste teste teste teste testeteste teste teste teste teste testeteste teste teste teste teste testeteste teste teste teste teste testeteste teste teste teste teste testeteste teste teste teste teste testeteste teste teste teste teste testeteste teste teste teste teste testeteste teste teste teste teste testeteste teste teste teste teste teste', 'teste teste teste teste teste testeteste teste teste teste teste testeteste teste teste teste teste testeteste teste teste teste teste testeteste teste teste teste teste testeteste teste teste teste teste testeteste teste teste teste teste testeteste teste teste teste teste testeteste teste teste teste teste testeteste teste teste teste teste testeteste teste teste teste teste testeteste teste teste teste teste testeteste teste teste teste teste testeteste teste teste teste teste testeteste teste teste teste teste testeteste teste teste teste teste testeteste teste teste teste teste testeteste teste teste teste teste testeteste teste teste teste teste testeteste teste teste teste teste testeteste teste teste teste teste testeteste teste teste teste teste testeteste teste teste teste teste testeteste teste teste teste teste testeteste teste teste teste teste testeteste teste teste teste teste testeteste teste teste teste teste testeteste teste teste teste teste testeteste teste teste teste teste testeteste teste teste teste teste testeteste teste teste teste teste testeteste teste teste teste teste testeteste teste teste teste teste teste', 'teste teste teste teste teste testeteste teste teste teste teste testeteste teste teste teste teste testeteste teste teste teste teste testeteste teste teste teste teste testeteste teste teste teste teste testeteste teste teste teste teste testeteste', 'teste teste teste teste teste testeteste teste teste teste teste testeteste teste teste teste teste testeteste teste teste teste teste testeteste teste teste teste teste testeteste teste teste teste teste testeteste teste teste teste teste testeteste', 'teste teste teste teste teste testeteste teste teste teste teste testeteste teste teste teste teste testeteste teste teste teste teste testeteste teste teste teste teste testeteste teste teste teste teste testeteste teste teste teste teste testeteste test', 'teste teste teste teste teste testeteste teste teste teste teste testeteste teste teste teste teste testeteste teste teste teste teste testeteste teste teste teste teste testeteste teste teste teste teste testeteste teste teste teste teste testeteste test', NULL, 0.00, 0.00, 0.00, NULL, 'Alto', NULL, 0.00, NULL, '2022-03-23 14:10:07', '2022-03-23 14:13:01', 17),
(67, 10, 10, NULL, NULL, NULL, 1, 'Linha SR', 'Ativo', 'Validação', 'Desenvolver uma família de produtos standard.', '1) Produtos Standard com baixo custo e alto grau de eficiência; 2) Prazos de entrega reduzidos;', 'Horas de engenharia, materiais para protótipos, pesquisa de mercado, equipamentos de teste;', 'Sócios diretores, clientes, depto vendas, colaboradores.', 'A', 'Top', 'O mercado nacional demanda por produtos standard (de prateleira), com eficiência comprovada e entrega ágil. Com a criação dessa família de produtos, será possível ingressar no mercado nacional e internacional, aumentando a carteira de clientes, habilitando oportunidades e aumento de vendas.', 'Dentro: Especificar nova família de Produtos, processos de fabricação, materiais, definir embalagem, desenho default para catálogo, especificação de motores, testes de Vazão e Pressão;\r\nFora:', 'Produtos padrões, com baixa ou nenhuma personalização; Qualidade garantida; Menor prazo de entrega; Preço competitivo;', 'Ampliar a participação de mercado, nacional e principalmente internacional; Aumentar a competitividade com produtos standard; Entregas no menor prazo; Aumento de vendas e receitas.', '(1) Lançamento da família de Exaustores de baixo custo nos tamanhos 200 a 400; (2) Padronização de componentes; (3) Utilização de motores já existentes em estoque.', '(1) Padronização de componentes; (2) Utilização da linha de produção atual; (3) Dois projetistas envolvidos; (4) Simulação e testes em laboratório; (5) Fabricação de protótipo;', NULL, 0.00, 0.00, 0.00, NULL, 'Alto', NULL, 0.00, NULL, '2022-10-03 15:01:58', '2023-01-05 11:06:01', 19),
(68, 4, 4, NULL, NULL, NULL, 1, 'Projeto Smart75', 'Ativo', 'Planejamento', 'teste', 'teste', 'teste', 'teste', 'A', 'Top', 'teste', 'teste', NULL, NULL, 'teste', 'teste', NULL, 0.00, 0.00, 0.00, NULL, 'Alto', NULL, 0.00, NULL, '2022-03-01 14:22:51', '2022-03-01 15:39:26', 17),
(69, 4, 4, NULL, NULL, NULL, 1, 'Projeto Clonado Teste', 'Ativo', 'Planejamento', 'Revisar o design da família de produtos Essenza 110', 'Melhorar usabilidade e interface com o usuário; recuperar e aumentar volume de vendas; corrigir margem do produto; lançar nova linha atrativa', 'Pesquisa de mercado Focus Group; Consultoria especializada em design de produto; horas de engenharia; novos moldes de injeção.', 'Sócios investidores; consumidores', 'A', 'Top', 'Família de produtos Essenza 110 está no mercado desde 2010 sem revisões. Equipe de vendas tem enfrentado dificuldades para fechar novos contratos e tem perdido alguns contratos para a concorrência. Reporta que a decisão é tomada somente sobre o preço.', 'Dentro: Revisar design dos 6 SKUs da família Essenza 110; Melhorar a usabilidade e interface do produto\r\nFora: Certificação internacional', 'Melhorar usabilidade e interface do produto; preço', 'Recuperar marketshare; aumentar rentabilidade', 'Lançar nova família de produtos Essenza 110 no segundo semestre 2022; Habilitar 30% de aumento de vendas com base nas vendas 2020; Aumentar satisfação dos consumidores com novo design de produto;\r\nMelhorar rentabilidade através da diferenciação.', 'Novo design definido a partir do resultado de pesquisa e experiências de usuários; Utilizar mesma plataforma de produto;  Revisar o design da carcaça principal; Manter mesmo fluxo produtivo de fabricação e montagem; explorar a utilização da cadeia atual.', '800', 5800.00, 45000.00, 380000.00, 8, 'Médio', NULL, 0.00, NULL, '2022-03-15 02:31:54', '2023-07-04 20:49:22', 17);

-- --------------------------------------------------------

--
-- Estrutura para tabela `pdp_fase`
--

CREATE TABLE `pdp_fase` (
  `id` int(11) NOT NULL,
  `name` varchar(255) COLLATE utf8mb4_unicode_ci NOT NULL,
  `created_at` datetime NOT NULL
) ENGINE=InnoDB DEFAULT CHARSET=utf8mb4 COLLATE=utf8mb4_unicode_ci;

--
-- Despejando dados para a tabela `pdp_fase`
--

INSERT INTO `pdp_fase` (`id`, `name`, `created_at`) VALUES
(1, 'MS10 Ideia', '2022-02-01 07:50:36'),
(2, 'MS20 Planejamento', '2022-02-01 07:50:36'),
(3, 'MS30 Execução', '2022-02-01 07:50:36'),
(4, 'MS40 Validação', '2022-02-01 07:50:36'),
(5, 'MS50 Resultados', '2022-02-01 07:50:36');

-- --------------------------------------------------------

--
-- Estrutura para tabela `pdp_file`
--

CREATE TABLE `pdp_file` (
  `id` int(11) NOT NULL,
  `owner_id` int(11) NOT NULL,
  `pdp_id` int(11) DEFAULT NULL,
  `name` varchar(255) COLLATE utf8mb4_unicode_ci NOT NULL,
  `created_at` datetime NOT NULL
) ENGINE=InnoDB DEFAULT CHARSET=utf8mb4 COLLATE=utf8mb4_unicode_ci;

--
-- Despejando dados para a tabela `pdp_file`
--

INSERT INTO `pdp_file` (`id`, `owner_id`, `pdp_id`, `name`, `created_at`) VALUES
(4, 4, 26, 'paybackmemo-623003f7d9743.xlsx', '2022-03-15 03:11:51'),
(5, 4, 26, 'memodespesas-6230041249538.xlsx', '2022-03-15 03:12:18'),
(6, 4, 26, 'previapesquisainformal-623004cf0b866.pptx', '2022-03-15 03:15:27'),
(7, 8, 31, '2021orc022dpropostafornecimentoblocoem3-6238df5e5c226.pdf', '2022-03-21 20:26:06'),
(8, 40, 27, 'poderdeterceiros-623c38894ef68.xlsx', '2022-03-24 09:23:21'),
(9, 40, 27, 'nf229157-623c3ea03c03e.pdf', '2022-03-24 09:49:20'),
(10, 40, 27, 'nf229188-623c3ea7ba38a.pdf', '2022-03-24 09:49:27'),
(11, 40, 27, 'nf229195-623c3eaddd1ee.pdf', '2022-03-24 09:49:33'),
(12, 40, 27, 'nf229206-623c3eb40d1c5.pdf', '2022-03-24 09:49:40'),
(13, 40, 27, 'nf229231-623c3ebb55727.pdf', '2022-03-24 09:49:47'),
(14, 40, 27, 'nf230149-623c3ec06560e.pdf', '2022-03-24 09:49:52'),
(15, 40, 27, 'nf230172-623c3eca1e43e.pdf', '2022-03-24 09:50:02'),
(16, 40, 27, 'nf230838-623c3ed14a52f.pdf', '2022-03-24 09:50:09'),
(17, 40, 27, 'nf235787-623c3ed5a6ac0.pdf', '2022-03-24 09:50:13'),
(18, 25, 23, '76y18p3721_02_22-623db2526e0ed.xlsx', '2022-03-25 12:15:14'),
(19, 25, 23, 'delivery75y60p3710_02_22-623db25cc121b.xlsx', '2022-03-25 12:15:24'),
(22, 25, 23, '70e18_p3728_03_22-6241e2ee78ab7.xlsx', '2022-03-28 16:31:42'),
(24, 17, 23, 'projecaomargemc_v2-6245deffbdd97.xlsx', '2022-03-31 17:03:59'),
(25, 11, 35, 'doeeirobotizarconcbancaria20220513-627e6de6c25c4.pdf', '2022-05-13 14:40:38'),
(26, 11, 37, 'doeeiauditoriascontroles220602-629a0fff60076.pdf', '2022-06-03 13:43:27'),
(28, 11, 37, 'ctba020contacontabeis20220606-629e13a69a1d0.xlsx', '2022-06-06 14:48:06'),
(29, 11, 37, 'ctba030centroscustos20220606-629e13b5ad760.xlsx', '2022-06-06 14:48:21'),
(30, 11, 37, 'finr150220607211231saldo-629f6463df7a5.xlsx', '2022-06-07 14:44:51'),
(31, 11, 37, 'finr130220608base2021-62a0a7845af89.pdf', '2022-06-08 13:43:32'),
(32, 11, 37, 'finr130220608base2021-62a0a7ce8a08f.xlsx', '2022-06-08 13:44:46'),
(33, 11, 37, 'ctbr40022060831122021-62a0ae5b01337.pdf', '2022-06-08 14:12:43'),
(34, 11, 37, 'ctbr40022060831122021-62a0ae695b3ca.xlsx', '2022-06-08 14:12:57'),
(35, 11, 37, 'matr860241701-62a0bb2acfc01.pdf', '2022-06-08 15:07:22'),
(36, 11, 37, 'matr860238807-62a0bb50d1fea.pdf', '2022-06-08 15:08:00'),
(37, 11, 37, 'matr860243100opre01-62a0c05b58885.pdf', '2022-06-08 15:29:31'),
(38, 11, 37, 'matr460reginventario-62a0f8d8d4e5f.pdf', '2022-06-08 19:30:32'),
(39, 11, 37, 'ctbr400razaoimob12030207-62a205ab4db62.pdf', '2022-06-09 14:37:31'),
(40, 8, 24, '2022orc010apropostafornecimentoeixosem3complementar-62a24d85c30bd.pdf', '2022-06-09 19:44:05'),
(41, 8, 24, '2021orc022fpropostafornecimentoeixosem3-62a24d991f5f1.pdf', '2022-06-09 19:44:25'),
(42, 11, 37, 'durmetalrelatorios_bens_relacao_geral_de_bens_conta_contabil-62a7500e9bd7c.pdf', '2022-06-13 14:56:14'),
(45, 11, 34, 'durmetal_powerbi_direitodeuso-63864d6055842.pdf', '2022-11-29 18:20:16'),
(46, 11, 34, 'durmetal_powerbi_saas-63864d760373e.pdf', '2022-11-29 18:20:38'),
(47, 10, 40, 'pjmsctlt200221215-639b8507551e9.xlsx', '2022-12-15 20:35:19'),
(48, 10, 40, 'sctlpdpt200statusreport230109-63bead6be3b25.pdf', '2023-01-11 12:36:59'),
(49, 10, 40, 'layoutcaldeirariaemanalise-63c05c70ba5ff.pdf', '2023-01-12 19:16:00');

-- --------------------------------------------------------

--
-- Estrutura para tabela `pdp_task`
--

CREATE TABLE `pdp_task` (
  `id` int(11) NOT NULL,
  `pdp_id` int(11) DEFAULT NULL,
  `name` varchar(255) COLLATE utf8mb4_unicode_ci NOT NULL,
  `created_at` datetime NOT NULL,
  `responsible_id` int(11) DEFAULT NULL,
  `fase_id` int(11) NOT NULL,
  `deadline` datetime DEFAULT NULL,
  `status` enum('Em curso','Aprovado','Concluído','Atrasado') COLLATE utf8mb4_unicode_ci DEFAULT NULL,
  `approved_at` datetime DEFAULT NULL,
  `observation` varchar(255) COLLATE utf8mb4_unicode_ci DEFAULT NULL
) ENGINE=InnoDB DEFAULT CHARSET=utf8mb4 COLLATE=utf8mb4_unicode_ci;

--
-- Despejando dados para a tabela `pdp_task`
--

INSERT INTO `pdp_task` (`id`, `pdp_id`, `name`, `created_at`, `responsible_id`, `fase_id`, `deadline`, `status`, `approved_at`, `observation`) VALUES
(34, 16, 'Tarefa 1', '2022-03-01 14:22:51', NULL, 1, NULL, 'Aprovado', '2022-03-01 14:41:01', NULL),
(35, 16, 'Tarefa 2', '2022-03-01 14:22:51', NULL, 2, NULL, 'Em curso', NULL, NULL),
(36, 16, 'Tarefa 3', '2022-03-01 14:22:51', NULL, 3, NULL, 'Em curso', NULL, NULL),
(37, 16, 'Tarefa 4', '2022-03-01 14:22:51', NULL, 4, NULL, 'Em curso', NULL, NULL),
(38, 16, 'Tarefa 5', '2022-03-01 14:22:51', NULL, 5, NULL, 'Em curso', NULL, NULL),
(39, 17, 'Tarefa 1', '2022-03-01 15:42:00', NULL, 1, NULL, 'Aprovado', '2022-03-01 15:56:02', NULL),
(40, 17, 'Tarefa 2', '2022-03-01 15:42:00', NULL, 2, NULL, 'Concluído', NULL, NULL),
(41, 17, 'Tarefa 3', '2022-03-01 15:42:00', NULL, 3, NULL, 'Concluído', NULL, NULL),
(42, 17, 'Tarefa 4', '2022-03-01 15:42:00', NULL, 4, NULL, 'Concluído', NULL, NULL),
(43, 17, 'Tarefa 5', '2022-03-01 15:42:00', NULL, 5, '2022-05-16 18:42:58', 'Aprovado', '2022-05-16 18:42:58', NULL),
(44, 18, 'Tarefa 1', '2022-03-01 20:58:35', NULL, 1, '2022-03-02 00:00:00', 'Aprovado', '2022-03-02 13:16:56', NULL),
(45, 18, 'Tarefa 2', '2022-03-01 20:58:35', NULL, 2, NULL, 'Em curso', NULL, NULL),
(46, 18, 'Tarefa 3', '2022-03-01 20:58:35', NULL, 3, NULL, 'Em curso', NULL, NULL),
(47, 18, 'Tarefa 4', '2022-03-01 20:58:35', NULL, 4, NULL, 'Em curso', NULL, NULL),
(48, 18, 'Tarefa 5', '2022-03-01 20:58:35', NULL, 5, NULL, 'Em curso', NULL, NULL),
(62, 20, 'Tarefa 1', '2022-03-02 19:55:27', NULL, 1, '2022-03-02 19:56:52', 'Aprovado', '2022-03-02 19:56:52', NULL),
(63, 20, 'Tarefa 2', '2022-03-02 19:55:27', NULL, 2, NULL, 'Concluído', NULL, NULL),
(64, 20, 'Tarefa 3', '2022-03-02 19:55:27', NULL, 3, NULL, 'Concluído', NULL, NULL),
(65, 20, 'Tarefa 4', '2022-03-02 19:55:27', NULL, 4, NULL, 'Concluído', NULL, NULL),
(66, 20, 'Tarefa 5', '2022-03-02 19:55:27', 4, 5, '2022-03-17 00:00:00', 'Atrasado', NULL, NULL),
(67, 20, 'teste', '2022-03-02 20:01:38', 4, 2, '2022-03-03 00:00:00', 'Concluído', NULL, NULL),
(68, 20, 'teste', '2022-03-02 20:01:53', 4, 3, '2022-03-10 00:00:00', 'Concluído', NULL, NULL),
(69, 20, 'teste', '2022-03-02 20:02:11', NULL, 4, '2022-03-18 00:00:00', 'Concluído', NULL, 'teste'),
(70, 21, 'Tarefa 1', '2022-03-02 20:15:54', NULL, 1, NULL, 'Em curso', NULL, NULL),
(71, 21, 'Tarefa 2', '2022-03-02 20:15:54', NULL, 2, NULL, 'Em curso', NULL, NULL),
(72, 21, 'Tarefa 3', '2022-03-02 20:15:54', NULL, 3, NULL, 'Em curso', NULL, NULL),
(73, 21, 'Tarefa 4', '2022-03-02 20:15:54', NULL, 4, NULL, 'Em curso', NULL, NULL),
(74, 21, 'Tarefa 5', '2022-03-02 20:15:54', NULL, 5, NULL, 'Em curso', NULL, NULL),
(82, 22, 'Aprovação', '2022-03-03 11:52:45', 4, 1, '2022-03-04 00:00:00', 'Aprovado', NULL, NULL),
(83, 22, 'Tarefa Editar', '2022-03-03 11:52:45', NULL, 2, NULL, 'Concluído', NULL, NULL),
(84, 22, 'Tarefa Editar', '2022-03-03 11:52:45', NULL, 3, NULL, 'Concluído', NULL, NULL),
(85, 22, 'Tarefa Editar', '2022-03-03 11:52:45', NULL, 4, NULL, 'Concluído', NULL, NULL),
(86, 22, 'Aprovação', '2022-03-03 11:52:45', NULL, 5, '2022-03-03 12:35:13', 'Aprovado', '2022-03-03 12:35:13', NULL),
(89, 23, 'Aprovação', '2022-03-08 17:11:38', NULL, 1, '2022-03-16 00:00:00', 'Aprovado', '2022-03-16 18:44:02', NULL),
(90, 23, 'Tarefa Editar', '2022-03-08 17:11:38', NULL, 2, '2022-03-16 00:00:00', 'Concluído', NULL, NULL),
(91, 23, 'Orçamento para realizar modelação', '2022-03-08 17:11:38', 9, 3, '2022-03-18 00:00:00', 'Concluído', NULL, NULL),
(92, 23, 'Tarefa Editar', '2022-03-08 17:11:38', NULL, 4, NULL, 'Em curso', NULL, NULL),
(93, 23, 'Aprovação', '2022-03-08 17:11:38', NULL, 5, NULL, 'Em curso', NULL, NULL),
(94, 24, 'Aprovação', '2022-03-09 13:48:25', NULL, 1, '2022-03-21 00:00:00', 'Aprovado', '2022-03-21 16:57:27', 'Envio de duas propostas comerciais, totalizando 4 codigos usinados e 2 codigos de fundidos'),
(95, 24, 'Montar cronograma e validar com o cliente', '2022-03-09 13:48:25', 8, 2, '2022-06-13 00:00:00', 'Atrasado', NULL, 'Montar um cronograma com as atividades principais e validar com a NIDEC'),
(96, 24, 'OP 10 - Fabricar dispositivo de fixação', '2022-03-09 13:48:25', 8, 3, '2022-07-22 00:00:00', 'Atrasado', NULL, NULL),
(97, 24, 'Tarefa Editar', '2022-03-09 13:48:25', NULL, 4, NULL, 'Em curso', NULL, NULL),
(98, 24, 'Aprovação', '2022-03-09 13:48:25', NULL, 5, NULL, 'Em curso', NULL, NULL),
(100, 25, 'Aprovação', '2022-03-10 10:40:30', NULL, 1, '2022-03-21 16:58:06', 'Aprovado', '2022-03-21 16:58:06', NULL),
(102, 25, 'Retrofitting Torno Okuma Crown', '2022-03-10 10:40:30', 31, 3, '2022-04-29 00:00:00', 'Atrasado', NULL, 'Data 31/03/22 -> Necessário revisão do prazo pelo responsável.'),
(103, 25, 'Tarefa Editar', '2022-03-10 10:40:30', NULL, 4, NULL, 'Em curso', NULL, NULL),
(104, 25, 'Aprovação', '2022-03-10 10:40:30', NULL, 5, NULL, 'Em curso', NULL, NULL),
(105, 26, 'Aprovação', '2022-03-15 02:31:54', NULL, 1, '2022-03-15 03:57:24', 'Aprovado', '2022-03-15 03:57:24', NULL),
(106, 26, 'Contratar empresa de pesquisa Focus Group', '2022-03-15 02:31:54', 42, 2, '2022-04-25 00:00:00', 'Atrasado', NULL, NULL),
(107, 26, 'Desenhar novos modelos para injeção', '2022-03-15 02:31:54', 4, 3, '2022-07-15 00:00:00', 'Atrasado', NULL, NULL),
(108, 26, 'Evento de lançamento do produto', '2022-03-15 02:31:54', 38, 4, '2022-11-25 00:00:00', 'Atrasado', NULL, NULL),
(109, 26, 'Aprovação', '2022-03-15 02:31:54', NULL, 5, NULL, 'Em curso', NULL, NULL),
(110, 26, 'Realizar pesquisa Focus Group', '2022-03-15 03:18:49', 48, 2, '2022-05-17 00:00:00', 'Atrasado', NULL, NULL),
(111, 26, 'Contratar empresa especializada em design de produ', '2022-03-15 03:20:53', 38, 2, '2022-04-15 00:00:00', 'Atrasado', NULL, NULL),
(112, 26, 'Apresentar primeira proposta de revisão de design', '2022-03-15 03:22:40', 48, 2, '2022-06-15 00:00:00', 'Atrasado', NULL, 'predecessor 114'),
(113, 26, 'Apresentação dos resultados de pesquisa', '2022-03-15 03:24:02', 38, 2, '2022-05-20 00:00:00', 'Atrasado', NULL, NULL),
(114, 26, 'Estudo de design a partir do resultado de pesquisa', '2022-03-15 03:26:02', 48, 2, '2022-06-10 00:00:00', 'Atrasado', NULL, NULL),
(115, 26, 'Check-point Aprovação do Design', '2022-03-15 03:27:50', 38, 2, '2022-06-17 00:00:00', 'Atrasado', NULL, 'predecessor 112'),
(116, 26, 'Fabricação do protótipo em impressão 3D', '2022-03-15 03:31:11', 42, 2, '2022-06-27 00:00:00', 'Atrasado', NULL, NULL),
(117, 26, 'Pesquisa Focus Group fase 2 - novo design', '2022-03-15 03:34:15', 43, 2, '2022-07-08 00:00:00', 'Atrasado', NULL, NULL),
(118, 26, 'Apresentação Resultados Pesquisa Fase 2', '2022-03-15 03:35:11', 38, 2, '2022-07-13 00:00:00', 'Atrasado', NULL, NULL),
(119, 26, 'Definir fabricante dos novos modelos', '2022-03-15 03:38:03', 48, 3, '2022-07-22 00:00:00', 'Atrasado', NULL, 'predecessor 107'),
(120, 26, 'Fabricar novos modelos de injeção', '2022-03-15 03:39:11', 43, 3, '2022-08-12 00:00:00', 'Atrasado', NULL, NULL),
(121, 26, 'Especificar novos elementos de fixação', '2022-03-15 03:40:25', NULL, 3, '2022-07-15 00:00:00', 'Atrasado', NULL, NULL),
(122, 26, 'Comprar novos elementos de fixação', '2022-03-15 03:41:06', 43, 3, '2022-08-08 00:00:00', 'Atrasado', NULL, '121'),
(123, 26, 'Montar primeiro protótipo', '2022-03-15 03:43:01', NULL, 3, '2022-08-31 00:00:00', 'Atrasado', NULL, NULL),
(124, 26, 'Aprovação dos requisitos de qualidade do produto', '2022-03-15 03:44:33', NULL, 3, '2022-09-02 00:00:00', 'Atrasado', NULL, NULL),
(125, 26, 'Produção Inicial', '2022-03-15 03:46:36', 48, 3, '2022-09-05 00:00:00', 'Atrasado', NULL, '124'),
(126, 26, 'Disponibilizar primeiro lote de produção', '2022-03-15 03:50:27', 43, 4, '2022-09-12 00:00:00', 'Atrasado', NULL, NULL),
(127, 26, 'Revisar tabela de preço', '2022-03-15 03:51:54', 42, 4, '2022-09-23 00:00:00', 'Atrasado', NULL, NULL),
(128, 26, 'Validar custo do produto', '2022-03-15 03:54:12', 48, 4, '2022-09-29 00:00:00', 'Atrasado', NULL, NULL),
(129, 26, 'Apresentação dos produtos fabricados', '2022-03-15 03:55:07', NULL, 4, '2022-10-03 00:00:00', 'Atrasado', NULL, NULL),
(130, 23, 'Aprovação do orçamento da modelação', '2022-03-16 12:46:59', 2, 3, '2022-03-23 00:00:00', 'Concluído', NULL, NULL),
(131, 23, 'Entrega da modelação', '2022-03-16 12:50:13', 9, 3, '2022-05-20 00:00:00', 'Concluído', NULL, NULL),
(132, 23, 'Entrega das amostras dos fundidos', '2022-03-16 12:54:37', 9, 3, '2022-05-31 00:00:00', 'Concluído', NULL, 'material entregue conforme as nfs 30383 / 30465'),
(133, 23, 'Medição dimensional das amostras', '2022-03-16 12:56:11', 45, 3, '2022-06-10 00:00:00', 'Concluído', NULL, NULL),
(134, 23, 'Avaliação dos resultados dimensionais', '2022-03-16 12:57:37', 25, 3, '2022-06-14 00:00:00', 'Concluído', NULL, NULL),
(135, 23, 'Usinagem das amostras (peças fundidas)', '2022-03-16 13:23:16', 7, 3, '2022-06-30 00:00:00', 'Concluído', NULL, NULL),
(136, 27, 'Aprovação', '2022-03-16 13:37:27', NULL, 1, '2022-03-16 14:31:03', 'Aprovado', '2022-03-16 14:31:03', NULL),
(137, 27, 'Reunião com equipe TOTVS', '2022-03-16 13:37:27', 17, 2, '2022-03-16 00:00:00', 'Concluído', NULL, 'Reunião ocorreu em 16.02.2022 na TOTVS com participação de Roberto, Jairo, Ivair - Cristiano e Bernardo'),
(138, 27, 'Reunião com equipe de projeto e consultores', '2022-03-16 13:37:27', 17, 3, '2022-04-18 00:00:00', 'Concluído', NULL, NULL),
(139, 27, 'Reunião de check-point de validação de resultados', '2022-03-16 13:37:27', 40, 4, '2022-06-07 00:00:00', 'Concluído', NULL, NULL),
(140, 27, 'Aprovação', '2022-03-16 13:37:27', NULL, 5, '2022-11-30 00:00:00', 'Aprovado', '2022-11-29 13:29:23', NULL),
(141, 27, 'Diagnóstico TOTVs para retomar a utilização do MRP', '2022-03-16 14:37:45', 17, 2, '2022-03-16 00:00:00', 'Concluído', NULL, 'Realizado em 24.02.2022 -  consultores Bernardo e Alexandre'),
(142, 27, 'Apresentação do resultado do diagnóstico TOTVS', '2022-03-16 14:40:30', 17, 2, '2022-03-23 00:00:00', 'Concluído', NULL, 'Previsto para 21.03.2022'),
(143, 27, 'Inventariar saldos de poder de terceiros', '2022-03-16 14:42:35', 40, 2, '2022-03-30 00:00:00', 'Concluído', NULL, 'Enviado email dia 23/03/2022  para todos os responsáveis pelos estoques que poder de terceiros e solicitado retorno sobre a situação de cada um. Email enviado para Geovano (Durmetal, Ricardo, Nilton, Rafael e Messias.'),
(144, 27, 'Eliminar solicitações de compras antigas', '2022-03-16 14:44:08', 9, 2, '2022-04-18 00:00:00', 'Concluído', NULL, 'foram excluidas 3458 SCs em aberto, verificando as SCs relacionadas a pedidos de compra em aberto.'),
(145, 27, 'Atualizar Protheus para última versão', '2022-03-16 14:45:24', 16, 2, '2022-04-15 00:00:00', 'Concluído', NULL, 'Versão 33'),
(146, 27, 'Fechar contrato de consultoria', '2022-03-16 14:47:25', 17, 2, '2022-04-26 00:00:00', 'Concluído', NULL, NULL),
(147, 27, 'Inventariar ordens de produção', '2022-03-16 14:48:58', 40, 2, '2022-03-16 00:00:00', 'Concluído', NULL, 'Foram realizadas as devidas exclusões das ordens de produção. Está sendo verificado todas as ordens de apontamento para que aconteça o fechamento das mesmas'),
(148, 27, 'Inventariar pedidos de compras', '2022-03-16 14:49:40', 9, 2, '2022-05-16 00:00:00', 'Concluído', NULL, 'realizado a eliminação dos pedidos de compra ate 10/2021 analisados'),
(149, 27, 'Configurar parâmetros MRP', '2022-03-16 14:52:05', 40, 3, '2022-04-19 00:00:00', 'Concluído', NULL, NULL),
(150, 27, 'Rodar MRP-I e avaliar resultados', '2022-03-16 14:53:36', 40, 3, '2022-04-20 00:00:00', 'Concluído', NULL, NULL),
(151, 28, 'Aprovação', '2022-03-16 17:20:04', NULL, 1, '2022-03-16 18:32:31', 'Aprovado', '2022-03-16 18:32:31', NULL),
(152, 28, 'Definir cronograma de atividades(kaizen montagem)', '2022-03-16 17:20:04', 7, 2, '2022-03-22 00:00:00', 'Atrasado', NULL, NULL),
(153, 28, 'Tarefa Editar', '2022-03-16 17:20:04', NULL, 3, NULL, 'Em curso', NULL, NULL),
(154, 28, 'Tarefa Editar', '2022-03-16 17:20:04', NULL, 4, NULL, 'Em curso', NULL, NULL),
(155, 28, 'Aprovação', '2022-03-16 17:20:04', NULL, 5, NULL, 'Em curso', NULL, NULL),
(156, 29, 'Aprovação', '2022-03-17 12:33:01', NULL, 1, '2022-03-17 12:47:48', 'Aprovado', '2022-03-17 12:47:48', NULL),
(157, 29, 'Definir cronograma macro de iniciativas TPM', '2022-03-17 12:33:01', 31, 2, '2022-04-13 00:00:00', 'Atrasado', NULL, NULL),
(158, 29, 'Tarefa Editar', '2022-03-17 12:33:01', NULL, 3, NULL, 'Em curso', NULL, NULL),
(159, 29, 'Tarefa Editar', '2022-03-17 12:33:01', NULL, 4, NULL, 'Em curso', NULL, NULL),
(160, 29, 'Aprovação', '2022-03-17 12:33:01', NULL, 5, NULL, 'Em curso', NULL, NULL),
(161, 29, 'Avaliar/Revisar contrato do projeto', '2022-03-17 12:50:37', 31, 2, '2022-04-13 00:00:00', 'Atrasado', NULL, NULL),
(162, 29, 'Sessão de calibração de contrato do projeto', '2022-03-17 12:52:30', 31, 2, '2022-04-13 00:00:00', 'Atrasado', NULL, NULL),
(169, 31, 'Aprovação', '2022-03-21 20:18:27', NULL, 1, NULL, 'Em curso', NULL, NULL),
(170, 31, 'Tarefa Editar', '2022-03-21 20:18:27', NULL, 2, NULL, 'Em curso', NULL, NULL),
(171, 31, 'Tarefa Editar', '2022-03-21 20:18:27', NULL, 3, NULL, 'Em curso', NULL, NULL),
(172, 31, 'Tarefa Editar', '2022-03-21 20:18:27', NULL, 4, NULL, 'Em curso', NULL, NULL),
(173, 31, 'Aprovação', '2022-03-21 20:18:27', NULL, 5, NULL, 'Em curso', NULL, NULL),
(174, 32, 'Aprovação', '2022-03-23 14:10:07', NULL, 1, NULL, 'Em curso', NULL, NULL),
(175, 32, 'teste teste teste teste teste testeteste teste teste teste teste testeteste teste teste teste teste testeteste teste', '2022-03-23 14:10:07', 38, 2, '2022-03-25 00:00:00', 'Atrasado', NULL, NULL),
(176, 32, 'Tarefa Editar', '2022-03-23 14:10:07', NULL, 3, NULL, 'Em curso', NULL, NULL),
(177, 32, 'Tarefa Editar', '2022-03-23 14:10:07', NULL, 4, NULL, 'Em curso', NULL, NULL),
(178, 32, 'teste teste teste teste teste testeteste teste teste teste teste testeteste teste teste teste teste testeteste teste teste teste teste teste', '2022-03-23 14:10:07', NULL, 5, '2022-03-23 00:00:00', 'Atrasado', NULL, NULL),
(179, 27, 'Analisar lançamentos das notas fiscais que foram devolvidas por terceiros e continuam constando como pendencia no sistema.', '2022-03-24 09:51:47', 40, 2, '2022-03-31 00:00:00', 'Concluído', NULL, 'Enviado email dia 23/03 para o Cristian fazer a verificação.'),
(180, 27, 'Retirar os itens indiretos das Estruturas dos Produtos.', '2022-03-30 12:27:49', 25, 2, '2022-04-21 00:00:00', 'Concluído', NULL, 'Retirar materiais indiretos das estruturas dos produtos ( tinta, etiquetas, Isopor picado, Papelão, Fita Adesiva, Cola, Caixa de papelão, Thinner, Saco Plástico, Redinha de Proteção)'),
(181, 27, 'Cadastrar Lead Time de produção dos produtos Intermediários ( PI)', '2022-03-30 12:29:45', 25, 2, '2022-04-29 00:00:00', 'Concluído', NULL, 'Cadastrar o tempo de produção de todos os itens no sistema (lead time)'),
(183, 25, 'Fase de planejamento já aprovada anteriormente ao módulo PDP', '2022-03-31 18:06:55', 6, 2, '2022-03-31 00:00:00', 'Concluído', NULL, NULL),
(184, 25, 'Especificar dispositivos itens: 118091000/ 118091001', '2022-03-31 18:09:25', 8, 3, '2022-04-22 00:00:00', 'Atrasado', NULL, NULL),
(185, 25, 'Definir sequência dos demais 05 SKU\'s', '2022-03-31 18:10:19', 8, 3, '2022-05-20 00:00:00', 'Atrasado', NULL, 'Data 31/03/22 -> Necessário revisão do prazo pelo responsável.'),
(186, 25, 'Contratar operador (a) conforme quadro de mão de obra', '2022-03-31 19:12:10', 6, 3, '2022-04-29 00:00:00', 'Atrasado', NULL, NULL),
(187, 25, 'Retrofitting Torno Index 13', '2022-03-31 19:13:44', 31, 3, '2022-04-29 00:00:00', 'Atrasado', NULL, 'Data 31/03/22 -> Necessário revisão do prazo pelo responsável.'),
(188, 25, 'Comprar placa universal de 8\"', '2022-03-31 19:18:26', 8, 3, '2022-04-29 00:00:00', 'Atrasado', NULL, 'Data 31/03/22 -> Necessário revisão do prazo pelo responsável.'),
(189, 25, 'Retrabalhar dispositivo de fixação da operação 20.', '2022-03-31 19:20:17', 8, 3, '2022-04-15 00:00:00', 'Atrasado', NULL, 'Alterar alojamento do pino guia.'),
(190, 25, 'Aquisição 4º Eixo para Fanuc 6', '2022-03-31 19:21:21', 11, 3, '2022-04-29 00:00:00', 'Atrasado', NULL, 'Data 31/03/22 -> Necessário revisão do prazo pelo responsável.'),
(191, 25, 'Disponibilizar Fanuc 6 para integração do 4ºeixo.', '2022-03-31 19:25:42', 8, 3, '2022-04-22 00:00:00', 'Atrasado', NULL, 'Data 31/03/22 -> Necessário revisão do prazo pelo responsável.'),
(192, 25, 'Integrar 4º eixo na Fanuc 6', '2022-03-31 19:26:24', 31, 3, '2022-04-29 00:00:00', 'Atrasado', NULL, 'Data 31/03/22 -> Necessário revisão do prazo pelo responsável.'),
(193, 25, 'Instalar dispositivo de fixação e expulsão de peça no 4º eixo.', '2022-03-31 19:29:28', 8, 3, '2022-04-29 00:00:00', 'Atrasado', NULL, 'Data 31/03/22 -> Necessário revisão do prazo pelo responsável.'),
(194, 25, 'Montar e dispositivos e instalar nas furadeiras.', '2022-03-31 19:36:03', 8, 3, '2022-04-29 00:00:00', 'Atrasado', NULL, 'Data 31/03/22 -> Necessário revisão do prazo pelo responsável.'),
(195, 25, 'Integrar furadeiras com os dispositivos de fixação.', '2022-03-31 19:37:16', 31, 3, '2022-04-29 00:00:00', 'Atrasado', NULL, 'Data 31/03/22 -> Necessário revisão do prazo pelo responsável.'),
(196, 25, 'Instalar três furadeiras conforme layout.', '2022-03-31 19:38:02', 31, 3, '2022-04-29 00:00:00', 'Atrasado', NULL, 'Data 31/03/22 -> Necessário revisão do prazo pelo responsável.'),
(197, 25, 'Retrofitting Torno Hyundai 1', '2022-03-31 19:42:30', 31, 3, '2022-04-29 00:00:00', 'Atrasado', NULL, 'Data 31/03/22 -> Necessário revisão do prazo pelo responsável.'),
(198, 25, 'Usinar amostras item 118091002', '2022-03-31 20:10:36', 8, 3, '2022-04-06 00:00:00', 'Atrasado', NULL, NULL),
(199, 25, 'Medir eixos e gerar relatório do código 118091002', '2022-03-31 20:11:16', 44, 3, '2022-04-08 00:00:00', 'Atrasado', NULL, NULL),
(200, 25, 'Fazer documentação PPAP', '2022-03-31 20:12:14', 8, 3, '2022-04-07 00:00:00', 'Atrasado', NULL, NULL),
(201, 33, 'Aprovação', '2022-04-08 14:42:41', NULL, 1, '2022-04-20 00:00:00', 'Concluído', '2022-04-20 17:39:32', NULL),
(202, 33, 'Automatizar a fixação e melhorar a limpeza do dispositivo do furo de referencia do eixos FMF', '2022-04-08 14:42:41', 8, 2, '2022-04-22 00:00:00', 'Concluído', NULL, NULL),
(203, 33, 'Tarefa Editar', '2022-04-08 14:42:41', NULL, 3, '2022-11-02 00:00:00', 'Concluído', NULL, NULL),
(204, 33, 'Tarefa Editar', '2022-04-08 14:42:41', 8, 4, '2022-11-03 00:00:00', 'Concluído', NULL, NULL),
(205, 33, 'Aprovação', '2022-04-08 14:42:41', 8, 5, '2022-11-03 00:00:00', 'Concluído', NULL, NULL),
(206, 33, 'Corrigir o dispositivo de fixação da OP 20 (Torno) para a questão da simetria  (conceito similar  a mudança no QTN)', '2022-04-08 14:44:44', 8, 2, '2022-04-22 00:00:00', 'Concluído', NULL, NULL),
(207, 33, 'Corrigir projeto e automatizar a fixação do dispositivo de furo D4 para o eixo FMF', '2022-04-08 14:46:11', 8, 2, '2022-04-22 00:00:00', 'Concluído', NULL, NULL),
(208, 33, 'Alterar e testar nova broca D6 do eixo FMF', '2022-04-08 14:47:01', 6, 2, '2022-04-22 00:00:00', 'Concluído', NULL, NULL),
(209, 33, 'Definir em qual maquina/fluxo será feito os furos D3,2 (rebite) no eixo FMF', '2022-04-08 14:48:00', 8, 2, '2022-04-22 00:00:00', 'Concluído', NULL, NULL),
(210, 33, 'Definir em qual maquina/fluxo será feito a rosca M12  no eixo FMF', '2022-04-08 14:48:40', 8, 2, '2022-04-22 00:00:00', 'Concluído', NULL, NULL),
(211, 33, 'Apresentar uma proposta de novo fluxo (brother talvez) para operações apos FANUC do eixo FMF', '2022-04-08 14:49:19', 8, 2, '2022-04-22 00:00:00', 'Atrasado', NULL, NULL),
(212, 29, 'Estabelecer a estrutura do PCM', '2022-04-11 21:43:30', 31, 3, '2022-04-29 00:00:00', 'Atrasado', NULL, NULL),
(213, 29, 'Contratar um empresa para assumir as rotinas da lubrificação industrial', '2022-04-11 21:45:05', 31, 3, '2022-05-02 00:00:00', 'Atrasado', NULL, 'Empresa contratada - previsão de inicio do lubrificador é dia 02/05/2022'),
(214, 27, 'Identificar forma de cálculo dos produtos acabados dentro do MRP para garantir cálculos do PI e MP.', '2022-04-12 19:40:51', 40, 2, '2022-04-22 00:00:00', 'Concluído', NULL, NULL),
(215, 27, 'Definir e cadastrar novos estoques de segurança.', '2022-04-12 19:41:31', 40, 2, '2022-04-22 00:00:00', 'Concluído', NULL, NULL),
(216, 27, 'Rever e definir lotes mínimos de compras', '2022-04-12 19:42:03', 9, 2, '2022-04-22 00:00:00', 'Concluído', NULL, NULL),
(217, 27, 'Rever e cadastrar Ponto de pedido ( estoque mínimo)', '2022-04-12 19:42:52', 9, 2, '2022-04-22 00:00:00', 'Concluído', NULL, NULL),
(218, 27, 'Revisar e cancelar SC´s com status Bloqueadas no sistema.', '2022-04-12 19:43:43', 9, 2, '2022-04-25 00:00:00', 'Concluído', NULL, NULL),
(219, 27, 'Criar formulário para cadastro de Produtos Intermediários e Matéria Prima.', '2022-04-12 19:44:49', 40, 2, '2022-04-29 00:00:00', 'Concluído', NULL, NULL),
(220, 27, 'Revisar Parâmetro de abertura de SC no momento da geração manual da OP.', '2022-04-12 19:53:31', 40, 2, '2022-04-22 00:00:00', 'Concluído', NULL, NULL),
(222, 27, 'Validar rotina de solicitação de compra por ponto de pedido', '2022-05-05 17:51:50', 40, 2, '2022-05-20 00:00:00', 'Concluído', NULL, NULL),
(223, 27, 'Habilitar MRP Memoria na versão 33', '2022-05-05 17:52:31', 16, 2, '2022-05-13 00:00:00', 'Concluído', NULL, NULL),
(224, 27, 'Reunião de Kick-off implantação MRP com consultor Rodrigo', '2022-05-05 18:06:56', 9, 3, '2022-05-19 00:00:00', 'Concluído', NULL, 'alinhar com consultor Rodrigo na semana de 17/05 - 20/05'),
(225, 27, 'Rodar MRP e fazer analise critica', '2022-05-05 18:08:37', 40, 2, '2022-05-19 00:00:00', 'Concluído', NULL, 'preparar material par analise para inicio da execução reunião com Consultor Rodrigo - predecedor tarefa/ação 224.'),
(226, 27, 'Conclusão da etapa de execução', '2022-05-05 18:14:05', 40, 3, '2022-05-31 00:00:00', 'Concluído', NULL, 'Planejado inicio do MRP a partir de 01/06'),
(227, 27, 'Validar eficácia da utilização do MRP', '2022-05-05 18:15:51', 40, 4, '2022-07-29 00:00:00', 'Concluído', NULL, NULL),
(228, 34, 'Aprovação', '2022-05-06 13:09:55', 11, 1, '2022-05-09 00:00:00', 'Aprovado', NULL, 'Em 04/05/2022 - definido iniciar projeto. Reunião entre Roberto & Jairo.'),
(229, 34, 'Iniciar piloto com Power BI na área de suprimentos', '2022-05-06 13:09:55', 11, 2, '2022-05-30 00:00:00', 'Concluído', NULL, NULL),
(230, 34, 'Elaborar Modelagem de dados - dashboard Faturamento', '2022-05-06 13:09:55', 11, 3, '2022-06-30 00:00:00', 'Concluído', NULL, NULL),
(231, 34, 'Consolidar PBI como ferramenta', '2022-05-06 13:09:55', NULL, 4, '2023-03-31 00:00:00', 'Em curso', NULL, NULL),
(232, 34, 'Aprovação', '2022-05-06 13:09:55', NULL, 5, '2023-04-30 00:00:00', 'Em curso', NULL, NULL),
(233, 34, 'Reunião Remota : Análise do BI GDview', '2022-05-06 13:14:07', 11, 2, '2022-05-09 00:00:00', 'Concluído', NULL, 'Contato com Marcelo'),
(234, 34, 'Reunião equipe TOTVS para apresentação do BI', '2022-05-06 13:20:08', 11, 2, '2022-06-03 00:00:00', 'Concluído', NULL, NULL),
(235, 35, 'Aprovação', '2022-05-06 13:44:59', 11, 1, '2022-05-06 00:00:00', 'Aprovado', NULL, 'Em 04/05/2022 - aprovado inicio do projeto. Reunião entre Roberto, Jairo e Cristian.'),
(236, 35, 'Mapear processo [com Jaqueline]', '2022-05-06 13:44:59', 11, 2, '2022-05-10 00:00:00', 'Concluído', NULL, NULL),
(237, 35, 'Padronizar atividade de reporte DN no Totvs', '2022-05-06 13:44:59', 11, 3, '2022-05-13 00:00:00', 'Concluído', NULL, NULL),
(238, 35, 'Acompanhar processo padronizado por 30 dias', '2022-05-06 13:44:59', 11, 4, '2022-05-31 00:00:00', 'Concluído', NULL, NULL),
(239, 35, 'Aprovação', '2022-05-06 13:44:59', 11, 5, '2022-05-31 00:00:00', 'Aprovado', '2022-05-31 12:41:30', NULL),
(240, 35, 'Mapear processo [com Cristian]', '2022-05-06 13:47:24', 11, 2, '2022-05-09 00:00:00', 'Concluído', NULL, 'Primeira etapa concluída'),
(241, 35, 'Reunião com Programador', '2022-05-06 13:48:28', 11, 2, '2022-05-13 00:00:00', 'Concluído', NULL, 'Na fase de mapeamento foi identificado que não há necessidade de robotizar a tarefa. Não foi necessário consultoria.'),
(242, 27, 'Revisar cadastro de peso das carcaças T11', '2022-05-11 17:15:01', 25, 2, '2022-05-16 00:00:00', 'Concluído', NULL, 'Verificar lista de carcaças sem cadastro de peso enviada no grupo de Whatsapp. Fazer abrangência da ação para demais produtos, principalmente aqueles com consumo de MP em quilos.'),
(243, 35, 'Teste-validação', '2022-05-16 18:26:00', 11, 4, '2022-05-16 00:00:00', 'Concluído', NULL, NULL),
(244, 36, 'Aprovação', '2022-05-16 18:46:18', NULL, 1, '2022-05-16 18:47:07', 'Aprovado', '2022-05-16 18:47:07', NULL),
(245, 36, 'Tarefa Editar', '2022-05-16 18:46:18', 48, 2, '2022-05-20 00:00:00', 'Concluído', NULL, NULL),
(246, 36, 'Tarefa Editar', '2022-05-16 18:46:18', 48, 3, '2022-05-19 00:00:00', 'Concluído', NULL, NULL),
(247, 36, 'Tarefa Editar', '2022-05-16 18:46:18', 38, 4, '2022-05-19 00:00:00', 'Concluído', NULL, NULL),
(248, 36, 'Aprovação', '2022-05-16 18:46:18', NULL, 5, NULL, 'Em curso', NULL, NULL),
(249, 36, 'teste MS40', '2022-05-16 18:48:48', 42, 4, '2022-05-20 00:00:00', 'Concluído', NULL, NULL),
(250, 37, 'Aprovação', '2022-05-26 13:44:14', NULL, 1, '2022-06-03 13:42:47', 'Aprovado', '2022-06-03 13:42:47', NULL),
(251, 37, 'Definir agenda inicial', '2022-05-26 13:44:14', 11, 2, '2022-05-26 00:00:00', 'Concluído', NULL, NULL),
(252, 37, 'CB01 - Conciliar relatório de títulos a pagar (finr150)', '2022-05-26 13:44:14', 75, 3, '2023-01-01 00:00:00', 'Atrasado', NULL, 'Consta títulos em aberto desde 2019, 2021.'),
(253, 37, 'AU2 - Realizar novo ciclo de auditorias Martinelli', '2022-05-26 13:44:14', 75, 4, '2023-06-06 00:00:00', 'Em curso', NULL, NULL),
(254, 37, 'Aprovação', '2022-05-26 13:44:14', 11, 5, '2023-09-30 00:00:00', 'Em curso', NULL, NULL),
(255, 37, 'Semana inicial de diagnóstico Durmetal/Tylco', '2022-05-26 13:47:01', 11, 2, '2022-06-13 00:00:00', 'Concluído', NULL, NULL),
(256, 34, 'Apresentar ferramenta PBI', '2022-05-27 12:18:36', 11, 2, '2022-06-13 00:00:00', 'Concluído', NULL, 'Concluído na semana 22.'),
(257, 37, 'CB01 - Fechamento Balancetes de Verificação Pendentes', '2022-06-03 13:38:23', 67, 3, '2022-10-31 00:00:00', 'Concluído', NULL, 'Está faltando fechar o mês 10/2022'),
(258, 37, 'CB01 - Analisar e encerrar pendências de conciliações Contábil-Financeiras', '2022-06-03 13:40:34', 69, 3, '2022-09-30 00:00:00', 'Concluído', NULL, 'Foi concluído o mês de setembro de 2022 em 21/10.'),
(260, 37, 'CB01 - Habilitar utilização do importador XML NF', '2022-06-06 19:04:45', 15, 3, '2022-10-01 00:00:00', 'Concluído', NULL, 'predecessor tarefa= 287'),
(262, 37, 'CB01 - Implantar módulo de controle patrimonial', '2022-06-06 20:56:27', 75, 3, '2023-01-01 00:00:00', 'Atrasado', NULL, 'Necessário definir os valores com os quais os bens serão imobilizados. Aguardando orientação da Martinelli'),
(263, 37, 'CB01 - Alterar para contabilidade modo on-line no Protheus - Financeiro', '2022-06-06 20:59:54', 75, 3, '2022-10-01 00:00:00', 'Concluído', NULL, 'Atualmente é utilizado modo off-line. Divergência é detectada somente dias, semanas depois.'),
(264, 37, 'CB01 - Criar conta para provisão de perdas - clientes', '2022-06-09 17:33:33', 75, 3, '2022-12-01 00:00:00', 'Atrasado', NULL, NULL),
(265, 37, 'CB01 - Criar operação de controle de caixa (fluxo movimentação espécie)', '2022-06-09 17:35:43', 75, 3, '2022-11-30 00:00:00', 'Atrasado', NULL, NULL),
(266, 37, 'CB01 - Emitir relatório conciliação de saldos a receber / recebidos - antecipados', '2022-06-09 18:19:20', 75, 3, '2023-01-01 00:00:00', 'Atrasado', NULL, 'Operação de antecipação J.Morgan/ Valorem'),
(267, 24, 'OP 10 - Projetar dispositivo', '2022-06-09 19:48:03', 8, 3, '2022-07-02 00:00:00', 'Atrasado', NULL, NULL),
(268, 24, 'OP 25 - Projetar dispositivo de fixação', '2022-06-09 20:28:34', 8, 3, '2022-07-08 00:00:00', 'Atrasado', NULL, NULL),
(269, 24, 'OP 25 - Fabricar dispositivo de fixação', '2022-06-09 20:30:56', 8, 3, '2022-07-22 00:00:00', 'Atrasado', NULL, NULL),
(270, 24, 'OP 30 - Projetar dispositivo de fixação para 4º eixo', '2022-06-09 20:31:51', 8, 3, '2022-07-08 00:00:00', 'Atrasado', NULL, NULL),
(271, 24, 'OP 30 - Fabricar dispositivo de fixação para 4º eixo', '2022-06-09 20:32:33', 8, 3, '2022-08-05 00:00:00', 'Atrasado', NULL, NULL),
(272, 24, 'OP 30 - Definir e comprar meios de medição', '2022-06-09 20:33:36', 72, 3, '2022-06-17 00:00:00', 'Atrasado', NULL, NULL),
(273, 24, 'OP 30 - Fabricar meios de medição', '2022-06-09 20:34:27', 72, 3, '2022-07-15 00:00:00', 'Atrasado', NULL, NULL),
(274, 24, 'OP 35 - Projetar dispositivo de furação', '2022-06-09 20:36:06', 8, 3, '2022-07-01 00:00:00', 'Atrasado', NULL, NULL),
(275, 24, 'OP 35 - Fabricar dispositivo de furação', '2022-06-09 20:36:55', 8, 3, '2022-07-22 00:00:00', 'Atrasado', NULL, NULL),
(276, 24, 'OP 35 - Definir e comprar meios de medição', '2022-06-09 20:37:32', 72, 3, '2022-06-17 00:00:00', 'Atrasado', NULL, NULL),
(277, 24, 'OP 35 - Projetar dispositivo de fixação para 4º eixo', '2022-06-09 20:38:17', 72, 3, '2022-07-15 00:00:00', 'Atrasado', NULL, NULL),
(278, 24, 'OP 40 - Projetar dispositivo de fixação', '2022-06-09 20:39:32', 8, 3, '2022-07-08 00:00:00', 'Atrasado', NULL, NULL),
(279, 37, 'AU2 - Programar auditoria interna', '2022-06-10 14:13:10', 11, 4, '2023-05-15 00:00:00', 'Em curso', NULL, NULL),
(280, 37, 'CB01 - Conciliar relatório de títulos a receber (finr130)', '2022-06-10 14:51:40', 75, 3, '2023-01-01 00:00:00', 'Atrasado', NULL, 'Provisões não devem ser consideradas.'),
(281, 37, 'CB01 - Conciliar relatório pagamentos antecipados - PA', '2022-06-10 14:57:17', 75, 3, '2023-01-01 00:00:00', 'Atrasado', NULL, 'Não fica mais de 30 dias em aberto segundo Jairo Simas.'),
(282, 37, 'EF01- Identificar causa de saldos negativos em estoque (matr460, matr860, matc030)', '2022-06-10 14:58:49', 11, 3, '2022-08-12 00:00:00', 'Concluído', NULL, 'Atualizado estoques de Janeiro-Julho. Corrigido via acerto do custo médio. Causa relacioado a requisições de estoque, entradas e saídas. Será feito monitoramento mensal.'),
(283, 37, 'CB01 - Cadastrar ativos imobilizados no ERP Totvs Protheus', '2022-06-10 15:00:52', 75, 3, '2023-01-01 00:00:00', 'Atrasado', NULL, 'Depende as tarefas 296, 327. Necessário definir os valores com os quais os bens serão imobilizados. Aguardando orientação da Martinelli'),
(284, 37, 'CB01 - Capacitar equipe na detecção e solução de problemas no processo de concíliação contábil-financeiro', '2022-06-10 17:24:50', 75, 3, '2022-12-31 00:00:00', 'Atrasado', NULL, 'Treinamento online - platarma Udemy + treinamento sobre rotinas financeiras e contábeis. Consultoria com TOTVS'),
(285, 34, 'Implantar piloto PBI - Faturamento Diário (modo manual)', '2022-06-13 12:28:50', 11, 3, '2022-10-31 00:00:00', 'Concluído', NULL, 'Realizado parcialmente. Informações serão remodeladas no PBI cfme dados das novas tabelas.'),
(287, 37, 'CB01 - Apresentar opções para o importador XML NF', '2022-06-20 13:05:56', 15, 3, '2022-08-02 00:00:00', 'Concluído', NULL, 'Já avalilado importador padrão Protheus + Gdview. Retornando de férias o Cristian avaliaremos uma terceira ferramenta \"ConexãoNFE\"'),
(288, 37, 'EF01- Estoques: Fazer fechamento de estoques Jan-Mai.22', '2022-06-22 18:43:39', 15, 3, '2022-06-30 00:00:00', 'Concluído', NULL, NULL),
(291, 37, 'EF01- Fazer fechamento de estoques Jun.22', '2022-06-23 14:13:56', 15, 3, '2022-07-08 00:00:00', 'Concluído', NULL, 'Fazer fechamento de estoque.'),
(292, 34, 'Cadastrar usuário Durmetal no Power Bi Pro', '2022-06-28 12:04:25', 15, 3, '2022-07-15 00:00:00', 'Concluído', NULL, 'Evandro em contato com Microsoft.'),
(293, 37, 'EF01 - Implantar alçada de aprovação para ajustes de estoque - Inventários', '2022-06-28 18:17:29', 75, 3, '2022-09-26 00:00:00', 'Concluído', NULL, NULL),
(294, 37, 'CF01 - Definição das bases para cálculos dos custos de transformação', '2022-07-14 11:51:09', 11, 2, '2022-07-15 00:00:00', 'Concluído', NULL, 'Atividade em curso com consultor Manoel Silva'),
(295, 37, 'CF01 - Realizar inspeção física dos bens registrados em relatório patrimonial', '2022-07-15 17:49:37', 31, 3, '2022-12-31 00:00:00', 'Atrasado', NULL, 'A inspeção já foi feita para as máquinas, faltam os demais bens da empresa.'),
(296, 37, 'CF01 - Realizar definição dos bens por centro de custo', '2022-07-15 17:51:38', 31, 3, '2022-12-31 00:00:00', 'Atrasado', NULL, 'A definição já foi feita para as máquinas, faltam os demais bens da empresa.'),
(297, 37, 'CF01 - Realizar identificação fisica do bem (Plaquetas de Identificação).', '2022-07-15 17:53:43', 31, 3, '2022-11-30 00:00:00', 'Atrasado', NULL, NULL),
(298, 37, 'CF01 - Alocar os gastos de depreciação de acordo com os centros de custo definidos.', '2022-07-15 17:55:22', 75, 3, '2023-01-31 00:00:00', 'Em curso', NULL, 'Predecessor 296'),
(299, 37, 'CF01 - Revisar se a amortização dos intangíveis estão alocados nos devidos centros de custos e se este lançamento é efetuado mensalmente.', '2022-07-15 17:55:54', 75, 3, '2023-01-31 00:00:00', 'Em curso', NULL, NULL),
(300, 37, 'CF01 - Abertura dos centros engenharia Tylco e Engenharia Serviços. Alocar gastos de acordo com o centro.', '2022-07-15 17:56:54', 11, 3, '2022-08-15 00:00:00', 'Concluído', NULL, NULL),
(301, 37, 'CF01 - Centro de custo \"Compras\" definir como apoio.', '2022-07-15 17:57:19', 69, 3, '2022-08-15 00:00:00', 'Concluído', NULL, 'Bloqueado o centro de custo 21000 - (COMPRAS/Analitico) e criado novo centro de custo 42050 - (COMPRAS/Analitico), alocado na familia do 42000 (APOIO/Sintético)'),
(302, 37, 'CF01 - Centros de custos de \"Preparação\", definir como apoio.', '2022-07-15 17:57:38', 11, 3, '2022-08-15 00:00:00', 'Concluído', NULL, 'Com a alteração dos centros de custos produtivos, o centro de custo de preparação foi eliminado.'),
(303, 37, 'CF01 - Centros de custos \"Compressores\" definir como apoio.', '2022-07-15 17:58:58', 11, 3, '2022-08-15 00:00:00', 'Concluído', NULL, NULL),
(304, 37, 'CF01 - Revisão dos funcionários por centro de custos.', '2022-07-15 18:00:04', 11, 3, '2022-08-05 00:00:00', 'Concluído', NULL, 'Feito atualização dentro dos 192 CC; Será feito nova atualização com a nova estrutura de centros de custos (de 192 para 23...)'),
(305, 37, 'CF01 - Revisão do critério de rateio da mão de obra direta. Definir percentuais de rateio da mão de obra total do centro sintético para os centros analíticos.', '2022-07-15 18:00:29', 11, 3, '2022-08-15 00:00:00', 'Concluído', NULL, 'Será revisado centros de custos.  Não haverá mais essa necessidade de raterio.'),
(307, 37, 'CF01 - Alterar nomenclatura dos centros de tecnologia e processos, alterar para Engenharia e Processos Tylco e Engenharia e Processos Serviços.', '2022-07-15 18:01:31', 11, 3, '2022-08-15 00:00:00', 'Concluído', NULL, NULL),
(308, 37, 'CF01 - Alocar pessoas e revisar gastos do centro de tecnologia e processo.', '2022-07-15 18:02:02', 11, 3, '2022-08-15 00:00:00', 'Concluído', NULL, NULL),
(310, 37, 'CF01 - Conscientizar colaboradores da fábrica quanto a importância do repasse da informação para o departamento de RH quanto a realocação de funcionários (Empréstimo) para outro centro de custo.', '2022-07-15 18:03:08', 65, 3, '2022-09-15 00:00:00', 'Concluído', NULL, 'Avaliar a possibilidade de formalização do procedimento.'),
(311, 37, 'CF01 - Revisão das horas disponíveis no mês.', '2022-07-15 18:03:44', 63, 3, '2022-11-30 00:00:00', 'Atrasado', NULL, 'Utilizar como base taxa de ocupação na carga máquina.'),
(312, 37, 'CF01 - Validar horas que estão sendo apontadas nos centros de custos.', '2022-07-15 18:05:48', 75, 3, '2022-11-30 00:00:00', 'Atrasado', NULL, 'Retroalimentado pelo PCP - Carga Máquina.'),
(313, 37, 'CF01 - Obter o apontamento das horas centros de custos produtivos na qual estão com apontamento zerado.', '2022-07-15 18:06:53', 75, 3, '2022-11-30 00:00:00', 'Atrasado', NULL, NULL),
(314, 37, 'CF01 - Revisão do percentual de concessões (perdas) de tempo para horas/homem (troca de turno, fadiga, banheiro..).', '2022-07-15 18:07:14', 63, 3, '2022-11-30 00:00:00', 'Atrasado', NULL, 'Informação constará no carga máquina'),
(315, 37, 'CF01 - Revisão do percentual de interferências (perdas) de tempo para horas/máquina (parada programada)', '2022-07-15 18:07:36', 63, 3, '2022-11-30 00:00:00', 'Atrasado', NULL, NULL),
(316, 37, 'CF01 - Realizar Fechamento financeiro e contábil mensalmente.', '2022-07-15 18:07:58', 75, 3, '2022-12-01 00:00:00', 'Atrasado', NULL, NULL),
(317, 37, 'CF01 - Entender com a Meta, o motivo da divergência da folha de pagamento e o valor contabilizado em março de 2022.', '2022-07-15 18:08:44', 67, 3, '2022-08-15 00:00:00', 'Concluído', NULL, 'Divergência devido alguns custos não passarem pela apuração da folha no Sênior.  @Alezandra - aguardo detalhamento, cfme falamos em reunião  22/07/2022 -9:30h.'),
(318, 37, 'CF01 - Avaliar com a Meta o motivo de não ter a depreciação do prédio.', '2022-07-15 18:10:45', 11, 3, '2022-08-15 00:00:00', 'Concluído', NULL, NULL),
(319, 37, 'CF01 - Caso possua depreciação predial, definir como gasto comum e realizar rateio para os demais centros com base no percentual de ocupação por M2 do C.C.', '2022-07-15 18:11:08', 11, 3, '2022-08-15 00:00:00', 'Concluído', NULL, 'Prédio não está concluído.'),
(320, 37, 'CF01 - Definição do critério de rateio conforme laudo para energia elétrica e/ou estimativa técnica - revisar percentuais.', '2022-07-15 18:11:25', 31, 3, '2022-08-15 00:00:00', 'Concluído', NULL, 'Definido conforme estimativa técnica da equipe de engenharia de manutenção.;'),
(321, 37, 'CF01 - Revisão dos percentuais de rateio, bem como critérios de rateio dos centros de apoio para os centros produtivos. Exemplo manutenção, numero de ordens de serviços atendidas por centro de custo produtivo.', '2022-07-15 18:11:47', 11, 3, '2022-08-15 00:00:00', 'Concluído', NULL, NULL),
(322, 37, 'CF01 - Formalização dos critérios de rateio pré-definidos. Definir politica de revisão dos critérios de rateio de acordo com período pré-estabelecido internamente pela empresa.', '2022-07-15 18:12:19', 11, 3, '2022-08-15 00:00:00', 'Concluído', NULL, NULL),
(323, 37, 'CF01 - Confronto entre as horas disponíveis no mês com as horas apontadas (ver obs)', '2022-07-15 18:12:43', 75, 3, '2023-01-01 00:00:00', 'Atrasado', NULL, 'A variação entre elas, deverá ser avaliado o motivo, casos que indiciam a ociosidade, essas horas ociosas deverão ser valorizados e contabilizadas em despesas, expurgando da linha'),
(324, 37, 'CF02 - Registrar o Custo Hora no sistema Protheus.', '2022-07-15 18:13:41', 75, 3, '2023-01-01 00:00:00', 'Atrasado', NULL, 'Necessario o apontamento das horas nos reportes de produção'),
(325, 37, 'CF01 - Estabelecer processo interno para revisão e atualização de tempos de ciclos operacionais - Serviços Durmetal', '2022-07-25 17:23:28', 8, 3, '2023-01-02 00:00:00', 'Atrasado', NULL, 'Prazo revisado.'),
(326, 37, 'CF01 - Estabelecer processo interno para revisão e atualização de tempos de ciclos operacionais no Protheus - Produtos Tylco', '2022-07-25 17:32:59', 5, 3, '2023-01-02 00:00:00', 'Atrasado', NULL, 'Prazo revisado'),
(327, 37, 'CF01 - Listar máquinas ou centros de custos produtivos inativos', '2022-07-26 14:58:12', 31, 3, '2022-12-31 00:00:00', 'Atrasado', NULL, NULL),
(328, 37, 'EF01 - Implantar processo de controle de estoque de manuteção - M1', '2022-07-29 18:24:32', 31, 3, '2022-11-30 00:00:00', 'Atrasado', NULL, 'Controlar entradas, saídas e saldos. Entrada via NF e  Saídas via requisição contra o centro de custo de destino.'),
(329, 38, 'Aprovação', '2022-08-17 17:20:16', 51, 1, '2022-08-25 00:00:00', 'Aprovado', '2022-08-25 18:47:11', NULL),
(330, 38, '(draft) Relatório de Benchmarking', '2022-08-17 17:20:16', 58, 2, '2022-08-31 00:00:00', 'Concluído', NULL, 'Atividade em 70%'),
(331, 38, 'Tarefa Editar', '2022-08-17 17:20:16', NULL, 3, '2023-02-28 00:00:00', 'Atrasado', NULL, NULL),
(332, 38, 'Tarefa Editar', '2022-08-17 17:20:16', NULL, 4, NULL, 'Em curso', NULL, NULL),
(333, 38, 'Aprovação', '2022-08-17 17:20:16', NULL, 5, NULL, 'Em curso', NULL, NULL),
(334, 38, '(draft) Brainstorming', '2022-08-17 18:07:57', 58, 2, '2022-09-06 00:00:00', 'Concluído', NULL, 'Predecessor: 330'),
(335, 39, 'Aprovação', '2022-09-06 18:40:39', 90, 1, '2021-05-20 00:00:00', 'Aprovado', NULL, NULL),
(336, 39, 'Planejamento e alinhamento de Atividades', '2022-09-06 18:40:39', 58, 2, '2021-06-06 00:00:00', 'Concluído', NULL, NULL),
(337, 39, 'Execução e montagem do protótipo', '2022-09-06 18:40:39', 90, 3, '2022-01-15 00:00:00', 'Concluído', NULL, NULL),
(338, 39, 'Testes e homologação', '2022-09-06 18:40:39', 90, 4, '2022-03-10 00:00:00', 'Concluído', NULL, NULL),
(339, 39, 'Aprovação', '2022-09-06 18:40:39', 51, 5, '2022-08-26 00:00:00', 'Concluído', NULL, NULL),
(340, 37, 'CF02 - Fazer piloto da apuração de custos via cadastro do custo/hora no parâmetro MOD.', '2022-09-26 19:19:17', 75, 3, '2022-11-11 00:00:00', 'Atrasado', NULL, 'Fazer piloto no centro de custo de montagem e centros horizontais (blocos)'),
(341, 37, 'CT01 - Padronizar a solicitação de envio de NF', '2022-09-26 19:26:07', 75, 3, '2022-10-01 00:00:00', 'Concluído', NULL, NULL),
(342, 37, 'FL01 - Realizar estudo de viabilidade da separação de CNPJs e alteração do regíme de tributação', '2022-09-26 19:30:30', 75, 3, '2023-01-31 00:00:00', 'Em curso', NULL, NULL),
(344, 40, 'Aprovação', '2022-09-29 20:35:40', 51, 1, '2023-01-04 00:00:00', 'Aprovado', '2022-12-20 13:08:13', NULL),
(345, 40, 'Refinar informações do contrato do projeto', '2022-09-29 20:35:40', 54, 2, '2022-10-31 00:00:00', 'Concluído', NULL, 'Teste'),
(347, 40, 'Validar resultado das ações executadas do projeto', '2022-09-29 20:35:40', 54, 4, '2024-01-08 00:00:00', 'Em curso', NULL, NULL),
(348, 40, 'Aprovação', '2022-09-29 20:35:40', 51, 5, '2024-06-30 00:00:00', 'Em curso', NULL, NULL),
(349, 40, 'Medir eficiência das máquinas de corte laser', '2022-09-29 20:52:24', 80, 2, '2022-10-07 00:00:00', 'Concluído', NULL, NULL),
(350, 40, 'Estudo da capacidade instalada dos recursos instalados versus capacidade necessária para 200 equipamentos', '2022-09-29 20:59:18', 83, 2, '2023-01-16 00:00:00', 'Atrasado', NULL, 'Incluso nos anexos estudo de capacidade da fábrica baseado nas medias de cada posto de trabalho.'),
(351, 41, 'Aprovação', '2022-10-03 15:01:58', NULL, 1, NULL, 'Concluído', NULL, NULL),
(352, 41, 'Tarefa Editar', '2022-10-03 15:01:58', NULL, 2, NULL, 'Concluído', NULL, NULL),
(353, 41, 'Tarefa Editar', '2022-10-03 15:01:58', NULL, 3, '2023-01-06 00:00:00', 'Concluído', NULL, NULL),
(354, 41, 'Tarefa Editar', '2022-10-03 15:01:58', NULL, 4, NULL, 'Em curso', NULL, NULL),
(355, 41, 'Aprovação', '2022-10-03 15:01:58', NULL, 5, NULL, 'Em curso', NULL, NULL),
(356, 34, 'Transferir bases de dados para servidor', '2022-10-04 19:32:24', 15, 3, '2022-10-04 00:00:00', 'Concluído', NULL, NULL),
(357, 34, 'Instalar gateway direto no servidor', '2022-10-04 19:32:56', 15, 3, '2022-10-04 00:00:00', 'Concluído', NULL, NULL),
(358, 40, 'Fazer reunião de mapeamento de iniciativas do projeto', '2022-10-24 11:41:01', 10, 2, '2022-11-30 00:00:00', 'Concluído', NULL, 'Reunião realizada em 24/10/2022 - Presentes: Anderson, Carlos Miranda, Fabiano, R.Koster, Roberto'),
(359, 37, 'CF01- Criação de novos centros de custos diretos(fábrica) e indiretos(apoio)', '2022-10-24 17:54:06', 75, 3, '2022-09-01 00:00:00', 'Concluído', NULL, NULL),
(360, 37, 'CB01 - Analisar os lançamentos contábeis de janeiro setembro/2022', '2022-10-24 18:26:02', 69, 3, '2022-11-14 00:00:00', 'Atrasado', NULL, NULL),
(362, 37, 'CF - 01 Análise das horas reportadas por centro de custos', '2022-10-24 18:29:54', 75, 3, '2022-11-14 00:00:00', 'Atrasado', NULL, 'verificar com TI o relatório que traz esta informação'),
(363, 37, 'CF - 01 Apropriação dos Custos por Centro de Custos e Valorização das OPs', '2022-10-24 18:40:37', 75, 3, '2022-12-31 00:00:00', 'Atrasado', NULL, 'Verificar com a consultoria os programas que rodam esta rotina'),
(364, 37, 'CB01 - Faturamento e Emissão de NFs diversas', '2022-10-24 18:54:38', 69, 3, '2022-08-30 00:00:00', 'Concluído', NULL, 'A partir de 30/08 as atividades relativas ao faturamento passaram a ser de responsabilidade da Controladoria'),
(365, 37, 'CB01 - Alinhamento do Processo de Recebimento das mercadorias e serviços (Fisico X Fiscal)', '2022-10-24 18:59:48', 75, 3, '2022-10-01 00:00:00', 'Concluído', NULL, 'As movimentações físicas de materias precisam estar acompanhadas dos lançamentos dos documentos fiscais no respectivo mes de competencia'),
(390, 37, 'CB01 - Efetuar a Conciliação Bancária diariamente', '2022-10-24 20:53:30', 69, 3, '2022-10-31 00:00:00', 'Concluído', NULL, 'em 24/10/2022 está conciliado até o dia 21/10.'),
(391, 37, 'CB01 - Contabilização das Entradas, Saídas e Financeiro para identificação de problemas', '2022-10-24 20:56:32', 75, 3, '2022-10-31 00:00:00', 'Concluído', NULL, 'Está contabilizado até o dia 19/10.'),
(392, 37, 'CB01 - Acompanhamento das NF não lançadas no sistema (Conexão NFe)', '2022-10-24 23:59:58', 75, 3, '2022-11-15 00:00:00', 'Atrasado', NULL, NULL),
(393, 37, 'Acompanhamento das NF pendentes na Malha Fiscal (Providenciar o lançamento ou estorno)', '2022-10-25 00:03:57', 75, 3, '2022-11-14 00:00:00', 'Atrasado', NULL, NULL),
(394, 37, 'Acompanhamento das NF pendentes na Malha Fiscal (Providenciar o lançamento ou estorno)', '2022-10-25 00:03:57', 75, 3, '2022-11-14 00:00:00', 'Concluído', NULL, NULL),
(395, 37, 'CB01 - Bloqueio de acesso ao cadastro de item para evitar erros de cadastro', '2022-10-25 00:07:30', 15, 3, '2022-09-19 00:00:00', 'Concluído', NULL, NULL),
(396, 37, 'CB01- Controle de Saldo em Poder de 3º', '2022-10-25 00:12:57', 69, 3, '2022-11-15 00:00:00', 'Atrasado', NULL, NULL),
(397, 37, 'CB01 - Definir limite de Crédito por cliente ativo através da análise de crédito', '2022-10-25 00:34:51', 75, 3, '2022-11-30 00:00:00', 'Atrasado', NULL, NULL),
(398, 37, 'CB01 - Adota o prazo de fechamento do AP com 1 dia de antecedência', '2022-10-25 00:38:55', 75, 3, '2022-10-14 00:00:00', 'Concluído', NULL, NULL),
(399, 37, 'CB01 - Geração e envio do relatório de Recebíveis à Meta e ao DP', '2022-10-25 00:42:16', 75, 3, '2022-10-03 00:00:00', 'Concluído', NULL, NULL),
(400, 37, 'CB01 - Testes e implantação do Pagamento Escritural', '2022-10-25 00:44:46', 15, 3, '2022-11-30 00:00:00', 'Atrasado', NULL, NULL),
(401, 37, 'CF01 - Realização de Inventários Cíclicos', '2022-10-25 00:51:51', 63, 3, '2022-11-14 00:00:00', 'Atrasado', NULL, NULL),
(402, 37, 'CF01 - Realização de Inventário Períodico', '2022-10-25 00:53:04', 65, 3, '2022-12-30 00:00:00', 'Atrasado', NULL, 'Sugestão - Inventário Geral Semestral'),
(403, 37, 'CB01 - Reclassificar os lançamentos de custos e despesas para os novos centros de custos', '2022-10-25 01:42:30', 69, 3, '2022-11-30 00:00:00', 'Atrasado', NULL, NULL),
(404, 37, 'CF01 - Análise de custo dos materiais comprados (comparativo realizado X padrão)', '2022-10-25 01:53:21', 75, 3, '2022-10-14 00:00:00', 'Concluído', NULL, 'desenvolvido um relatório comparativo de custo médio VS custo da última compra'),
(405, 37, 'CB01 - Abertura de chamado na TOTVS para criação de rateio Off Line ( ex:energia elétrica)', '2022-10-25 02:03:59', 15, 3, '2022-11-14 00:00:00', 'Atrasado', NULL, NULL),
(406, 37, 'CB01 - Criação e importação do arquivo da folha para pagamento dos salários', '2022-10-25 02:19:17', 15, 3, '2022-09-01 00:00:00', 'Concluído', NULL, 'Esta rotina era feita manualmente consumindo aprox. 2 a 2,5 horas mensais do anlista financeiro para digitar o valor de cada salário no portal do banco.'),
(407, 37, 'CB01 - Manuais das atividades da área de Controladoria', '2022-10-25 14:12:33', 75, 3, '2022-11-30 00:00:00', 'Atrasado', NULL, NULL),
(408, 37, 'CB01 - FOLLOW UP das atividades da Controladoria', '2022-10-25 14:14:39', 75, 3, '2022-10-21 00:00:00', 'Concluído', NULL, 'Breve descrição das atividades com informação da periodicidade e prazo para conclusão'),
(409, 37, 'CB01 - Alterar para contabilidade modo on-line no Protheus - Saídas e Entradas', '2022-10-25 14:38:44', 75, 3, '2023-01-02 00:00:00', 'Atrasado', NULL, 'Atualmente a contabilização é feita dias depois da emissão da NF de saída e lançamento da NF de entrada'),
(410, 37, 'Regularizar a contabilização dos impostos parcelados', '2022-11-07 11:43:12', 75, 3, '2022-12-31 00:00:00', 'Atrasado', NULL, 'Solicitar à Meta a relação de impostos incluídos no parcelamento'),
(411, 37, 'Contabilização automática do crédito do ICMS de fornecedores do Simples Nacional', '2022-11-07 11:46:22', 15, 3, '2022-11-30 00:00:00', 'Atrasado', NULL, 'Esta rotina está em desenvolvimento com a consultoria do sistema'),
(412, 37, 'Vincular o centro de custo a conta no lançamento da Nota Fiscal de entrada', '2022-11-07 11:50:40', 15, 3, '2022-11-30 00:00:00', 'Atrasado', NULL, 'Esta customização já foi solicitada a consultoria do sistema'),
(413, 37, 'Criar uma rotina no sistema para realização de inventário cíclico', '2022-11-07 11:51:23', 15, 3, '2022-11-30 00:00:00', 'Atrasado', NULL, 'Esta customização já foi solicitada à consultoria do sistema'),
(414, 37, 'Bloquear os lançamentos de inventário com valor 0,00', '2022-11-07 11:52:31', 15, 3, '2022-11-30 00:00:00', 'Atrasado', NULL, 'Esta customização já foi solicitada à consultoria do sistema'),
(415, 37, 'Criar uma rotina de validação da Ordem de Produção', '2022-11-07 11:53:57', 15, 3, '2022-11-30 00:00:00', 'Atrasado', NULL, 'Esta customização já foi solicitada ao suporte do sistema'),
(416, 37, 'Desenvolvimento do relatório das horas de produção cfe reporte da fábrica', '2022-11-07 11:55:16', 15, 3, '2022-11-30 00:00:00', 'Atrasado', NULL, 'Esta customização já foi solicitada à consultoria do sistema'),
(417, 37, 'Desenvolvimento do relatório das horas de produção cfe reporte da fábrica', '2022-11-07 11:55:16', 15, 3, '2022-11-30 00:00:00', 'Atrasado', NULL, 'Esta customização já foi solicitada à consultoria do sistema'),
(418, 37, 'Vincular centro de custos às contas de despesa', '2022-11-07 11:57:47', 69, 3, '2022-11-11 00:00:00', 'Concluído', NULL, NULL),
(419, 37, 'Criação de rotina para solicitação de emissão de NF no ERP Protheus', '2022-11-08 14:06:48', 15, 3, '2023-01-31 00:00:00', 'Concluído', NULL, 'Com esta rotina será possível importar todas as informações para o Pedido de Venda'),
(420, 42, 'Aprovação', '2022-11-08 17:36:55', 2, 1, '2022-11-10 00:00:00', 'Atrasado', NULL, NULL),
(421, 42, 'Planejamento', '2022-11-08 17:36:55', 25, 2, '2022-11-10 00:00:00', 'Aprovado', NULL, NULL);
INSERT INTO `pdp_task` (`id`, `pdp_id`, `name`, `created_at`, `responsible_id`, `fase_id`, `deadline`, `status`, `approved_at`, `observation`) VALUES
(422, 42, 'Usinar carcaça', '2022-11-08 17:36:55', 25, 3, '2022-11-30 00:00:00', 'Em curso', NULL, NULL),
(423, 42, 'Validar as entregas do projeto (qualidade & custos)', '2022-11-08 17:36:55', NULL, 4, '2022-12-30 00:00:00', 'Em curso', NULL, NULL),
(424, 42, 'Aprovação', '2022-11-08 17:36:55', NULL, 5, NULL, 'Em curso', NULL, NULL),
(425, 43, 'Aprovação', '2022-11-08 17:46:12', NULL, 1, NULL, 'Em curso', NULL, NULL),
(426, 43, 'Tarefa Editar', '2022-11-08 17:46:13', NULL, 2, NULL, 'Em curso', NULL, NULL),
(427, 43, 'Tarefa Editar', '2022-11-08 17:46:13', NULL, 3, NULL, 'Em curso', NULL, NULL),
(428, 43, 'Tarefa Editar', '2022-11-08 17:46:13', NULL, 4, NULL, 'Em curso', NULL, NULL),
(429, 43, 'Aprovação', '2022-11-08 17:46:13', NULL, 5, NULL, 'Em curso', NULL, NULL),
(430, 44, 'Aprovação', '2022-11-08 17:47:19', NULL, 1, NULL, 'Em curso', NULL, NULL),
(431, 44, 'Tarefa Editar', '2022-11-08 17:47:19', NULL, 2, NULL, 'Em curso', NULL, NULL),
(432, 44, 'Tarefa Editar', '2022-11-08 17:47:19', NULL, 3, NULL, 'Em curso', NULL, NULL),
(433, 44, 'Tarefa Editar', '2022-11-08 17:47:19', NULL, 4, NULL, 'Em curso', NULL, NULL),
(434, 44, 'Aprovação', '2022-11-08 17:47:19', NULL, 5, NULL, 'Em curso', NULL, NULL),
(435, 34, 'Alterar líder de projeto', '2022-11-16 13:34:26', 11, 3, '2022-11-16 00:00:00', 'Concluído', NULL, 'Evandro Back novo líder de projeto.'),
(436, 34, 'Robotizar & Implantar Dashboard \"Faturamento Diário\"', '2022-11-29 18:04:33', 15, 3, '2023-01-27 00:00:00', 'Em curso', NULL, 'Suporte direto por Roberto Oliveira.'),
(437, 34, 'Robotizar & Implantar Dashboard \"Suprimentos\"', '2022-11-29 18:06:27', 15, 3, '2023-01-27 00:00:00', 'Em curso', NULL, 'Suporte direto por Roberto Oliveira.'),
(439, 34, 'Robotizar & Implantar Dashboard \"Vendas Tylco\"', '2022-11-29 18:12:31', 15, 3, '2023-01-27 00:00:00', 'Em curso', NULL, 'Suporte direto Roberto Oliveira.'),
(440, 40, '1.0 Instalação de nova máquina laser', '2022-12-19 12:45:54', 56, 3, '2023-03-03 00:00:00', 'Atrasado', NULL, NULL),
(441, 40, '1.1 Logística de recebimento da máquina laser', '2022-12-19 12:46:46', 56, 3, '2023-03-03 00:00:00', 'Atrasado', NULL, NULL),
(442, 40, '1.2 Definição do local de instalação da máquina laser', '2022-12-19 12:47:28', 56, 3, '2023-03-03 00:00:00', 'Atrasado', NULL, NULL),
(443, 40, '1.3 Preparação da infraestrutura para instalação da máquina laser', '2022-12-19 12:48:21', 56, 3, '2023-03-03 00:00:00', 'Atrasado', NULL, NULL),
(444, 40, '1.4 Preparação máquina laser para produção', '2022-12-19 12:49:17', 56, 3, '2023-03-03 00:00:00', 'Atrasado', NULL, 'programas, dispositivos, etc.'),
(445, 40, '1.5 Preparação da equipe de produção laser', '2022-12-19 12:50:13', 54, 3, '2023-03-03 00:00:00', 'Atrasado', NULL, NULL),
(446, 40, '1.6 Início de produção nova laser', '2022-12-19 12:51:01', 56, 3, '2023-03-03 00:00:00', 'Atrasado', NULL, NULL),
(447, 40, '2.0 Robotização da operação de solda', '2022-12-19 12:52:04', 56, 3, '2023-05-03 00:00:00', 'Atrasado', NULL, NULL),
(448, 40, '2.1 Logística de recebimento do robô solda', '2022-12-19 12:53:02', 53, 3, '2023-05-03 00:00:00', 'Atrasado', NULL, NULL),
(449, 40, '2.2 Definição do local/layout para instalação do robô', '2022-12-19 12:53:57', 56, 3, '2023-05-05 00:00:00', 'Atrasado', NULL, NULL),
(450, 40, '2.3 Preparação da infraestrutura para instalação robô', '2022-12-19 12:54:58', 56, 3, '2023-07-03 00:00:00', 'Atrasado', NULL, NULL),
(451, 40, '2.4 Preparação da célula robotizada de solda', '2022-12-19 12:56:08', 56, 3, '2023-07-03 00:00:00', 'Atrasado', NULL, 'programas, dispositivos, etc.'),
(452, 40, '2.5 Preparação equipe de produção célula robotizada de solda', '2022-12-19 12:57:25', 56, 3, '2023-07-03 00:00:00', 'Atrasado', NULL, NULL),
(453, 40, '2.6 Integração do robô na operação de solda', '2022-12-19 12:58:38', 56, 3, '2023-07-03 00:00:00', 'Atrasado', NULL, NULL),
(454, 40, '2.7 Início de produção célula solda robotizada', '2022-12-19 12:59:20', 56, 3, '2023-07-03 00:00:00', 'Atrasado', NULL, NULL),
(455, 40, '3.0 Ampliação linhas de montagem', '2022-12-19 13:00:33', 56, 3, '2023-02-15 00:00:00', 'Atrasado', NULL, NULL),
(456, 40, '3.1 Definição do local de instalação da nova linha montagem', '2022-12-19 13:01:23', 56, 3, '2023-02-15 00:00:00', 'Atrasado', NULL, NULL),
(457, 40, '3.2 Preparação da infraestrutura para instalação novo linha montagem', '2022-12-19 13:02:28', 56, 3, '2023-02-15 00:00:00', 'Atrasado', NULL, NULL),
(458, 40, '3.3 Aquisição de equipamentos para nova linha de montagem', '2022-12-19 13:03:37', 56, 3, '2023-02-15 00:00:00', 'Atrasado', NULL, NULL),
(459, 40, '3.4 Preparação da equipe de produção nova linha de montagem', '2022-12-19 13:04:52', 56, 3, '2023-02-15 00:00:00', 'Atrasado', NULL, NULL),
(460, 40, '3.5 Início produção nova linha de montagem', '2022-12-19 13:05:58', 56, 3, '2023-02-15 00:00:00', 'Atrasado', NULL, NULL),
(461, 40, '4.0 Melhorias na linha de pintura', '2022-12-19 13:06:52', 56, 3, '2023-02-15 00:00:00', 'Atrasado', NULL, NULL),
(462, 40, '4.1 Ampliar número de gancheiras/trollers', '2022-12-19 13:07:46', 56, 3, '2023-02-15 00:00:00', 'Atrasado', NULL, NULL),
(463, 40, '4.2 Adequar processo de pintura de volutas', '2022-12-19 13:08:46', 56, 3, '2023-02-15 00:00:00', 'Atrasado', NULL, 'Todas volutas até modelo 800 estão preparadas para utilizar gancheira.'),
(464, 40, '4.3 Padronizar o processo de pintura de volutas', '2022-12-19 13:09:31', 56, 3, '2023-02-15 00:00:00', 'Atrasado', NULL, NULL),
(465, 40, '4.4 Adequar processo de pintura de componentes', '2022-12-19 13:10:10', 56, 3, '2023-02-15 00:00:00', 'Atrasado', NULL, NULL),
(466, 40, '4.5 Padronizar o processo de pintura de componentes', '2022-12-19 13:10:44', 56, 3, '2023-02-15 00:00:00', 'Atrasado', NULL, NULL),
(467, 40, '4.6 Padronizar processo de manutenções da linha de pintura', '2022-12-19 13:12:34', 54, 3, '2023-02-15 00:00:00', 'Atrasado', NULL, NULL),
(468, 40, '5.0 Melhorias na célula de balanceamento', '2022-12-19 13:14:12', 56, 3, '2023-02-28 00:00:00', 'Atrasado', NULL, NULL),
(469, 40, '5.1 Analisar e validar sistema de medição de balanceamento', '2022-12-19 13:15:31', NULL, 3, '2023-02-28 00:00:00', 'Atrasado', NULL, NULL),
(470, 40, '5.2 Preparação equipe de produção balanceamento', '2022-12-19 13:16:29', 54, 3, '2023-02-28 00:00:00', 'Atrasado', NULL, NULL),
(471, 40, '5.3 Validar especificação do batimento dos eixos', '2022-12-19 13:17:44', 56, 3, '2023-02-28 00:00:00', 'Atrasado', NULL, NULL),
(472, 40, '5.4 Análise de capacidade com balanceamento de polias', '2022-12-19 13:18:47', 56, 3, '2023-02-28 00:00:00', 'Atrasado', NULL, NULL),
(473, 40, '6.0 Instalação de nova dobradeira', '2022-12-19 13:20:39', NULL, 3, '2023-07-03 00:00:00', 'Atrasado', NULL, NULL),
(474, 40, '6.1 Logística de recebimento da nova dobradeira', '2022-12-19 13:21:23', 56, 3, '2023-07-03 00:00:00', 'Atrasado', NULL, NULL),
(475, 40, '6.2 Definição do local de instalação nova dobradeira', '2022-12-19 13:22:44', 56, 3, '2023-07-03 00:00:00', 'Atrasado', NULL, NULL),
(476, 40, '6.3 Preparação da infraestrutura para instalação dobradeira', '2022-12-19 13:24:09', 56, 3, '2023-07-03 00:00:00', 'Atrasado', NULL, NULL),
(477, 40, '6.4 Preparação da dobradeira', '2022-12-19 13:25:48', 56, 3, '2023-07-03 00:00:00', 'Atrasado', NULL, NULL),
(478, 40, '6.5 Preparação da equipe de produção dobradeiras', '2022-12-19 13:27:03', 54, 3, '2023-07-03 00:00:00', 'Atrasado', NULL, NULL),
(479, 40, '6.6 Início de produção nova dobradeira', '2022-12-19 13:28:24', 56, 3, '2023-07-03 00:00:00', 'Atrasado', NULL, NULL),
(480, 40, '7.0 Melhorias na montagem de volutas', '2022-12-19 13:30:46', 56, 3, '2023-02-28 00:00:00', 'Atrasado', NULL, NULL),
(481, 40, '7.1 Estudo novas tecnologias para montagem de volutas', '2022-12-19 13:38:11', 56, 3, '2023-02-28 00:00:00', 'Atrasado', NULL, 'Kaizen planejado para os dias 23, 24 e 25 de janeiro 23.'),
(482, 40, '8.0 Ajustes na Infraestrutura de apoio', '2022-12-19 13:57:50', 54, 3, '2023-12-20 00:00:00', 'Em curso', NULL, NULL),
(483, 40, '9.0 Protótipo produto padrão - piloto 560', '2022-12-19 14:06:19', 58, 3, '2023-01-31 00:00:00', 'Atrasado', NULL, 'Atividade em andamento com a montagem, tiveram problemas com o balanceamento e será refeito'),
(484, 40, '9.1 Revisão dos projetos conforme novo projeto padrão', '2022-12-21 19:28:46', 58, 3, '2023-05-02 00:00:00', 'Atrasado', NULL, 'Total de 32 equipamentos'),
(485, 40, '9.2 Revisar roteiro de fabricação  (MTO para MTS)', '2022-12-21 19:34:26', 58, 3, '2023-05-02 00:00:00', 'Atrasado', NULL, 'Definir/ revisar data'),
(486, 40, '9.3 Implantar supermercado de componentes padrão', '2022-12-21 19:36:54', 56, 3, '2023-05-02 00:00:00', 'Atrasado', NULL, 'instalar porta-palete'),
(488, 40, '9.4 Definir método de armazenamento de componentes no estoque intermediário', '2023-01-11 13:56:16', 56, 3, '2023-01-17 00:00:00', 'Atrasado', NULL, 'Definir como será armazenado os componentes, em forma de kit?; segregando por tipo de peça?, por exemplo quadros, volutas.'),
(489, 40, '10. Estudo/plano de alteração de layout fabril e logístico', '2023-01-11 14:49:29', 56, 3, '2023-02-28 00:00:00', 'Atrasado', NULL, 'Em conjunto com equipe'),
(490, 45, 'Aprovação', '2023-01-11 15:31:59', 51, 1, '2023-01-11 00:00:00', 'Aprovado', '2023-01-11 16:26:08', NULL),
(491, 45, 'Enviar convite kaizen para participantes', '2023-01-11 15:31:59', 54, 2, '2023-01-11 00:00:00', 'Concluído', NULL, NULL),
(492, 45, 'Tarefa Editar', '2023-01-11 15:31:59', NULL, 3, NULL, 'Em curso', NULL, NULL),
(493, 45, 'Tarefa Editar', '2023-01-11 15:31:59', NULL, 4, NULL, 'Em curso', NULL, NULL),
(494, 45, 'Aprovação', '2023-01-11 15:31:59', NULL, 5, NULL, 'Em curso', NULL, NULL),
(495, 46, 'Aprovação', '2023-01-16 13:58:00', 51, 1, '2023-01-18 00:00:00', 'Aprovado', NULL, NULL),
(496, 46, 'Tarefa Editar', '2023-01-16 13:58:00', NULL, 2, NULL, 'Em curso', NULL, NULL),
(497, 46, 'Tarefa Editar', '2023-01-16 13:58:00', NULL, 3, NULL, 'Em curso', NULL, NULL),
(498, 46, 'Tarefa Editar', '2023-01-16 13:58:00', NULL, 4, NULL, 'Em curso', NULL, NULL),
(499, 46, 'Aprovação', '2023-01-16 13:58:00', NULL, 5, NULL, 'Em curso', NULL, NULL),
(500, 54, 'Aprovação', '2023-06-30 12:26:12', NULL, 1, NULL, 'Em curso', NULL, NULL),
(501, 54, 'Tarefa Editar', '2023-06-30 12:26:12', NULL, 2, NULL, 'Em curso', NULL, NULL),
(502, 54, 'Tarefa Editar', '2023-06-30 12:26:12', NULL, 3, NULL, 'Em curso', NULL, NULL),
(503, 54, 'Tarefa Editar', '2023-06-30 12:26:12', NULL, 4, NULL, 'Em curso', NULL, NULL),
(504, 54, 'Aprovação', '2023-06-30 12:26:12', NULL, 5, NULL, 'Em curso', NULL, NULL),
(505, 55, 'Aprovação', '2023-06-30 12:35:16', NULL, 1, NULL, 'Em curso', NULL, NULL),
(506, 55, 'Tarefa Editar', '2023-06-30 12:35:16', NULL, 2, NULL, 'Em curso', NULL, NULL),
(507, 55, 'Tarefa Editar', '2023-06-30 12:35:16', NULL, 3, NULL, 'Em curso', NULL, NULL),
(508, 55, 'Tarefa Editar', '2023-06-30 12:35:16', NULL, 4, NULL, 'Em curso', NULL, NULL),
(509, 55, 'Aprovação', '2023-06-30 12:35:16', NULL, 5, NULL, 'Em curso', NULL, NULL),
(510, 56, 'Aprovação', '2023-06-30 12:37:13', NULL, 1, NULL, 'Em curso', NULL, NULL),
(511, 56, 'Tarefa Editar', '2023-06-30 12:37:13', NULL, 2, NULL, 'Em curso', NULL, NULL),
(512, 56, 'Tarefa Editar', '2023-06-30 12:37:13', NULL, 3, NULL, 'Em curso', NULL, NULL),
(513, 56, 'Tarefa Editar', '2023-06-30 12:37:13', NULL, 4, NULL, 'Em curso', NULL, NULL),
(514, 56, 'Aprovação', '2023-06-30 12:37:13', NULL, 5, NULL, 'Em curso', NULL, NULL),
(515, 57, 'Aprovação', '2023-06-30 12:39:36', NULL, 1, NULL, 'Em curso', NULL, NULL),
(516, 57, 'Tarefa Editar', '2023-06-30 12:39:36', NULL, 2, NULL, 'Em curso', NULL, NULL),
(517, 57, 'Tarefa Editar', '2023-06-30 12:39:36', NULL, 3, NULL, 'Em curso', NULL, NULL),
(518, 57, 'Tarefa Editar', '2023-06-30 12:39:36', NULL, 4, NULL, 'Em curso', NULL, NULL),
(519, 57, 'Aprovação', '2023-06-30 12:39:36', NULL, 5, NULL, 'Em curso', NULL, NULL),
(520, 58, 'Aprovação', '2023-06-30 12:40:32', NULL, 1, NULL, 'Em curso', NULL, NULL),
(521, 58, 'Tarefa Editar', '2023-06-30 12:40:32', NULL, 2, NULL, 'Em curso', NULL, NULL),
(522, 58, 'Tarefa Editar', '2023-06-30 12:40:32', NULL, 3, NULL, 'Em curso', NULL, NULL),
(523, 58, 'Tarefa Editar', '2023-06-30 12:40:32', NULL, 4, NULL, 'Em curso', NULL, NULL),
(524, 58, 'Aprovação', '2023-06-30 12:40:32', NULL, 5, NULL, 'Em curso', NULL, NULL),
(525, 59, 'Aprovação', '2023-06-30 12:45:11', NULL, 1, NULL, 'Em curso', NULL, NULL),
(526, 59, 'Tarefa Editar', '2023-06-30 12:45:11', NULL, 2, NULL, 'Em curso', NULL, NULL),
(527, 59, 'Tarefa Editar', '2023-06-30 12:45:11', NULL, 3, NULL, 'Em curso', NULL, NULL),
(528, 59, 'Tarefa Editar', '2023-06-30 12:45:11', NULL, 4, NULL, 'Em curso', NULL, NULL),
(529, 59, 'Aprovação', '2023-06-30 12:45:11', NULL, 5, NULL, 'Em curso', NULL, NULL),
(540, 62, 'Aprovação', '2023-06-30 12:55:44', NULL, 1, NULL, 'Em curso', NULL, NULL),
(541, 62, 'Tarefa Editar', '2023-06-30 12:55:44', NULL, 2, NULL, 'Em curso', NULL, NULL),
(542, 62, 'Tarefa Editar', '2023-06-30 12:55:44', NULL, 3, NULL, 'Em curso', NULL, NULL),
(543, 62, 'Tarefa Editar', '2023-06-30 12:55:44', NULL, 4, NULL, 'Em curso', NULL, NULL),
(544, 62, 'Aprovação', '2023-06-30 12:55:44', NULL, 5, NULL, 'Em curso', NULL, NULL),
(545, 63, 'Aprovação', '2023-07-03 13:24:48', NULL, 1, NULL, 'Em curso', NULL, NULL),
(546, 63, 'Tarefa Editar', '2023-07-03 13:24:48', NULL, 2, NULL, 'Em curso', NULL, NULL),
(547, 63, 'Tarefa Editar', '2023-07-03 13:24:48', NULL, 3, NULL, 'Em curso', NULL, NULL),
(548, 63, 'Tarefa Editar', '2023-07-03 13:24:48', NULL, 4, NULL, 'Em curso', NULL, NULL),
(549, 63, 'Aprovação', '2023-07-03 13:24:48', NULL, 5, NULL, 'Em curso', NULL, NULL),
(550, 64, 'Aprovação', '2023-07-03 16:57:17', 10, 1, '2023-07-03 00:00:00', 'Concluído', NULL, NULL),
(551, 64, 'Teste 1', '2023-07-03 16:57:17', 10, 2, '2023-07-06 00:00:00', 'Concluído', NULL, NULL),
(552, 64, 'Teste 3', '2023-07-03 16:57:17', 10, 3, '2023-07-10 00:00:00', 'Concluído', NULL, NULL),
(553, 64, 'Teste 4', '2023-07-03 16:57:17', 10, 4, '2023-07-05 00:00:00', 'Concluído', NULL, NULL),
(554, 64, 'Teste 5', '2023-07-03 16:57:17', 10, 5, '2023-07-20 00:00:00', 'Em curso', NULL, NULL),
(555, 65, 'Aprovação', '2023-07-03 17:31:58', NULL, 1, NULL, 'Em curso', NULL, NULL),
(556, 65, 'Tarefa Editar', '2023-07-03 17:31:58', NULL, 2, NULL, 'Em curso', NULL, NULL),
(557, 65, 'Tarefa Editar', '2023-07-03 17:31:58', NULL, 3, NULL, 'Em curso', NULL, NULL),
(558, 65, 'Tarefa Editar', '2023-07-03 17:31:58', NULL, 4, NULL, 'Em curso', NULL, NULL),
(559, 65, 'Aprovação', '2023-07-03 17:31:58', NULL, 5, NULL, 'Em curso', NULL, NULL),
(560, 66, 'Aprovação', '2023-07-04 12:35:41', NULL, 1, NULL, 'Em curso', NULL, NULL),
(561, 66, 'Tarefa Editar', '2023-07-04 12:35:41', NULL, 2, NULL, 'Em curso', NULL, NULL),
(562, 66, 'Tarefa Editar', '2023-07-04 12:35:41', NULL, 3, NULL, 'Em curso', NULL, NULL),
(563, 66, 'Tarefa Editar', '2023-07-04 12:35:41', NULL, 4, NULL, 'Em curso', NULL, NULL),
(564, 66, 'Aprovação', '2023-07-04 12:35:41', NULL, 5, NULL, 'Em curso', NULL, NULL),
(565, 67, 'Aprovação', '2023-07-04 13:04:53', NULL, 1, NULL, 'Em curso', NULL, NULL),
(566, 67, 'Tarefa Editar', '2023-07-04 13:04:53', NULL, 2, NULL, 'Em curso', NULL, NULL),
(567, 67, 'Tarefa Editar', '2023-07-04 13:04:53', NULL, 3, NULL, 'Em curso', NULL, NULL),
(568, 67, 'Tarefa Editar', '2023-07-04 13:04:53', NULL, 4, NULL, 'Em curso', NULL, NULL),
(569, 67, 'Aprovação', '2023-07-04 13:04:53', NULL, 5, NULL, 'Em curso', NULL, NULL),
(570, 68, 'Aprovação', '2023-07-04 13:09:38', NULL, 1, NULL, 'Em curso', NULL, NULL),
(571, 68, 'Tarefa Editar', '2023-07-04 13:09:38', NULL, 2, NULL, 'Em curso', NULL, NULL),
(572, 68, 'Tarefa Editar', '2023-07-04 13:09:38', NULL, 3, NULL, 'Em curso', NULL, NULL),
(573, 68, 'Tarefa Editar', '2023-07-04 13:09:38', NULL, 4, NULL, 'Em curso', NULL, NULL),
(574, 68, 'Aprovação', '2023-07-04 13:09:38', NULL, 5, NULL, 'Em curso', NULL, NULL),
(575, 69, 'Aprovação', '2023-07-04 20:48:22', NULL, 1, NULL, 'Em curso', NULL, NULL),
(576, 69, 'Tarefa Editar', '2023-07-04 20:48:22', NULL, 2, NULL, 'Em curso', NULL, NULL),
(577, 69, 'Tarefa Editar', '2023-07-04 20:48:22', NULL, 3, NULL, 'Em curso', NULL, NULL),
(578, 69, 'Tarefa Editar', '2023-07-04 20:48:22', NULL, 4, NULL, 'Em curso', NULL, NULL),
(579, 69, 'Aprovação', '2023-07-04 20:48:22', NULL, 5, NULL, 'Em curso', NULL, NULL);

-- --------------------------------------------------------

--
-- Estrutura para tabela `risk_factor`
--

CREATE TABLE `risk_factor` (
  `id` int(11) NOT NULL,
  `client_id` int(11) NOT NULL,
  `label` varchar(100) NOT NULL,
  `cause` varchar(100) NOT NULL,
  `impact` varchar(100) NOT NULL,
  `o1` int(11) NOT NULL,
  `s1` int(11) NOT NULL,
  `i1` int(11) NOT NULL,
  `controls` varchar(100) NOT NULL,
  `actions` varchar(100) NOT NULL,
  `responsible_id` int(11) NOT NULL,
  `deadline` varchar(10) NOT NULL,
  `o2` int(11) NOT NULL,
  `s2` int(11) NOT NULL,
  `i2` int(11) NOT NULL,
  `delta` int(11) NOT NULL,
  `status` varchar(10) NOT NULL,
  `business_process` varchar(255) DEFAULT NULL,
  `observation` varchar(255) DEFAULT NULL
) ENGINE=InnoDB DEFAULT CHARSET=utf8mb4;

--
-- Despejando dados para a tabela `risk_factor`
--

INSERT INTO `risk_factor` (`id`, `client_id`, `label`, `cause`, `impact`, `o1`, `s1`, `i1`, `controls`, `actions`, `responsible_id`, `deadline`, `o2`, `s2`, `i2`, `delta`, `status`, `business_process`, `observation`) VALUES
(2, 21, 'Falha sistema de informação (email/servidor)', 'Falha na internet; Queda do servidor; Vírus.', 'Usuário sem acesso a informação/ sistema', 2, 5, 10, 'Sistema de bloqueio antivírus', 'Ter redundância de link de internet e backup', 11, '30/11/2021', 1, 5, 5, 5, 'Concluído', NULL, NULL),
(3, 21, 'Greve (transportes/Operacional)', 'Alta combústiveis/ reivindicação salarial', 'Parada de linhas', 1, 4, 4, 'Reunião GRD', 'NA', 11, '22/10/2021', 1, 4, 4, 0, 'Concluído', NULL, NULL),
(6, 21, 'Falta de energia elétrica', 'Intempéries climáticas/ queda de poste', 'Parada de linhas de produção', 1, 5, 5, 'Central de monitoramento de consumo', 'Desenvolver fornecedor de gerador para caso de emergência', 31, '31/03/2022', 1, 5, 5, 0, 'Concluído', NULL, NULL),
(7, 21, 'Cenário Macro econômico', 'Conjuntura econômica desfavorável', 'Perda de faturamento', 1, 5, 5, 'Reunião GRD', 'NA', 11, '27/10/2021', 1, 5, 5, 0, 'Concluído', NULL, NULL),
(8, 21, 'Volatilidade cambial', 'Inflação/ Desvalorização da moeda interna', 'Aumento de matéria-prima', 1, 5, 5, 'Reunião GRD', 'NA', 11, '27/10/2021', 1, 5, 5, 0, 'Concluído', NULL, NULL),
(9, 21, 'Fornecedor único (Zinco)', 'Falta de fornecedores neste ramo de atividade', 'Desabastecimento', 3, 4, 12, 'Reunião GRD', 'Desenvolver novo fornecedor', 19, '31/01/2023', 3, 4, 12, 0, 'Em curso', NULL, NULL),
(10, 21, 'Indisponibilidade de máquinas', 'quebra de máquina', 'Atraso entrega/ Perda de faturamento', 3, 4, 12, 'Reunião GRD', 'Plano TPM/ PM', 31, '27/06/2024', 1, 4, 4, 8, 'Em curso', NULL, NULL),
(11, 21, 'Falta d’água', 'Desabastecimento/ rompimento de tubulação', 'Falta de agua para consumo', 2, 4, 8, 'Reunião GRD', 'Ter caixa d’agua instalada/ acionar caminhão pipa', 31, '31/12/2021', 2, 4, 8, 0, 'Concluído', NULL, NULL),
(12, 21, 'Absenteísmo', 'Doença comprovada e não comprovada, atrasos involuntários, faltas por motivos pessoais, baixa motiva', 'Perda de faturamento', 4, 4, 16, 'Reunião GRD/ Reunião Gestão e Diretoria', 'Bônus por assiduidade/ Reserva técnica', 11, '29/04/2022', 4, 4, 16, 0, 'Concluído', NULL, NULL),
(13, 21, 'Incêndio', 'Curto circuito', 'Perda do patrimônio', 2, 4, 8, 'Manutenção elétrica predial', 'Extintores ', 31, '31/12/2021', 2, 4, 8, 0, 'Concluído', NULL, NULL),
(14, 21, 'Centralização de clientes', 'Estrutura organizacional ', 'Dependência de clientes únicos', 4, 4, 16, 'Reunião Diretoria', 'Desenvolver novos clientes (Tylco)', 11, '29/10/2021', 4, 4, 16, 0, 'Concluído', NULL, NULL),
(16, 21, 'Instabilidade fornecimento de energia elétrica', 'Transformador no liminte de sua capacidade 500KVA', 'Atraso de entredas; Aumento custos; Baixa eficiência', 4, 5, 20, 'Monitoramento de temperatura disjuntores', 'Instalar ventilador; melhorar troca de ar', 31, '26/11/2021', 2, 5, 10, 10, 'Concluído', NULL, NULL),
(17, 17, 'Sistema inoperante', 'problema servidor hostgator', 'Indisponibilidade do sistema TQM', 1, 2, 2, 'SLA da VPN hostgator', 'N/A', 4, '17/01/2022', 1, 2, 2, 0, 'Concluído', NULL, NULL),
(19, 19, 'Afastamento colaborar do jateamento', 'Resíduo metálico da operação', 'parada de linhas, custos adicionais', 3, 5, 15, 'Utilização de EPI', 'Revisão da especificação dos EPIs', 94, '31/10/2022', 1, 5, 5, 10, 'Em curso', NULL, NULL);

-- --------------------------------------------------------

--
-- Estrutura para tabela `strategic_initiative`
--

CREATE TABLE `strategic_initiative` (
  `id` int(11) NOT NULL,
  `label` varchar(100) NOT NULL,
  `goal` varchar(100) NOT NULL,
  `client_id` int(11) NOT NULL
) ENGINE=InnoDB DEFAULT CHARSET=utf8mb4;

--
-- Despejando dados para a tabela `strategic_initiative`
--

INSERT INTO `strategic_initiative` (`id`, `label`, `goal`, `client_id`) VALUES
(1, 'Estrutura Organizacional ', 'Produto conforme especificação do cliente', 21),
(2, 'Gestão de Projetos', 'Produto conforme especificação do cliente', 21),
(3, 'Sistema de Informação ', 'Alcançar objetivos traçados', 21),
(4, 'Familia de produtos Smart ', 'Aumentar eficiência', 20),
(5, 'Estrutura Ferramentaria', 'Produzir conforme especificação com máximo de eficiência', 21),
(6, 'Desenvolver TPM', 'Alcançar objetivos traçados', 21),
(7, 'Automatizar Operações ', 'Alcançar objetivos traçados', 21),
(8, 'Novos clientes', 'Criar base de clientes para sustentar os investimentos no sistema', 17),
(9, 'Novas soluções TQM', 'Desenvolver sistema web de ferramentas de gestão', 17),
(10, 'Mercado Chines', 'Desenvolver sistema web de ferramentas de gestão', 17),
(14, 'Redução de custos', 'Ter profissionais altamente treinados e motivados, com foco em atingir as metas estabelecidas', 19),
(15, 'Padronização de processos', 'Crescer e aumentar nossa participação no mercado, de modo contínuo e sustentado', 19),
(16, 'Excelência no atendimento', 'Ser reconhecida pelos nossos clientes por meio da Qualidade dos nossos produtos e pelo pleno Atendim', 19);

-- --------------------------------------------------------

--
-- Estrutura para tabela `strategic_initiative_item`
--

CREATE TABLE `strategic_initiative_item` (
  `id` int(11) NOT NULL,
  `strategic_initiative_id` int(11) NOT NULL,
  `base_year` int(11) NOT NULL,
  `action` varchar(100) NOT NULL,
  `deadline` varchar(10) NOT NULL,
  `owner_id` int(11) NOT NULL,
  `status` varchar(10) NOT NULL,
  `comments` longtext,
  `client_id` int(11) NOT NULL
) ENGINE=InnoDB DEFAULT CHARSET=utf8mb4;

--
-- Despejando dados para a tabela `strategic_initiative_item`
--

INSERT INTO `strategic_initiative_item` (`id`, `strategic_initiative_id`, `base_year`, `action`, `deadline`, `owner_id`, `status`, `comments`, `client_id`) VALUES
(1, 1, 2021, 'Revisar estrutura de engenharia de manutenção', '31/12/2021', 11, 'Concluído', 'Instalado novo coordenador - Ricardo Kujavski;\r\n', 21),
(2, 2, 2022, 'Implantar processo de PDP', '15/03/2022', 11, 'Concluído', 'Revisado estrutura. Implantado ferramenta de PDP do TQM Toolbox.', 21),
(4, 3, 2021, 'Estudar alteração de ERP', '15/11/2021', 11, 'Concluído', 'Definido desenvolver a cultura de uso do sistema e explorar ERP atual, antes de trocar Totvs Protheus', 21),
(5, 4, 2022, 'Lançar a familia de produtos Smart 75', '14/01/2022', 17, 'Em curso', 'Previsto inicio de produção em 12/2021', 20),
(6, 4, 2022, 'Lançar a familia de produtos TF83', '07/02/2022', 17, 'Em curso', 'Lançar familia de produtos tomadas de força 83 substituindo serie 82', 20),
(7, 5, 2022, 'Ampliar área da ferramentaria', '16/12/2022', 8, 'Em curso', '', 21),
(8, 5, 2022, 'Balancear quadro de mão de obra da ferramentaria', '01/04/2022', 11, 'Concluído', 'Terceirização de serviços de usinagem em projetos chaves.', 21),
(9, 5, 2022, 'Instalar Index 4 na ferramentaria', '16/12/2022', 65, 'Em curso', 'Aguardando reforma do Index 13. ', 21),
(10, 6, 2022, 'Contratar e desenolver programador de manutenção', '06/05/2022', 31, 'Concluído', '03/01/2022 inicia PCM. ', 21),
(11, 6, 2022, 'Catalogar máquinas e equipamentos', '01/06/2022', 31, 'Em curso', '', 21),
(12, 7, 2021, 'Semi-automatização operação furação Ø4,0 linha de eixos', '31/12/2021', 6, 'Concluído', 'Protótipo em revisão. Detectado erro no primeiro tryout.\r\nConcluído em 22.04.2022', 21),
(13, 7, 2022, 'Planejar estrutura fucional para atividades de automação', '01/01/2022', 31, 'Concluído', '', 21),
(14, 1, 2021, 'Criar área de suprimentos integrada Tylco e Durmetal', '10/12/2021', 11, 'Concluído', 'Instaldo Nilton Simas como coordenador geral de suprimentos Tylco e Durmetal', 21),
(15, 1, 2021, 'Criar coordenação para área de desenvolvimento de produtos e engenharia Tylco', '10/12/2021', 11, 'Concluído', 'Instalado Joacir Martins com coordenador.', 21),
(16, 1, 2022, 'Contratar faturista profissional com experiência', '31/03/2022', 11, 'Concluído', 'Iniciativa sob análise crítica (15/12/2021); Previsto para Q1/2022', 21),
(17, 1, 2021, 'Estruturar processo de recebimento fiscal', '15/01/2022', 11, 'Concluído', 'Iniciativa sob análise crítica; Aprovado processo de contratação em 15/12/2021 - em reunião: Roberto, Jairo, Nilton, Ivair, Cristian ', 21),
(18, 3, 2022, 'Contratar programador Totvs para suportar melhorias no Protheus', '30/06/2022', 11, 'Concluído', 'Contrato com consultores Rodrigo & Murilo. ', 21),
(19, 5, 2021, 'Criar fluxo de processo para terceirização de serviços de ferramentaria', '20/12/2021', 11, 'Concluído', 'Disponibilizar desenhores>Ordens de compras>cotações no portal de compras>seleção fornecedor>acompanhamento>conclusão.', 21),
(20, 8, 2022, 'Apresentar solução TQM para Sitctell', '31/01/2022', 4, 'Em curso', '', 17),
(21, 8, 2022, 'Apresentar solução TQM para Mutua', '28/02/2022', 4, 'Em curso', '', 17),
(22, 9, 2022, 'Desenvolver módulo de desenvolvimento de produto PDP', '12/04/2022', 4, 'Em curso', '', 17),
(23, 9, 2022, 'Desenvolver módulo de monitoramento eficiência energética ', '23/07/2022', 4, 'Em curso', '', 17),
(24, 1, 2022, 'Integrar liderança da expedição Durmetal e Tylc ', '08/03/2022', 11, 'Concluído', '', 21),
(26, 10, 2025, 'teste', '23/03/2023', 38, 'Em curso', 'testes', 17),
(27, 3, 2022, 'Habilitar uso MRP ', '07/06/2022', 11, 'Concluído', 'Início em junho/2022.', 21),
(28, 1, 2022, 'Implantar nível de gerência de operações', '31/05/2022', 29, 'Concluído', 'Instalado gerente de operações na estrutura.', 21),
(29, 3, 2022, 'Projeto fábrica de valor com assessoria Martinelli', '06/06/2023', 11, 'Em curso', 'Início programado para 06.06.2022 - com previsão de 12 meses de duração. Projeto cadastrado no PDP.', 21),
(34, 14, 2023, 'Digitalizar Ordens de Serviço na Fábrica', '30/06/2023', 54, 'Em curso', 'Alto consumo de papel e baixa eficiência no processo gerido por OSs físicas', 19),
(35, 15, 2023, 'Atualizar tempos padrões de fabricação no sistema', '30/06/2023', 56, 'Em curso', 'Dificuldade de organizar planejamento de fábrica, identificar necessidades de novos recursos (pessoas e equipamentos), e definir métricas de desempenho.', 19),
(36, 16, 2023, 'Implantar processo SOP - Fase1', '31/03/2023', 54, 'Em curso', 'Integrar plano de vendas a um planejamento mestre de produção, atualmente administramos estoques elevados para manter elevado índice de OTD.', 19);

-- --------------------------------------------------------

--
-- Estrutura para tabela `strat_objective`
--

CREATE TABLE `strat_objective` (
  `id` int(11) NOT NULL,
  `client_id` int(11) NOT NULL,
  `name` varchar(255) NOT NULL
) ENGINE=InnoDB DEFAULT CHARSET=utf8mb4;

--
-- Despejando dados para a tabela `strat_objective`
--

INSERT INTO `strat_objective` (`id`, `client_id`, `name`) VALUES
(2, 21, 'Produto conforme especificação do cliente'),
(3, 21, 'Entrega no Prazo'),
(4, 21, 'Produzir conforme especificação com máximo de eficiência'),
(5, 21, 'Criar base para crescimento profissional'),
(6, 21, 'Alcançar objetivos traçados'),
(7, 17, 'Desenvolver sistema web de ferramentas de gestão'),
(8, 20, 'Entregar no Prazo'),
(9, 20, 'Produzir Conforme Especificação'),
(10, 20, 'Aumentar eficiência'),
(11, 20, 'Criar base para crescimento profissional e pessoal'),
(12, 20, 'Trabalhar em equipe'),
(13, 17, 'Criar base de clientes para sustentar os investimentos no sistema'),
(14, 17, 'Desenvolver ferramentas com tecnologia baseada no tempo'),
(15, 17, 'Suportar o crescimento de seus clientes'),
(16, 19, 'Crescer e aumentar nossa participação no mercado, de modo contínuo e sustentado'),
(17, 19, 'Ter profissionais altamente treinados e motivados, com foco em atingir as metas estabelecidas'),
(18, 19, 'Ser reconhecida pelos nossos clientes por meio da Qualidade dos nossos produtos e pelo pleno Atendimento às suas necessidades.'),
(19, 17, 'Aumentar eficiência operacional'),
(20, 17, 'Encantar clientes e consumidores'),
(21, 27, 'Satisfação de seus clientes'),
(22, 27, 'Melhoria Contínua'),
(23, 27, 'Competência gerencial'),
(24, 27, 'Tecnologia em constante atualização');

-- --------------------------------------------------------

--
-- Estrutura para tabela `tnc`
--

CREATE TABLE `tnc` (
  `id` int(11) NOT NULL,
  `client_id` int(11) NOT NULL,
  `client_internal` varchar(255) DEFAULT NULL,
  `type` int(11) NOT NULL,
  `responsible_id` int(11) NOT NULL,
  `created_by_id` int(11) NOT NULL,
  `validator_id` int(11) NOT NULL,
  `cod_product` varchar(255) CHARACTER SET utf8mb4 COLLATE utf8mb4_unicode_ci NOT NULL,
  `desc_product` varchar(255) CHARACTER SET utf8mb4 COLLATE utf8mb4_unicode_ci NOT NULL,
  `status` varchar(255) CHARACTER SET utf8mb4 COLLATE utf8mb4_unicode_ci NOT NULL,
  `date_occur` date NOT NULL,
  `origin` varchar(255) CHARACTER SET utf8mb4 COLLATE utf8mb4_unicode_ci NOT NULL,
  `operation` varchar(255) CHARACTER SET utf8mb4 COLLATE utf8mb4_unicode_ci NOT NULL,
  `qtd` int(11) NOT NULL,
  `lot` varchar(255) CHARACTER SET utf8mb4 COLLATE utf8mb4_unicode_ci NOT NULL,
  `description` longtext CHARACTER SET utf8mb4 COLLATE utf8mb4_unicode_ci NOT NULL,
  `obs` longtext CHARACTER SET utf8mb4 COLLATE utf8mb4_unicode_ci,
  `effective` tinyint(4) DEFAULT NULL,
  `ended_at` datetime DEFAULT NULL,
  `created_at` datetime NOT NULL
) ENGINE=MyISAM DEFAULT CHARSET=utf8;

--
-- Despejando dados para a tabela `tnc`
--

INSERT INTO `tnc` (`id`, `client_id`, `client_internal`, `type`, `responsible_id`, `created_by_id`, `validator_id`, `cod_product`, `desc_product`, `status`, `date_occur`, `origin`, `operation`, `qtd`, `lot`, `description`, `obs`, `effective`, `ended_at`, `created_at`) VALUES
(44, 17, 'Master Top', 0, 38, 4, 4, '231246', 'Suporte Motor', 'Concluída', '2023-01-04', 'Rotina de Controle', 'Furação', 10, '230112AB', 'Produto com dimensional fora do especificado. Diâmetro de 22,5+0,5 encontro com 23,3mm.', 'Ações validadas.', 1, '2023-01-19 11:27:03', '2023-02-17 11:07:48'),
(22, 19, 'Sictell', 0, 80, 60, 60, 'OS', 'OS 43268', 'Aberta', '2022-11-04', 'Rotina de Controle', 'Caldeiraria', 3, 'NA', 'Algumas folhas de OS espalhadas em cima de um protetor de correia', NULL, NULL, NULL, '2022-11-04 19:37:02'),
(23, 26, NULL, 1, 111, 19, 44, '1515515228', 'Fundido com sinterização', 'Concluída', '2022-11-07', 'Rotina de Controle', 'Operação 10', 112, 'NA', 'Detectado na usinagem 112 peças com sinterização no fundido. Precisamos retrabalhar as 112 e foi acordado com cliente abertura de CNQIS.', 'Incluso evidencia de ação para eliminar o desvio de acumulo de material no furo.', 1, '2022-12-13 19:01:55', '2022-11-07 11:01:44'),
(48, 17, 'Cliente amigo', 0, 38, 38, 42, 'teste', 'teste', 'Concluída', '2023-01-19', 'Reclamação Cliente', 'teste', 10, 'teste', 'teste', '1', 1, '2023-04-13 12:44:34', '2023-01-19 13:13:04'),
(49, 21, NULL, 0, 8, 19, 19, 'NA', 'Melhorar identificação de OP’s', 'Aberta', '2022-12-13', 'Auditoria', 'Usinagem operações Bosch', 0, 'NA', 'Constatação: Melhorar identificação de OP’s.\r\nEvidencia: Evidenciado Ordem de produção 26282801002 produto F00511338-US operações 10, 20, 30, 40 e 50.\r\nNa operação 10, consta Torno Cosmos e na operação é Doosan.\r\nNa operação 30, consta Fanuc 7 e na operação é Fanuc 4.\r\nNa operação 40, consta Fanuc 7 e produz na 4 ou 5.\r\nUso de máquinas divergentes do que descritos na OP.\r\nRequisito: Item 8.5.2 Identificação e rastreabilidade.', NULL, NULL, NULL, '2023-01-23 19:32:35'),
(42, 17, 'Alpha Master', 0, 38, 4, 38, '123', 'Caixa', 'Aberta', '2023-01-05', 'Reclamação Cliente', 'Corte', 12, '12', 'Dimensional fora do especificado.', NULL, NULL, NULL, '2023-01-19 11:01:01'),
(43, 17, 'Montagem Interna', 0, 38, 4, 4, '123', 'Carcaça Superior Motor', 'Em tratativa', '2023-01-11', 'Auditoria', 'Dobra', 200, 'aba', 'Dimensional fora do especificado', NULL, NULL, NULL, '2023-01-19 11:03:17'),
(14, 19, 'RESIDENCIA VIT JUNDIAI', 0, 53, 60, 60, '5', 'GRADE AUTO FECHANTE DE 4\"', 'Aberta', '2022-09-01', 'Reclamação Cliente', 'Centro logístico', 33, '5072203', 'Cliente reclamou que recebeu 33 grades a menos no pedido.', NULL, NULL, NULL, '2022-09-15 11:10:41'),
(25, 28, NULL, 1, 100, 60, 60, '826', 'CONJUNTO EXAUSTOR 5\"', 'Aberta', '2022-11-11', 'Auditoria', 'Recebimento', 404, '826112202/826112201', 'CONJUNTO EXAUSTOR 5\", tampa não encaixa na carcaça (carcaça desbalanceada),', NULL, NULL, NULL, '2022-11-15 12:09:29'),
(16, 19, 'Sictell', 0, 80, 60, 60, 'NA', 'Auditoria interna', 'Aberta', '2022-04-18', 'Auditoria', 'Gestão da Produção', 1, 'NA', 'Evidenciado durante auditoria interna na linha de montagem Titan, a utilização de IT(instrução de trabalho) sem carimbo de cópia controlada. (RNC335)', NULL, NULL, NULL, '2022-09-29 13:44:04'),
(17, 19, 'Sictell', 0, 80, 60, 60, '21475', 'SUPORTE ESTRELA MANCAL - SGSD 277', 'Aberta', '2022-09-29', 'Rotina de Controle', 'Laser/Dobra', 6, 'NA', 'Peças com rebarbas, identificadas e bloqueadas na linha de dobra pelo inspetor, alinhado com supervisor de linha a correção. Peças não foram retrabalhas e foram liberadas para linha de montagem.', NULL, NULL, NULL, '2022-09-30 17:02:12'),
(18, 19, NULL, 0, 80, 60, 60, '30825', 'Equipamento SGSD amassado.', 'Aberta', '2022-10-03', 'Rotina de Controle', 'Montagem de Titan', 1, 'NA', 'Foi verificado na inspeção de liberação que o equipamento SGSD, estava com a tampa superior do lado esquerdo amassado, informado o lider de linha.', NULL, NULL, NULL, '2022-10-04 11:19:56'),
(21, 28, NULL, 1, 100, 10, 100, '1794', 'Hélice Sonara 4', 'Aberta', '2022-09-01', 'Rotina de Controle', 'Linha de Montagem Leves', 144, '1794082201', 'Durante o processo de separação para montagem foi detectado peças contaminadas com óleo (ver anexo)', NULL, NULL, NULL, '2022-10-05 20:27:31'),
(26, 26, NULL, 1, 111, 19, 44, '1515515286', 'Fundido expulsa da castanha durante o processo de fixar.', 'Concluída', '2022-11-15', 'Rotina de Controle', 'Usinagem torno fixação operação 10', 866, '290.22', 'Fundido 1515515286 cavidade 3 expulsando da castanha durante o processo de fixação.', 'Conforme informado pelo fornecedor, a peça atende o dimensional de projeto e não foi considerado não conforme.\r\nInternamente para usar as peças da cavidade 3 (800 peças) foi retrabalho a castanha de fixação.\r\nNão conformidade será finalizada.', 0, '2022-12-13 14:14:39', '2022-11-15 16:48:31'),
(28, 28, NULL, 1, 100, 60, 60, '1540', 'PÉS RVA 100', 'Aberta', '2022-11-11', 'Auditoria', 'Recebimento', 2000, 'NA', 'Item veio do fornecedor com a identificação incorreta na etiqueta, mencionando código 1544 (PÉS RVA 125), conforme foto em anexo.', NULL, NULL, NULL, '2022-11-15 18:29:30'),
(29, 19, 'Sictell', 0, 58, 60, 60, '975', 'SUPORTE EXAUSTOR ACI 14\"(ACI 355)', 'Aberta', '2022-11-30', 'Auditoria', 'Laser/Dobra', 240, '975052201/975072201/975072202', 'Furação de fixação da caixa de ligação incorreta, desenho apresentava 04 furos e o correto é 02 furos. Situação recorrente.', NULL, NULL, NULL, '2022-11-24 16:53:41'),
(30, 34, 'FUNDICAO MADEMIL LTDA', 1, 117, 60, 60, '4600', 'CUBO USINADO - 800-900_Ø50', 'Aberta', '2022-12-06', 'Auditoria', 'Recebimento', 42, '4600122201', 'Cubos com o dimensional interno incorreto, corte da chaveta fora de alinhamento, situação recorrente.', NULL, NULL, NULL, '2022-12-06 12:41:26'),
(31, 19, 'Sictell', 0, 57, 60, 60, '4294', 'EXAUSTOR SICFLUX ACI 150 -220V', 'Concluída', '2022-12-15', 'Reclamação Cliente', 'Fabrica de Linha Leve', -3, '491112201', 'Parafusos e porcas soltas dentro da caixa conforme anexo.', 'Referente a instruir a alimentadora de linha, sobre a amostragem a inspecionar, sugiro incluir na IT 031 de alimentador de Linha, especificando a porcentagem a ser verificado em caso de operador novo. Após essa inclusão favor mencionar na TNC, para que eu posso validar a mesma.', 0, '2023-01-24 17:32:25', '2022-12-16 13:36:09'),
(32, 19, 'Sictell', 0, 57, 60, 60, '10646', 'CARCAÇA ENTRADA ACI 4\"(ACI100) (MP 188)', 'Concluída', '2022-12-14', 'Rotina de Controle', 'Fabrica de Linha Leve', 32, '10646102201', 'Furação incorreta do suporte', 'Estaremos avaliando no decorrer do processo.', 1, '2023-01-24 17:10:07', '2022-12-16 15:12:02'),
(33, 19, 'Sictell', 0, 80, 60, 60, '1942', 'SUPORTE MOTOR ACI 16\"(ACI400)', 'Aberta', '2022-12-16', 'Reclamação Cliente', 'Fabrica de Linha Leve', 98, '1942082201', 'Suporte cortado com a espessura da chapa divergente (correto 3mm, foi cortado com 2mm).', NULL, NULL, NULL, '2022-12-16 15:58:07'),
(35, 19, 'Sictell', 0, 58, 60, 60, 'ID26374', 'TITAN LD 710 - A/90°/3 - 20 CV - 4P - PR 300 - CL I - AC/GPA - PA', 'Aberta', '2022-12-16', 'Rotina de Controle', 'Fabrica de Titans', 1, '37055102201', 'Projeto não foi atualizado e acabou puxando alguns detalhes da versão antiga.', NULL, NULL, NULL, '2022-12-16 16:32:32'),
(36, 19, 'Sictell', 0, 58, 60, 60, 'ID26374', 'TITAN LD 710 - A/90°/3 - 20 CV - 4P - PR 300 - CL I - AC/GPA - PA', 'Aberta', '2022-12-16', 'Rotina de Controle', 'Fabrica de Titans', 1, '37055102201', 'Projeto não foi atualizado e acabou puxando alguns detalhes da versão antiga.', NULL, NULL, NULL, '2022-12-16 16:32:39'),
(38, 19, 'Sictell', 0, 80, 55, 55, 'NA', 'NA', 'Aberta', '2022-12-05', 'Rotina de Controle', 'Prensa', 0, 'NA', 'O colaborador sofreu um desmaio e ao cair bateu a cabeça contra a caçamba, ocasionando ferimento contuso em ambos os lados da cabeça, ficando afastado das suas atividades laborais por 5 dias.', NULL, NULL, NULL, '2022-12-19 17:21:02'),
(40, 26, 'Castertech', 1, 111, 19, 44, 'Fundido 1515515286, usinado 1515515499 e 1515515771', 'Produto foi zincado no fornecedor Tecnoplating e apresentou manchas escuras após o zinco, onde foi constatado pelo fornrcedor de fundido que era falha de jateamento na peça bruta.', 'Aberta', '2023-01-10', 'Rotina de Controle', 'Processo de zincagem apresentou carepa/ manchas escuras na parte interna do fundido após a zincagem.', 1100, '290.22', 'Evidenciado pelo fornecedor de zinco que após a zincagem na Tecnoplating o produto apresentou manchas escuras na cavidade não usinada, onde foi constatado pelo fornrcedor de fundido que era falha de jateamento na peça bruta. Anexo imagens das peças NC\'s.', NULL, NULL, NULL, '2023-01-10 11:14:03'),
(41, 19, 'FOSHAN SHUNDE YUANJING ZHUOLI MOTOR CO LTDA', 0, 122, 97, 60, '17942', 'MOTOR 12MM BIV - 4880 - BUCHA - YJ58-12(120/230) - SLEEVE BEARING', 'Aberta', '2023-01-03', 'Rotina de Controle', 'Recebimento', 391, '17942112201', 'Eixo do motor 4mm mais alto/longo.', NULL, NULL, NULL, '2023-01-17 23:32:35');

-- --------------------------------------------------------

--
-- Estrutura para tabela `user_account`
--

CREATE TABLE `user_account` (
  `user_id` int(11) NOT NULL,
  `account_id` int(11) NOT NULL
) ENGINE=InnoDB DEFAULT CHARSET=utf8mb4 COLLATE=utf8mb4_unicode_ci;

--
-- Despejando dados para a tabela `user_account`
--

INSERT INTO `user_account` (`user_id`, `account_id`) VALUES
(2, 1),
(3, 1),
(4, 1),
(5, 1),
(6, 1),
(7, 1),
(8, 1),
(9, 1),
(10, 1),
(11, 1),
(13, 1),
(14, 1),
(15, 1),
(16, 1),
(17, 1),
(18, 1),
(19, 1),
(20, 1),
(21, 1),
(22, 1),
(23, 1),
(24, 1),
(25, 1),
(26, 1),
(27, 1),
(28, 1),
(29, 1),
(31, 1),
(32, 1),
(33, 1),
(34, 1),
(35, 1),
(36, 1),
(37, 1),
(38, 1),
(39, 1),
(40, 1),
(41, 1),
(42, 1),
(43, 1),
(44, 1),
(45, 1),
(46, 1),
(47, 1),
(48, 1),
(49, 1),
(50, 1),
(51, 1),
(52, 1),
(53, 1),
(54, 1),
(55, 1),
(56, 1),
(57, 1),
(58, 1),
(59, 1),
(60, 1),
(61, 1),
(62, 1),
(63, 1),
(64, 1),
(65, 1),
(66, 1),
(67, 1),
(68, 1),
(69, 1),
(70, 1),
(71, 1),
(72, 1),
(74, 1),
(75, 1),
(76, 1),
(77, 1),
(78, 1),
(79, 1),
(80, 1),
(81, 1),
(82, 1),
(83, 1),
(84, 1),
(85, 1),
(87, 1),
(89, 1),
(90, 1),
(91, 1),
(92, 1),
(93, 1),
(94, 1),
(96, 1),
(97, 1),
(98, 1),
(99, 1),
(100, 1),
(101, 1),
(102, 1),
(103, 1),
(104, 1),
(105, 1),
(106, 1),
(107, 1),
(108, 1),
(109, 1),
(111, 1),
(116, 1),
(117, 1),
(118, 1),
(120, 1),
(121, 1),
(122, 1),
(123, 1),
(130, 1);

-- --------------------------------------------------------

--
-- Estrutura para tabela `user_department`
--

CREATE TABLE `user_department` (
  `user_id` int(11) NOT NULL,
  `department_id` int(11) NOT NULL
) ENGINE=InnoDB DEFAULT CHARSET=utf8mb4 COLLATE=utf8mb4_unicode_ci;

--
-- Despejando dados para a tabela `user_department`
--

INSERT INTO `user_department` (`user_id`, `department_id`) VALUES
(1, 1),
(1, 3),
(1, 4),
(1, 5),
(1, 6),
(2, 6),
(3, 6),
(4, 1),
(4, 3),
(4, 4),
(4, 5),
(4, 6),
(5, 4),
(6, 3),
(6, 5),
(7, 3),
(7, 5),
(8, 1),
(9, 1),
(10, 1),
(10, 3),
(10, 4),
(10, 5),
(10, 6),
(11, 1),
(11, 3),
(11, 4),
(11, 5),
(11, 6),
(12, 6),
(13, 1),
(13, 3),
(13, 4),
(13, 5),
(13, 6),
(14, 6),
(15, 1),
(15, 3),
(15, 4),
(15, 5),
(15, 6),
(16, 1),
(16, 3),
(16, 4),
(16, 5),
(16, 6),
(17, 6),
(18, 6),
(22, 1),
(22, 3),
(22, 4),
(22, 5),
(22, 6),
(26, 5),
(26, 6),
(28, 1),
(28, 3),
(28, 4),
(28, 5),
(28, 6),
(31, 4),
(32, 4),
(33, 3),
(33, 5),
(34, 5),
(35, 5),
(36, 5),
(37, 1),
(37, 6),
(38, 1),
(38, 3),
(38, 4),
(38, 5),
(38, 6),
(39, 4),
(40, 5),
(41, 4),
(42, 4),
(43, 3),
(44, 3),
(44, 5),
(44, 6),
(45, 3),
(45, 5),
(45, 6),
(46, 4),
(47, 1),
(47, 3),
(47, 4),
(47, 5),
(47, 6),
(49, 1),
(49, 3),
(49, 4),
(49, 5),
(49, 6),
(50, 1),
(50, 3),
(50, 4),
(50, 5),
(50, 6),
(51, 1),
(51, 3),
(51, 4),
(51, 5),
(51, 6),
(52, 1),
(52, 3),
(52, 4),
(52, 5),
(52, 6),
(53, 1),
(53, 6),
(54, 5),
(55, 6),
(56, 3),
(56, 5),
(57, 5),
(58, 3),
(59, 6),
(60, 3),
(60, 6),
(61, 1),
(61, 3),
(61, 4),
(61, 5),
(61, 6),
(62, 3),
(62, 5),
(63, 5),
(63, 6),
(64, 3),
(65, 5),
(66, 3),
(66, 4),
(66, 5),
(67, 6),
(68, 6),
(69, 6),
(70, 6),
(71, 6),
(72, 5),
(74, 6),
(75, 1),
(75, 3),
(75, 4),
(75, 5),
(75, 6),
(76, 1),
(76, 3),
(76, 4),
(76, 5),
(76, 6),
(77, 4),
(77, 5),
(78, 4),
(78, 5),
(79, 4),
(79, 5),
(80, 4),
(80, 5),
(81, 4),
(81, 5),
(82, 4),
(82, 5),
(83, 4),
(83, 5),
(84, 4),
(84, 5),
(85, 6),
(89, 3),
(90, 3),
(91, 3),
(92, 3),
(93, 3),
(94, 1),
(94, 3),
(94, 4),
(94, 5),
(94, 6),
(97, 1),
(98, 1),
(98, 3),
(98, 4),
(98, 5),
(98, 6),
(99, 4),
(101, 1),
(101, 3),
(101, 4),
(101, 5),
(101, 6),
(103, 6),
(104, 6),
(105, 5),
(106, 5),
(107, 3),
(108, 3),
(109, 6),
(116, 1),
(118, 3),
(121, 1),
(122, 1);

-- --------------------------------------------------------

--
-- Estrutura para tabela `user_pdp`
--

CREATE TABLE `user_pdp` (
  `user_id` int(11) NOT NULL,
  `pdp_id` int(11) NOT NULL
) ENGINE=InnoDB DEFAULT CHARSET=utf8mb4 COLLATE=utf8mb4_unicode_ci;

--
-- Despejando dados para a tabela `user_pdp`
--

INSERT INTO `user_pdp` (`user_id`, `pdp_id`) VALUES
(1, 18),
(1, 22),
(1, 50),
(1, 51),
(1, 56),
(2, 23),
(2, 27),
(4, 21),
(5, 37),
(6, 24),
(6, 29),
(6, 31),
(6, 33),
(6, 37),
(7, 23),
(7, 27),
(7, 42),
(8, 24),
(8, 25),
(8, 37),
(9, 23),
(9, 27),
(9, 28),
(10, 40),
(10, 45),
(10, 64),
(11, 24),
(11, 29),
(11, 33),
(11, 34),
(11, 37),
(13, 23),
(13, 27),
(14, 23),
(15, 34),
(15, 35),
(15, 37),
(16, 27),
(17, 23),
(18, 25),
(19, 25),
(19, 37),
(22, 55),
(25, 23),
(25, 27),
(25, 44),
(28, 34),
(28, 37),
(29, 34),
(29, 37),
(31, 24),
(31, 25),
(31, 33),
(31, 37),
(32, 28),
(33, 25),
(37, 25),
(37, 29),
(37, 34),
(37, 35),
(37, 37),
(38, 16),
(38, 18),
(38, 21),
(38, 36),
(38, 47),
(38, 48),
(38, 49),
(38, 68),
(39, 25),
(39, 29),
(40, 28),
(42, 17),
(42, 18),
(42, 26),
(42, 36),
(42, 47),
(42, 48),
(42, 49),
(42, 69),
(43, 17),
(43, 18),
(43, 26),
(43, 69),
(44, 24),
(44, 25),
(44, 29),
(44, 31),
(44, 33),
(44, 37),
(45, 23),
(45, 28),
(46, 29),
(48, 17),
(48, 26),
(48, 32),
(48, 36),
(48, 47),
(48, 48),
(48, 49),
(48, 52),
(48, 53),
(48, 54),
(48, 57),
(48, 58),
(48, 59),
(48, 62),
(48, 63),
(48, 66),
(48, 69),
(51, 38),
(51, 39),
(51, 65),
(53, 39),
(53, 40),
(53, 46),
(53, 64),
(53, 65),
(54, 40),
(54, 46),
(54, 64),
(56, 40),
(56, 41),
(56, 64),
(56, 67),
(57, 39),
(57, 65),
(58, 39),
(58, 40),
(58, 45),
(58, 46),
(58, 64),
(58, 65),
(59, 46),
(60, 38),
(60, 39),
(60, 40),
(60, 64),
(60, 65),
(61, 21),
(61, 22),
(61, 50),
(61, 51),
(61, 56),
(63, 37),
(64, 38),
(64, 40),
(64, 64),
(65, 24),
(65, 37),
(67, 37),
(68, 37),
(69, 37),
(72, 24),
(74, 37),
(75, 37),
(80, 40),
(80, 45),
(80, 64),
(83, 38),
(83, 40),
(83, 41),
(83, 46),
(83, 64),
(83, 67),
(90, 38),
(90, 39),
(90, 41),
(90, 65),
(90, 67),
(91, 38),
(91, 41),
(91, 67),
(92, 45),
(106, 42),
(106, 43),
(106, 44),
(107, 42),
(108, 42),
(108, 43),
(118, 45);

-- --------------------------------------------------------

--
-- Estrutura para tabela `value_lever`
--

CREATE TABLE `value_lever` (
  `id` int(11) NOT NULL,
  `name` varchar(255) COLLATE utf8mb4_unicode_ci NOT NULL
) ENGINE=InnoDB DEFAULT CHARSET=utf8mb4 COLLATE=utf8mb4_unicode_ci;

--
-- Despejando dados para a tabela `value_lever`
--

INSERT INTO `value_lever` (`id`, `name`) VALUES
(1, '1. Negociação de preço'),
(2, '2. Rev. Especificação'),
(3, '3. Rev. Funcionalidade'),
(4, '4.  Rev. Engenharia do Produto'),
(5, '5.  Alteração de Material'),
(6, '6.  Alteração de fornecedor');

--
-- Índices para tabelas despejadas
--

--
-- Índices de tabela `account`
--
ALTER TABLE `account`
  ADD PRIMARY KEY (`id`);

--
-- Índices de tabela `action`
--
ALTER TABLE `action`
  ADD PRIMARY KEY (`id`),
  ADD KEY `tnc_id` (`tnc_id`),
  ADD KEY `user_id` (`user_id`);

--
-- Índices de tabela `ambiental_impact`
--
ALTER TABLE `ambiental_impact`
  ADD PRIMARY KEY (`id`);

--
-- Índices de tabela `baseline`
--
ALTER TABLE `baseline`
  ADD PRIMARY KEY (`id`);

--
-- Índices de tabela `budget`
--
ALTER TABLE `budget`
  ADD PRIMARY KEY (`id`),
  ADD KEY `IDX_73F2F77B19EB6921` (`client_id`);

--
-- Índices de tabela `causes`
--
ALTER TABLE `causes`
  ADD PRIMARY KEY (`id`),
  ADD KEY `tnc_id` (`tnc_id`);

--
-- Índices de tabela `causes_users`
--
ALTER TABLE `causes_users`
  ADD PRIMARY KEY (`id`),
  ADD KEY `causes_id` (`causes_id`),
  ADD KEY `user_id` (`user_id`);

--
-- Índices de tabela `client`
--
ALTER TABLE `client`
  ADD PRIMARY KEY (`id`),
  ADD KEY `IDX_C74404559B6B5FBA` (`account_id`),
  ADD KEY `client_ibfk_1` (`parent_id`);

--
-- Índices de tabela `definition`
--
ALTER TABLE `definition`
  ADD PRIMARY KEY (`id`),
  ADD KEY `client_id` (`client_id`);

--
-- Índices de tabela `department`
--
ALTER TABLE `department`
  ADD PRIMARY KEY (`id`);

--
-- Índices de tabela `doi`
--
ALTER TABLE `doi`
  ADD PRIMARY KEY (`id`),
  ADD KEY `IDX_6694147AAB7D9771` (`initiative_id`),
  ADD KEY `IDX_6694147A19EB6921` (`client_id`),
  ADD KEY `IDX_6694147AA76ED395` (`user_id`);

--
-- Índices de tabela `doi_item`
--
ALTER TABLE `doi_item`
  ADD PRIMARY KEY (`id`),
  ADD KEY `IDX_E79AB1AEE6EBA8D8` (`doi_id`),
  ADD KEY `IDX_E79AB1AE602AD315` (`responsible_id`);

--
-- Índices de tabela `financial`
--
ALTER TABLE `financial`
  ADD PRIMARY KEY (`id`),
  ADD KEY `IDX_6E80AAACAB7D9771` (`initiative_id`),
  ADD KEY `IDX_6E80AAAC19EB6921` (`client_id`),
  ADD KEY `IDX_6E80AAACA76ED395` (`user_id`);

--
-- Índices de tabela `functional_unit`
--
ALTER TABLE `functional_unit`
  ADD PRIMARY KEY (`id`);

--
-- Índices de tabela `grd_action`
--
ALTER TABLE `grd_action`
  ADD PRIMARY KEY (`id`),
  ADD KEY `IDX_79D68602D02FBC1` (`responsible_id_id`),
  ADD KEY `IDX_79D68602B03A8386` (`created_by_id`);

--
-- Índices de tabela `initiative`
--
ALTER TABLE `initiative`
  ADD PRIMARY KEY (`id`),
  ADD KEY `IDX_E115DEFEDC280AA8` (`baseline_id`),
  ADD KEY `IDX_E115DEFEA22EA826` (`value_lever_id`),
  ADD KEY `IDX_E115DEFE19883967` (`method_id`),
  ADD KEY `IDX_E115DEFEEB50F69B` (`ambiental_impact_id`),
  ADD KEY `IDX_E115DEFE19EB6921` (`client_id`),
  ADD KEY `IDX_E115DEFEA76ED395` (`user_id`);

--
-- Índices de tabela `messenger_messages`
--
ALTER TABLE `messenger_messages`
  ADD PRIMARY KEY (`id`),
  ADD KEY `IDX_75EA56E0FB7336F0` (`queue_name`),
  ADD KEY `IDX_75EA56E0E3BD61CE` (`available_at`),
  ADD KEY `IDX_75EA56E016BA31DB` (`delivered_at`);

--
-- Índices de tabela `method`
--
ALTER TABLE `method`
  ADD PRIMARY KEY (`id`);

--
-- Índices de tabela `migration_versions`
--
ALTER TABLE `migration_versions`
  ADD PRIMARY KEY (`version`);

--
-- Índices de tabela `mokpi`
--
ALTER TABLE `mokpi`
  ADD PRIMARY KEY (`id`),
  ADD KEY `IDX_9B16277F602AD315` (`responsible_id`),
  ADD KEY `IDX_9B16277F66093344` (`obj_id`);

--
-- Índices de tabela `mokpi_values`
--
ALTER TABLE `mokpi_values`
  ADD PRIMARY KEY (`id`),
  ADD KEY `IDX_46FC3AAE17FDEDF2` (`mokpi_id`);

--
-- Índices de tabela `occupation`
--
ALTER TABLE `occupation`
  ADD PRIMARY KEY (`id`);

--
-- Índices de tabela `organizational_context`
--
ALTER TABLE `organizational_context`
  ADD PRIMARY KEY (`id`),
  ADD KEY `IDX_E164B5F919EB6921` (`client_id`);

--
-- Índices de tabela `pdp`
--
ALTER TABLE `pdp`
  ADD PRIMARY KEY (`id`),
  ADD KEY `IDX_FA246EDD7E3C61F9` (`owner_id`),
  ADD KEY `IDX_FA246EDD783E3463` (`manager_id`),
  ADD KEY `IDX_FA246EDD12F7FB51` (`sponsor_id`),
  ADD KEY `IDX_FA246EDDAA0550D1` (`approver_initial_id`),
  ADD KEY `IDX_FA246EDD4CA55CCC` (`approver_results_id`),
  ADD KEY `IDX_FA246EDD1B523C99` (`functional_unit_id`),
  ADD KEY `IDX_FA246EDD19EB6921` (`client_id`);

--
-- Índices de tabela `pdp_fase`
--
ALTER TABLE `pdp_fase`
  ADD PRIMARY KEY (`id`);

--
-- Índices de tabela `pdp_file`
--
ALTER TABLE `pdp_file`
  ADD PRIMARY KEY (`id`),
  ADD KEY `IDX_AA319AD87E3C61F9` (`owner_id`),
  ADD KEY `IDX_AA319AD8246DC151` (`pdp_id`);

--
-- Índices de tabela `pdp_task`
--
ALTER TABLE `pdp_task`
  ADD PRIMARY KEY (`id`),
  ADD KEY `IDX_74D077ED246DC151` (`pdp_id`),
  ADD KEY `IDX_74D077ED602AD315` (`responsible_id`),
  ADD KEY `IDX_74D077ED9D28FB52` (`fase_id`);

--
-- Índices de tabela `risk_factor`
--
ALTER TABLE `risk_factor`
  ADD PRIMARY KEY (`id`),
  ADD KEY `IDX_2DF3E264602AD315` (`responsible_id`),
  ADD KEY `IDX_2DF3E26419EB6921` (`client_id`);

--
-- Índices de tabela `strategic_initiative`
--
ALTER TABLE `strategic_initiative`
  ADD PRIMARY KEY (`id`),
  ADD KEY `IDX_6A6A921619EB6921` (`client_id`);

--
-- Índices de tabela `strategic_initiative_item`
--
ALTER TABLE `strategic_initiative_item`
  ADD PRIMARY KEY (`id`),
  ADD KEY `IDX_6085D3D390FA7A46` (`strategic_initiative_id`),
  ADD KEY `IDX_6085D3D37E3C61F9` (`owner_id`),
  ADD KEY `IDX_6085D3D319EB6921` (`client_id`);

--
-- Índices de tabela `strat_objective`
--
ALTER TABLE `strat_objective`
  ADD PRIMARY KEY (`id`),
  ADD KEY `IDX_3157FDF19EB6921` (`client_id`);

--
-- Índices de tabela `tnc`
--
ALTER TABLE `tnc`
  ADD PRIMARY KEY (`id`),
  ADD KEY `client_id` (`client_id`),
  ADD KEY `responsible_id` (`responsible_id`),
  ADD KEY `created_by_id` (`created_by_id`),
  ADD KEY `validator_id` (`validator_id`);

--
-- Índices de tabela `user_account`
--
ALTER TABLE `user_account`
  ADD PRIMARY KEY (`user_id`,`account_id`),
  ADD KEY `IDX_253B48AEA76ED395` (`user_id`),
  ADD KEY `IDX_253B48AE9B6B5FBA` (`account_id`);

--
-- Índices de tabela `user_department`
--
ALTER TABLE `user_department`
  ADD PRIMARY KEY (`user_id`,`department_id`),
  ADD KEY `IDX_6A7A2766A76ED395` (`user_id`),
  ADD KEY `IDX_6A7A2766AE80F5DF` (`department_id`);

--
-- Índices de tabela `user_pdp`
--
ALTER TABLE `user_pdp`
  ADD PRIMARY KEY (`pdp_id`,`user_id`),
  ADD KEY `IDX_11320F56A76ED395` (`user_id`),
  ADD KEY `IDX_11320F56246DC151` (`pdp_id`);

--
-- Índices de tabela `value_lever`
--
ALTER TABLE `value_lever`
  ADD PRIMARY KEY (`id`);

--
-- AUTO_INCREMENT para tabelas despejadas
--

--
-- AUTO_INCREMENT de tabela `account`
--
ALTER TABLE `account`
  MODIFY `id` int(11) NOT NULL AUTO_INCREMENT, AUTO_INCREMENT=2;

--
-- AUTO_INCREMENT de tabela `action`
--
ALTER TABLE `action`
  MODIFY `id` int(11) NOT NULL AUTO_INCREMENT, AUTO_INCREMENT=91;

--
-- AUTO_INCREMENT de tabela `ambiental_impact`
--
ALTER TABLE `ambiental_impact`
  MODIFY `id` int(11) NOT NULL AUTO_INCREMENT, AUTO_INCREMENT=8;

--
-- AUTO_INCREMENT de tabela `baseline`
--
ALTER TABLE `baseline`
  MODIFY `id` int(11) NOT NULL AUTO_INCREMENT, AUTO_INCREMENT=6;

--
-- AUTO_INCREMENT de tabela `budget`
--
ALTER TABLE `budget`
  MODIFY `id` int(11) NOT NULL AUTO_INCREMENT, AUTO_INCREMENT=13;

--
-- AUTO_INCREMENT de tabela `causes`
--
ALTER TABLE `causes`
  MODIFY `id` int(11) NOT NULL AUTO_INCREMENT, AUTO_INCREMENT=20;

--
-- AUTO_INCREMENT de tabela `causes_users`
--
ALTER TABLE `causes_users`
  MODIFY `id` int(11) NOT NULL AUTO_INCREMENT, AUTO_INCREMENT=34;

--
-- AUTO_INCREMENT de tabela `client`
--
ALTER TABLE `client`
  MODIFY `id` int(11) NOT NULL AUTO_INCREMENT, AUTO_INCREMENT=41;

--
-- AUTO_INCREMENT de tabela `definition`
--
ALTER TABLE `definition`
  MODIFY `id` int(11) NOT NULL AUTO_INCREMENT, AUTO_INCREMENT=8;

--
-- AUTO_INCREMENT de tabela `department`
--
ALTER TABLE `department`
  MODIFY `id` int(11) NOT NULL AUTO_INCREMENT, AUTO_INCREMENT=7;

--
-- AUTO_INCREMENT de tabela `doi`
--
ALTER TABLE `doi`
  MODIFY `id` int(11) NOT NULL AUTO_INCREMENT, AUTO_INCREMENT=61;

--
-- AUTO_INCREMENT de tabela `doi_item`
--
ALTER TABLE `doi_item`
  MODIFY `id` int(11) NOT NULL AUTO_INCREMENT, AUTO_INCREMENT=301;

--
-- AUTO_INCREMENT de tabela `financial`
--
ALTER TABLE `financial`
  MODIFY `id` int(11) NOT NULL AUTO_INCREMENT, AUTO_INCREMENT=61;

--
-- AUTO_INCREMENT de tabela `functional_unit`
--
ALTER TABLE `functional_unit`
  MODIFY `id` int(11) NOT NULL AUTO_INCREMENT, AUTO_INCREMENT=6;

--
-- AUTO_INCREMENT de tabela `grd_action`
--
ALTER TABLE `grd_action`
  MODIFY `id` int(11) NOT NULL AUTO_INCREMENT, AUTO_INCREMENT=1100;

--
-- AUTO_INCREMENT de tabela `initiative`
--
ALTER TABLE `initiative`
  MODIFY `id` int(11) NOT NULL AUTO_INCREMENT, AUTO_INCREMENT=61;

--
-- AUTO_INCREMENT de tabela `messenger_messages`
--
ALTER TABLE `messenger_messages`
  MODIFY `id` bigint(20) NOT NULL AUTO_INCREMENT;

--
-- AUTO_INCREMENT de tabela `method`
--
ALTER TABLE `method`
  MODIFY `id` int(11) NOT NULL AUTO_INCREMENT, AUTO_INCREMENT=7;

--
-- AUTO_INCREMENT de tabela `mokpi`
--
ALTER TABLE `mokpi`
  MODIFY `id` int(11) NOT NULL AUTO_INCREMENT, AUTO_INCREMENT=120;

--
-- AUTO_INCREMENT de tabela `mokpi_values`
--
ALTER TABLE `mokpi_values`
  MODIFY `id` int(11) NOT NULL AUTO_INCREMENT, AUTO_INCREMENT=1811;

--
-- AUTO_INCREMENT de tabela `occupation`
--
ALTER TABLE `occupation`
  MODIFY `id` int(11) NOT NULL AUTO_INCREMENT, AUTO_INCREMENT=2;

--
-- AUTO_INCREMENT de tabela `organizational_context`
--
ALTER TABLE `organizational_context`
  MODIFY `id` int(11) NOT NULL AUTO_INCREMENT, AUTO_INCREMENT=10;

--
-- AUTO_INCREMENT de tabela `pdp`
--
ALTER TABLE `pdp`
  MODIFY `id` int(11) NOT NULL AUTO_INCREMENT, AUTO_INCREMENT=70;

--
-- AUTO_INCREMENT de tabela `pdp_fase`
--
ALTER TABLE `pdp_fase`
  MODIFY `id` int(11) NOT NULL AUTO_INCREMENT, AUTO_INCREMENT=6;

--
-- AUTO_INCREMENT de tabela `pdp_file`
--
ALTER TABLE `pdp_file`
  MODIFY `id` int(11) NOT NULL AUTO_INCREMENT, AUTO_INCREMENT=50;

--
-- AUTO_INCREMENT de tabela `pdp_task`
--
ALTER TABLE `pdp_task`
  MODIFY `id` int(11) NOT NULL AUTO_INCREMENT, AUTO_INCREMENT=580;

--
-- AUTO_INCREMENT de tabela `risk_factor`
--
ALTER TABLE `risk_factor`
  MODIFY `id` int(11) NOT NULL AUTO_INCREMENT, AUTO_INCREMENT=20;

--
-- AUTO_INCREMENT de tabela `strategic_initiative`
--
ALTER TABLE `strategic_initiative`
  MODIFY `id` int(11) NOT NULL AUTO_INCREMENT, AUTO_INCREMENT=17;

--
-- AUTO_INCREMENT de tabela `strategic_initiative_item`
--
ALTER TABLE `strategic_initiative_item`
  MODIFY `id` int(11) NOT NULL AUTO_INCREMENT, AUTO_INCREMENT=37;

--
-- AUTO_INCREMENT de tabela `strat_objective`
--
ALTER TABLE `strat_objective`
  MODIFY `id` int(11) NOT NULL AUTO_INCREMENT, AUTO_INCREMENT=25;

--
-- AUTO_INCREMENT de tabela `tnc`
--
ALTER TABLE `tnc`
  MODIFY `id` int(11) NOT NULL AUTO_INCREMENT, AUTO_INCREMENT=50;

--
-- AUTO_INCREMENT de tabela `value_lever`
--
ALTER TABLE `value_lever`
  MODIFY `id` int(11) NOT NULL AUTO_INCREMENT, AUTO_INCREMENT=7;

--
-- Restrições para tabelas despejadas
--

--
-- Restrições para tabelas `budget`
--
ALTER TABLE `budget`
  ADD CONSTRAINT `FK_73F2F77B19EB6921` FOREIGN KEY (`client_id`) REFERENCES `client` (`id`);

--
-- Restrições para tabelas `client`
--
ALTER TABLE `client`
  ADD CONSTRAINT `FK_C74404559B6B5FBA` FOREIGN KEY (`account_id`) REFERENCES `account` (`id`),
  ADD CONSTRAINT `client_ibfk_1` FOREIGN KEY (`parent_id`) REFERENCES `client` (`id`);

--
-- Restrições para tabelas `definition`
--
ALTER TABLE `definition`
  ADD CONSTRAINT `definition_ibfk_1` FOREIGN KEY (`client_id`) REFERENCES `client` (`id`);

--
-- Restrições para tabelas `doi`
--
ALTER TABLE `doi`
  ADD CONSTRAINT `FK_6694147A19EB6921` FOREIGN KEY (`client_id`) REFERENCES `client` (`id`),
  ADD CONSTRAINT `FK_6694147AA76ED395` FOREIGN KEY (`user_id`) REFERENCES `user` (`id`),
  ADD CONSTRAINT `FK_6694147AAB7D9771` FOREIGN KEY (`initiative_id`) REFERENCES `initiative` (`id`);

--
-- Restrições para tabelas `doi_item`
--
ALTER TABLE `doi_item`
  ADD CONSTRAINT `FK_E79AB1AE602AD315` FOREIGN KEY (`responsible_id`) REFERENCES `user` (`id`),
  ADD CONSTRAINT `FK_E79AB1AEE6EBA8D8` FOREIGN KEY (`doi_id`) REFERENCES `doi` (`id`);

--
-- Restrições para tabelas `financial`
--
ALTER TABLE `financial`
  ADD CONSTRAINT `FK_6E80AAAC19EB6921` FOREIGN KEY (`client_id`) REFERENCES `client` (`id`),
  ADD CONSTRAINT `FK_6E80AAACA76ED395` FOREIGN KEY (`user_id`) REFERENCES `user` (`id`),
  ADD CONSTRAINT `FK_6E80AAACAB7D9771` FOREIGN KEY (`initiative_id`) REFERENCES `initiative` (`id`);

--
-- Restrições para tabelas `grd_action`
--
ALTER TABLE `grd_action`
  ADD CONSTRAINT `FK_79D68602B03A8386` FOREIGN KEY (`created_by_id`) REFERENCES `user` (`id`),
  ADD CONSTRAINT `FK_79D68602D02FBC1` FOREIGN KEY (`responsible_id_id`) REFERENCES `user` (`id`);

--
-- Restrições para tabelas `initiative`
--
ALTER TABLE `initiative`
  ADD CONSTRAINT `FK_E115DEFE19883967` FOREIGN KEY (`method_id`) REFERENCES `method` (`id`),
  ADD CONSTRAINT `FK_E115DEFE19EB6921` FOREIGN KEY (`client_id`) REFERENCES `client` (`id`),
  ADD CONSTRAINT `FK_E115DEFEA22EA826` FOREIGN KEY (`value_lever_id`) REFERENCES `value_lever` (`id`),
  ADD CONSTRAINT `FK_E115DEFEA76ED395` FOREIGN KEY (`user_id`) REFERENCES `user` (`id`),
  ADD CONSTRAINT `FK_E115DEFEDC280AA8` FOREIGN KEY (`baseline_id`) REFERENCES `baseline` (`id`),
  ADD CONSTRAINT `FK_E115DEFEEB50F69B` FOREIGN KEY (`ambiental_impact_id`) REFERENCES `ambiental_impact` (`id`);

--
-- Restrições para tabelas `mokpi`
--
ALTER TABLE `mokpi`
  ADD CONSTRAINT `FK_9B16277F602AD315` FOREIGN KEY (`responsible_id`) REFERENCES `user` (`id`),
  ADD CONSTRAINT `FK_9B16277F66093344` FOREIGN KEY (`obj_id`) REFERENCES `strat_objective` (`id`);

--
-- Restrições para tabelas `mokpi_values`
--
ALTER TABLE `mokpi_values`
  ADD CONSTRAINT `FK_46FC3AAE17FDEDF2` FOREIGN KEY (`mokpi_id`) REFERENCES `mokpi` (`id`);

--
-- Restrições para tabelas `organizational_context`
--
ALTER TABLE `organizational_context`
  ADD CONSTRAINT `organizational_context_ibfk_1` FOREIGN KEY (`client_id`) REFERENCES `client` (`id`);

--
-- Restrições para tabelas `pdp`
--
ALTER TABLE `pdp`
  ADD CONSTRAINT `FK_FA246EDD12F7FB51` FOREIGN KEY (`sponsor_id`) REFERENCES `user` (`id`),
  ADD CONSTRAINT `FK_FA246EDD19EB6921` FOREIGN KEY (`client_id`) REFERENCES `client` (`id`),
  ADD CONSTRAINT `FK_FA246EDD1B523C99` FOREIGN KEY (`functional_unit_id`) REFERENCES `functional_unit` (`id`),
  ADD CONSTRAINT `FK_FA246EDD4CA55CCC` FOREIGN KEY (`approver_results_id`) REFERENCES `user` (`id`),
  ADD CONSTRAINT `FK_FA246EDD783E3463` FOREIGN KEY (`manager_id`) REFERENCES `user` (`id`),
  ADD CONSTRAINT `FK_FA246EDD7E3C61F9` FOREIGN KEY (`owner_id`) REFERENCES `user` (`id`),
  ADD CONSTRAINT `FK_FA246EDDAA0550D1` FOREIGN KEY (`approver_initial_id`) REFERENCES `user` (`id`);

--
-- Restrições para tabelas `pdp_file`
--
ALTER TABLE `pdp_file`
  ADD CONSTRAINT `FK_AA319AD8246DC151` FOREIGN KEY (`pdp_id`) REFERENCES `pdp` (`id`),
  ADD CONSTRAINT `FK_AA319AD87E3C61F9` FOREIGN KEY (`owner_id`) REFERENCES `user` (`id`);

--
-- Restrições para tabelas `pdp_task`
--
ALTER TABLE `pdp_task`
  ADD CONSTRAINT `FK_74D077ED246DC151` FOREIGN KEY (`pdp_id`) REFERENCES `pdp` (`id`),
  ADD CONSTRAINT `FK_74D077ED602AD315` FOREIGN KEY (`responsible_id`) REFERENCES `user` (`id`),
  ADD CONSTRAINT `FK_74D077ED9D28FB52` FOREIGN KEY (`fase_id`) REFERENCES `pdp_fase` (`id`);

--
-- Restrições para tabelas `risk_factor`
--
ALTER TABLE `risk_factor`
  ADD CONSTRAINT `fk_risk_factor_user` FOREIGN KEY (`responsible_id`) REFERENCES `user` (`id`),
  ADD CONSTRAINT `risk_factor_ibfk_1` FOREIGN KEY (`client_id`) REFERENCES `client` (`id`);

--
-- Restrições para tabelas `strategic_initiative`
--
ALTER TABLE `strategic_initiative`
  ADD CONSTRAINT `strategic_initiative_ibfk_1` FOREIGN KEY (`client_id`) REFERENCES `client` (`id`);

--
-- Restrições para tabelas `strategic_initiative_item`
--
ALTER TABLE `strategic_initiative_item`
  ADD CONSTRAINT `strategic_initiative_item_ibfk_1` FOREIGN KEY (`strategic_initiative_id`) REFERENCES `strategic_initiative` (`id`),
  ADD CONSTRAINT `strategic_initiative_item_ibfk_2` FOREIGN KEY (`owner_id`) REFERENCES `user` (`id`),
  ADD CONSTRAINT `strategic_initiative_item_ibfk_3` FOREIGN KEY (`client_id`) REFERENCES `client` (`id`);

--
-- Restrições para tabelas `strat_objective`
--
ALTER TABLE `strat_objective`
  ADD CONSTRAINT `FK_3157FDF19EB6921` FOREIGN KEY (`client_id`) REFERENCES `client` (`id`);

--
-- Restrições para tabelas `user_account`
--
ALTER TABLE `user_account`
  ADD CONSTRAINT `FK_253B48AE9B6B5FBA` FOREIGN KEY (`account_id`) REFERENCES `account` (`id`) ON DELETE CASCADE,
  ADD CONSTRAINT `FK_253B48AEA76ED395` FOREIGN KEY (`user_id`) REFERENCES `user` (`id`) ON DELETE CASCADE;

--
-- Restrições para tabelas `user_department`
--
ALTER TABLE `user_department`
  ADD CONSTRAINT `FK_6A7A2766A76ED395` FOREIGN KEY (`user_id`) REFERENCES `user` (`id`) ON DELETE CASCADE,
  ADD CONSTRAINT `FK_6A7A2766AE80F5DF` FOREIGN KEY (`department_id`) REFERENCES `department` (`id`) ON DELETE CASCADE;

--
-- Restrições para tabelas `user_pdp`
--
ALTER TABLE `user_pdp`
  ADD CONSTRAINT `FK_11320F56246DC151` FOREIGN KEY (`pdp_id`) REFERENCES `pdp` (`id`) ON DELETE CASCADE,
  ADD CONSTRAINT `FK_11320F56A76ED395` FOREIGN KEY (`user_id`) REFERENCES `user` (`id`) ON DELETE CASCADE;
COMMIT;

